-- https://www.phpmyadmin.net/
--

START TRANSACTION;



--
-- Database: `rcesdac_ad`
--

-- --------------------------------------------------------

--
-- Table structure for table `wp_actionscheduler_actions`
--

CREATE TABLE `wp_actionscheduler_actions` (
  `action_id` bigint(20) UNSIGNED NOT NULL,
  `hook` varchar(191) NOT NULL,
  `status` varchar(20) NOT NULL,
  `scheduled_date_gmt` datetime DEFAULT '0000-00-00 00:00:00',
  `scheduled_date_local` datetime DEFAULT '0000-00-00 00:00:00',
  `priority` tinyint(3) UNSIGNED NOT NULL DEFAULT 10,
  `args` varchar(191) DEFAULT NULL,
  `schedule` longtext DEFAULT NULL,
  `group_id` bigint(20) UNSIGNED NOT NULL DEFAULT 0,
  `attempts` int(11) NOT NULL DEFAULT 0,
  `last_attempt_gmt` datetime DEFAULT '0000-00-00 00:00:00',
  `last_attempt_local` datetime DEFAULT '0000-00-00 00:00:00',
  `claim_id` bigint(20) UNSIGNED NOT NULL DEFAULT 0,
  `extended_args` varchar(8000) DEFAULT NULL
) ENGINE=InnoDB DEFAULT CHARSET=utf8mb4 COLLATE=utf8mb4_unicode_520_ci;

--
-- Dumping data for table `wp_actionscheduler_actions`
--

INSERT INTO `wp_actionscheduler_actions` (`action_id`, `hook`, `status`, `scheduled_date_gmt`, `scheduled_date_local`, `priority`, `args`, `schedule`, `group_id`, `attempts`, `last_attempt_gmt`, `last_attempt_local`, `claim_id`, `extended_args`) VALUES
(7314, 'action_scheduler/migration_hook', 'failed', '2024-09-30 06:34:03', '2024-09-30 06:34:03', 10, '[]', 'O:30:\"ActionScheduler_SimpleSchedule\":2:{s:22:\"\0*\0scheduled_timestamp\";i:1727678043;s:41:\"\0ActionScheduler_SimpleSchedule\0timestamp\";i:1727678043;}', 1, 1, '2024-09-30 06:35:06', '2024-09-30 10:05:06', 0, NULL),
(7315, 'woocommerce_admin/stored_state_setup_for_products/async/run_remote_notifications', 'failed', '2024-09-30 06:53:40', '2024-09-30 06:53:40', 10, '[]', 'O:28:\"ActionScheduler_NullSchedule\":0:{}', 2, 1, '2024-09-30 06:54:11', '2024-09-30 10:24:11', 0, NULL),
(7341, 'action_scheduler/migration_hook', 'failed', '2024-10-13 11:35:39', '2024-10-13 11:35:39', 10, '[]', 'O:30:\"ActionScheduler_SimpleSchedule\":2:{s:22:\"\0*\0scheduled_timestamp\";i:1728819339;s:41:\"\0ActionScheduler_SimpleSchedule\0timestamp\";i:1728819339;}', 1, 1, '2024-10-13 11:36:39', '2024-10-13 15:06:39', 0, NULL),
(7343, 'action_scheduler/migration_hook', 'failed', '2024-10-13 12:07:20', '2024-10-13 12:07:20', 10, '[]', 'O:30:\"ActionScheduler_SimpleSchedule\":2:{s:22:\"\0*\0scheduled_timestamp\";i:1728821240;s:41:\"\0ActionScheduler_SimpleSchedule\0timestamp\";i:1728821240;}', 1, 1, '2024-10-13 12:19:54', '2024-10-13 15:49:54', 0, NULL),
(7348, 'action_scheduler/migration_hook', 'failed', '2024-10-19 10:54:52', '2024-10-19 10:54:52', 10, '[]', 'O:30:\"ActionScheduler_SimpleSchedule\":2:{s:22:\"\0*\0scheduled_timestamp\";i:1729335292;s:41:\"\0ActionScheduler_SimpleSchedule\0timestamp\";i:1729335292;}', 1, 1, '2024-10-19 10:55:29', '2024-10-19 14:25:29', 0, NULL),
(7355, 'action_scheduler/migration_hook', 'failed', '2024-10-20 16:01:11', '2024-10-20 16:01:11', 10, '[]', 'O:30:\"ActionScheduler_SimpleSchedule\":2:{s:22:\"\0*\0scheduled_timestamp\";i:1729440071;s:41:\"\0ActionScheduler_SimpleSchedule\0timestamp\";i:1729440071;}', 1, 1, '2024-10-20 16:02:12', '2024-10-20 19:32:12', 0, NULL),
(7363, 'action_scheduler/migration_hook', 'failed', '2024-10-23 21:27:30', '2024-10-23 21:27:30', 10, '[]', 'O:30:\"ActionScheduler_SimpleSchedule\":2:{s:22:\"\0*\0scheduled_timestamp\";i:1729718850;s:41:\"\0ActionScheduler_SimpleSchedule\0timestamp\";i:1729718850;}', 1, 1, '2024-10-23 21:27:40', '2024-10-24 00:57:40', 0, NULL),
(7370, 'action_scheduler/migration_hook', 'failed', '2024-10-26 15:20:50', '2024-10-26 15:20:50', 10, '[]', 'O:30:\"ActionScheduler_SimpleSchedule\":2:{s:22:\"\0*\0scheduled_timestamp\";i:1729956050;s:41:\"\0ActionScheduler_SimpleSchedule\0timestamp\";i:1729956050;}', 1, 1, '2024-10-26 15:21:26', '2024-10-26 18:51:26', 0, NULL),
(7379, 'action_scheduler/migration_hook', 'failed', '2024-11-02 14:00:54', '2024-11-02 14:00:54', 10, '[]', 'O:30:\"ActionScheduler_SimpleSchedule\":2:{s:22:\"\0*\0scheduled_timestamp\";i:1730556054;s:41:\"\0ActionScheduler_SimpleSchedule\0timestamp\";i:1730556054;}', 1, 1, '2024-11-02 14:01:06', '2024-11-02 17:31:06', 0, NULL),
(7390, 'woocommerce_cleanup_draft_orders', 'complete', '2024-11-14 09:57:46', '2024-11-14 09:57:46', 10, '[]', 'O:32:\"ActionScheduler_IntervalSchedule\":5:{s:22:\"\0*\0scheduled_timestamp\";i:1731578266;s:18:\"\0*\0first_timestamp\";i:1727677929;s:13:\"\0*\0recurrence\";i:86400;s:49:\"\0ActionScheduler_IntervalSchedule\0start_timestamp\";i:1731578266;s:53:\"\0ActionScheduler_IntervalSchedule\0interval_in_seconds\";i:86400;}', 2, 1, '2024-11-14 09:58:08', '2024-11-14 13:28:08', 0, NULL),
(7391, 'woocommerce_cleanup_draft_orders', 'complete', '2024-11-15 09:58:08', '2024-11-15 09:58:08', 10, '[]', 'O:32:\"ActionScheduler_IntervalSchedule\":5:{s:22:\"\0*\0scheduled_timestamp\";i:1731664688;s:18:\"\0*\0first_timestamp\";i:1727677929;s:13:\"\0*\0recurrence\";i:86400;s:49:\"\0ActionScheduler_IntervalSchedule\0start_timestamp\";i:1731664688;s:53:\"\0ActionScheduler_IntervalSchedule\0interval_in_seconds\";i:86400;}', 2, 1, '2024-11-15 09:58:12', '2024-11-15 13:28:12', 0, NULL),
(7392, 'woocommerce_cleanup_draft_orders', 'complete', '2024-11-16 09:58:12', '2024-11-16 09:58:12', 10, '[]', 'O:32:\"ActionScheduler_IntervalSchedule\":5:{s:22:\"\0*\0scheduled_timestamp\";i:1731751092;s:18:\"\0*\0first_timestamp\";i:1727677929;s:13:\"\0*\0recurrence\";i:86400;s:49:\"\0ActionScheduler_IntervalSchedule\0start_timestamp\";i:1731751092;s:53:\"\0ActionScheduler_IntervalSchedule\0interval_in_seconds\";i:86400;}', 2, 1, '2024-11-16 09:58:17', '2024-11-16 13:28:17', 0, NULL),
(7393, 'woocommerce_cleanup_draft_orders', 'complete', '2024-11-17 09:58:17', '2024-11-17 09:58:17', 10, '[]', 'O:32:\"ActionScheduler_IntervalSchedule\":5:{s:22:\"\0*\0scheduled_timestamp\";i:1731837497;s:18:\"\0*\0first_timestamp\";i:1727677929;s:13:\"\0*\0recurrence\";i:86400;s:49:\"\0ActionScheduler_IntervalSchedule\0start_timestamp\";i:1731837497;s:53:\"\0ActionScheduler_IntervalSchedule\0interval_in_seconds\";i:86400;}', 2, 1, '2024-11-17 09:58:43', '2024-11-17 13:28:43', 0, NULL),
(7394, 'woocommerce_cleanup_draft_orders', 'complete', '2024-11-18 09:58:43', '2024-11-18 09:58:43', 10, '[]', 'O:32:\"ActionScheduler_IntervalSchedule\":5:{s:22:\"\0*\0scheduled_timestamp\";i:1731923923;s:18:\"\0*\0first_timestamp\";i:1727677929;s:13:\"\0*\0recurrence\";i:86400;s:49:\"\0ActionScheduler_IntervalSchedule\0start_timestamp\";i:1731923923;s:53:\"\0ActionScheduler_IntervalSchedule\0interval_in_seconds\";i:86400;}', 2, 1, '2024-11-18 09:59:00', '2024-11-18 13:29:00', 0, NULL),
(7395, 'woocommerce_cleanup_draft_orders', 'complete', '2024-11-19 09:59:00', '2024-11-19 09:59:00', 10, '[]', 'O:32:\"ActionScheduler_IntervalSchedule\":5:{s:22:\"\0*\0scheduled_timestamp\";i:1732010340;s:18:\"\0*\0first_timestamp\";i:1727677929;s:13:\"\0*\0recurrence\";i:86400;s:49:\"\0ActionScheduler_IntervalSchedule\0start_timestamp\";i:1732010340;s:53:\"\0ActionScheduler_IntervalSchedule\0interval_in_seconds\";i:86400;}', 2, 1, '2024-11-19 09:59:38', '2024-11-19 13:29:38', 0, NULL),
(7396, 'woocommerce_cleanup_draft_orders', 'complete', '2024-11-20 09:59:38', '2024-11-20 09:59:38', 10, '[]', 'O:32:\"ActionScheduler_IntervalSchedule\":5:{s:22:\"\0*\0scheduled_timestamp\";i:1732096778;s:18:\"\0*\0first_timestamp\";i:1727677929;s:13:\"\0*\0recurrence\";i:86400;s:49:\"\0ActionScheduler_IntervalSchedule\0start_timestamp\";i:1732096778;s:53:\"\0ActionScheduler_IntervalSchedule\0interval_in_seconds\";i:86400;}', 2, 1, '2024-11-20 10:00:07', '2024-11-20 13:30:07', 0, NULL),
(7397, 'action_scheduler/migration_hook', 'complete', '2024-11-20 07:46:25', '2024-11-20 07:46:25', 10, '[]', 'O:30:\"ActionScheduler_SimpleSchedule\":2:{s:22:\"\0*\0scheduled_timestamp\";i:1732088785;s:41:\"\0ActionScheduler_SimpleSchedule\0timestamp\";i:1732088785;}', 1, 1, '2024-11-20 07:47:02', '2024-11-20 11:17:02', 0, NULL),
(7398, 'action_scheduler/migration_hook', 'complete', '2024-11-20 08:20:12', '2024-11-20 08:20:12', 10, '[]', 'O:30:\"ActionScheduler_SimpleSchedule\":2:{s:22:\"\0*\0scheduled_timestamp\";i:1732090812;s:41:\"\0ActionScheduler_SimpleSchedule\0timestamp\";i:1732090812;}', 1, 1, '2024-11-20 08:20:46', '2024-11-20 11:50:46', 0, NULL),
(7399, 'action_scheduler/migration_hook', 'complete', '2024-11-20 08:23:41', '2024-11-20 08:23:41', 10, '[]', 'O:30:\"ActionScheduler_SimpleSchedule\":2:{s:22:\"\0*\0scheduled_timestamp\";i:1732091021;s:41:\"\0ActionScheduler_SimpleSchedule\0timestamp\";i:1732091021;}', 1, 1, '2024-11-20 08:24:10', '2024-11-20 11:54:10', 0, NULL),
(7400, 'action_scheduler/migration_hook', 'failed', '2024-11-20 08:25:11', '2024-11-20 08:25:11', 10, '[]', 'O:30:\"ActionScheduler_SimpleSchedule\":2:{s:22:\"\0*\0scheduled_timestamp\";i:1732091111;s:41:\"\0ActionScheduler_SimpleSchedule\0timestamp\";i:1732091111;}', 1, 1, '2024-11-20 08:25:24', '2024-11-20 11:55:24', 0, NULL),
(7401, 'woocommerce_cleanup_draft_orders', 'complete', '2024-11-21 10:00:07', '2024-11-21 10:00:07', 10, '[]', 'O:32:\"ActionScheduler_IntervalSchedule\":5:{s:22:\"\0*\0scheduled_timestamp\";i:1732183207;s:18:\"\0*\0first_timestamp\";i:1727677929;s:13:\"\0*\0recurrence\";i:86400;s:49:\"\0ActionScheduler_IntervalSchedule\0start_timestamp\";i:1732183207;s:53:\"\0ActionScheduler_IntervalSchedule\0interval_in_seconds\";i:86400;}', 2, 1, '2024-11-21 10:00:11', '2024-11-21 13:30:11', 0, NULL),
(7402, 'woocommerce_cleanup_draft_orders', 'complete', '2024-11-22 10:00:11', '2024-11-22 10:00:11', 10, '[]', 'O:32:\"ActionScheduler_IntervalSchedule\":5:{s:22:\"\0*\0scheduled_timestamp\";i:1732269611;s:18:\"\0*\0first_timestamp\";i:1727677929;s:13:\"\0*\0recurrence\";i:86400;s:49:\"\0ActionScheduler_IntervalSchedule\0start_timestamp\";i:1732269611;s:53:\"\0ActionScheduler_IntervalSchedule\0interval_in_seconds\";i:86400;}', 2, 1, '2024-11-22 10:00:23', '2024-11-22 13:30:23', 0, NULL),
(7403, 'woocommerce_cleanup_draft_orders', 'complete', '2024-11-23 10:00:23', '2024-11-23 10:00:23', 10, '[]', 'O:32:\"ActionScheduler_IntervalSchedule\":5:{s:22:\"\0*\0scheduled_timestamp\";i:1732356023;s:18:\"\0*\0first_timestamp\";i:1727677929;s:13:\"\0*\0recurrence\";i:86400;s:49:\"\0ActionScheduler_IntervalSchedule\0start_timestamp\";i:1732356023;s:53:\"\0ActionScheduler_IntervalSchedule\0interval_in_seconds\";i:86400;}', 2, 1, '2024-11-23 10:01:01', '2024-11-23 13:31:01', 0, NULL),
(7404, 'woocommerce_cleanup_draft_orders', 'complete', '2024-11-24 10:01:01', '2024-11-24 10:01:01', 10, '[]', 'O:32:\"ActionScheduler_IntervalSchedule\":5:{s:22:\"\0*\0scheduled_timestamp\";i:1732442461;s:18:\"\0*\0first_timestamp\";i:1727677929;s:13:\"\0*\0recurrence\";i:86400;s:49:\"\0ActionScheduler_IntervalSchedule\0start_timestamp\";i:1732442461;s:53:\"\0ActionScheduler_IntervalSchedule\0interval_in_seconds\";i:86400;}', 2, 1, '2024-11-24 10:01:06', '2024-11-24 13:31:06', 0, NULL),
(7405, 'woocommerce_cleanup_draft_orders', 'complete', '2024-11-25 10:01:06', '2024-11-25 10:01:06', 10, '[]', 'O:32:\"ActionScheduler_IntervalSchedule\":5:{s:22:\"\0*\0scheduled_timestamp\";i:1732528866;s:18:\"\0*\0first_timestamp\";i:1727677929;s:13:\"\0*\0recurrence\";i:86400;s:49:\"\0ActionScheduler_IntervalSchedule\0start_timestamp\";i:1732528866;s:53:\"\0ActionScheduler_IntervalSchedule\0interval_in_seconds\";i:86400;}', 2, 1, '2024-11-25 10:02:36', '2024-11-25 13:32:36', 0, NULL),
(7406, 'woocommerce_cleanup_draft_orders', 'complete', '2024-11-26 10:02:36', '2024-11-26 10:02:36', 10, '[]', 'O:32:\"ActionScheduler_IntervalSchedule\":5:{s:22:\"\0*\0scheduled_timestamp\";i:1732615356;s:18:\"\0*\0first_timestamp\";i:1727677929;s:13:\"\0*\0recurrence\";i:86400;s:49:\"\0ActionScheduler_IntervalSchedule\0start_timestamp\";i:1732615356;s:53:\"\0ActionScheduler_IntervalSchedule\0interval_in_seconds\";i:86400;}', 2, 1, '2024-11-26 10:03:36', '2024-11-26 13:33:36', 0, NULL),
(7407, 'woocommerce_cleanup_draft_orders', 'complete', '2024-11-27 10:03:36', '2024-11-27 10:03:36', 10, '[]', 'O:32:\"ActionScheduler_IntervalSchedule\":5:{s:22:\"\0*\0scheduled_timestamp\";i:1732701816;s:18:\"\0*\0first_timestamp\";i:1727677929;s:13:\"\0*\0recurrence\";i:86400;s:49:\"\0ActionScheduler_IntervalSchedule\0start_timestamp\";i:1732701816;s:53:\"\0ActionScheduler_IntervalSchedule\0interval_in_seconds\";i:86400;}', 2, 1, '2024-11-27 10:05:52', '2024-11-27 13:35:52', 0, NULL),
(7408, 'woocommerce_cleanup_draft_orders', 'complete', '2024-11-28 10:05:52', '2024-11-28 10:05:52', 10, '[]', 'O:32:\"ActionScheduler_IntervalSchedule\":5:{s:22:\"\0*\0scheduled_timestamp\";i:1732788352;s:18:\"\0*\0first_timestamp\";i:1727677929;s:13:\"\0*\0recurrence\";i:86400;s:49:\"\0ActionScheduler_IntervalSchedule\0start_timestamp\";i:1732788352;s:53:\"\0ActionScheduler_IntervalSchedule\0interval_in_seconds\";i:86400;}', 2, 1, '2024-11-28 10:06:50', '2024-11-28 13:36:50', 0, NULL),
(7409, 'woocommerce_cleanup_draft_orders', 'complete', '2024-11-29 10:06:50', '2024-11-29 10:06:50', 10, '[]', 'O:32:\"ActionScheduler_IntervalSchedule\":5:{s:22:\"\0*\0scheduled_timestamp\";i:1732874810;s:18:\"\0*\0first_timestamp\";i:1727677929;s:13:\"\0*\0recurrence\";i:86400;s:49:\"\0ActionScheduler_IntervalSchedule\0start_timestamp\";i:1732874810;s:53:\"\0ActionScheduler_IntervalSchedule\0interval_in_seconds\";i:86400;}', 2, 1, '2024-11-29 10:09:01', '2024-11-29 13:39:01', 0, NULL),
(7410, 'woocommerce_cleanup_draft_orders', 'complete', '2024-11-30 10:09:01', '2024-11-30 10:09:01', 10, '[]', 'O:32:\"ActionScheduler_IntervalSchedule\":5:{s:22:\"\0*\0scheduled_timestamp\";i:1732961341;s:18:\"\0*\0first_timestamp\";i:1727677929;s:13:\"\0*\0recurrence\";i:86400;s:49:\"\0ActionScheduler_IntervalSchedule\0start_timestamp\";i:1732961341;s:53:\"\0ActionScheduler_IntervalSchedule\0interval_in_seconds\";i:86400;}', 2, 1, '2024-11-30 10:09:04', '2024-11-30 13:39:04', 0, NULL),
(7411, 'action_scheduler/migration_hook', 'complete', '2024-11-30 08:37:30', '2024-11-30 08:37:30', 10, '[]', 'O:30:\"ActionScheduler_SimpleSchedule\":2:{s:22:\"\0*\0scheduled_timestamp\";i:1732955850;s:41:\"\0ActionScheduler_SimpleSchedule\0timestamp\";i:1732955850;}', 1, 1, '2024-11-30 08:37:41', '2024-11-30 12:07:41', 0, NULL),
(7412, 'action_scheduler/migration_hook', 'failed', '2024-11-30 08:38:41', '2024-11-30 08:38:41', 10, '[]', 'O:30:\"ActionScheduler_SimpleSchedule\":2:{s:22:\"\0*\0scheduled_timestamp\";i:1732955921;s:41:\"\0ActionScheduler_SimpleSchedule\0timestamp\";i:1732955921;}', 1, 1, '2024-11-30 08:38:49', '2024-11-30 12:08:49', 0, NULL),
(7413, 'action_scheduler/migration_hook', 'complete', '2024-11-30 08:40:17', '2024-11-30 08:40:17', 10, '[]', 'O:30:\"ActionScheduler_SimpleSchedule\":2:{s:22:\"\0*\0scheduled_timestamp\";i:1732956017;s:41:\"\0ActionScheduler_SimpleSchedule\0timestamp\";i:1732956017;}', 1, 1, '2024-11-30 08:40:58', '2024-11-30 12:10:58', 0, NULL),
(7414, 'action_scheduler/migration_hook', 'failed', '2024-11-30 08:41:58', '2024-11-30 08:41:58', 10, '[]', 'O:30:\"ActionScheduler_SimpleSchedule\":2:{s:22:\"\0*\0scheduled_timestamp\";i:1732956118;s:41:\"\0ActionScheduler_SimpleSchedule\0timestamp\";i:1732956118;}', 1, 1, '2024-11-30 08:42:02', '2024-11-30 12:12:02', 0, NULL),
(7415, 'woocommerce_cleanup_draft_orders', 'complete', '2024-12-01 10:09:04', '2024-12-01 10:09:04', 10, '[]', 'O:32:\"ActionScheduler_IntervalSchedule\":5:{s:22:\"\0*\0scheduled_timestamp\";i:1733047744;s:18:\"\0*\0first_timestamp\";i:1727677929;s:13:\"\0*\0recurrence\";i:86400;s:49:\"\0ActionScheduler_IntervalSchedule\0start_timestamp\";i:1733047744;s:53:\"\0ActionScheduler_IntervalSchedule\0interval_in_seconds\";i:86400;}', 2, 1, '2024-12-01 10:11:48', '2024-12-01 13:41:48', 0, NULL),
(7416, 'woocommerce_cleanup_draft_orders', 'complete', '2024-12-02 10:11:48', '2024-12-02 10:11:48', 10, '[]', 'O:32:\"ActionScheduler_IntervalSchedule\":5:{s:22:\"\0*\0scheduled_timestamp\";i:1733134308;s:18:\"\0*\0first_timestamp\";i:1727677929;s:13:\"\0*\0recurrence\";i:86400;s:49:\"\0ActionScheduler_IntervalSchedule\0start_timestamp\";i:1733134308;s:53:\"\0ActionScheduler_IntervalSchedule\0interval_in_seconds\";i:86400;}', 2, 1, '2024-12-02 10:14:26', '2024-12-02 13:44:26', 0, NULL),
(7417, 'woocommerce_cleanup_draft_orders', 'complete', '2024-12-03 10:14:26', '2024-12-03 10:14:26', 10, '[]', 'O:32:\"ActionScheduler_IntervalSchedule\":5:{s:22:\"\0*\0scheduled_timestamp\";i:1733220866;s:18:\"\0*\0first_timestamp\";i:1727677929;s:13:\"\0*\0recurrence\";i:86400;s:49:\"\0ActionScheduler_IntervalSchedule\0start_timestamp\";i:1733220866;s:53:\"\0ActionScheduler_IntervalSchedule\0interval_in_seconds\";i:86400;}', 2, 1, '2024-12-03 10:18:11', '2024-12-03 13:48:11', 0, NULL),
(7418, 'woocommerce_cleanup_draft_orders', 'complete', '2024-12-04 10:18:11', '2024-12-04 10:18:11', 10, '[]', 'O:32:\"ActionScheduler_IntervalSchedule\":5:{s:22:\"\0*\0scheduled_timestamp\";i:1733307491;s:18:\"\0*\0first_timestamp\";i:1727677929;s:13:\"\0*\0recurrence\";i:86400;s:49:\"\0ActionScheduler_IntervalSchedule\0start_timestamp\";i:1733307491;s:53:\"\0ActionScheduler_IntervalSchedule\0interval_in_seconds\";i:86400;}', 2, 1, '2024-12-04 10:19:06', '2024-12-04 13:49:06', 0, NULL),
(7419, 'woocommerce_cleanup_draft_orders', 'complete', '2024-12-05 10:19:06', '2024-12-05 10:19:06', 10, '[]', 'O:32:\"ActionScheduler_IntervalSchedule\":5:{s:22:\"\0*\0scheduled_timestamp\";i:1733393946;s:18:\"\0*\0first_timestamp\";i:1727677929;s:13:\"\0*\0recurrence\";i:86400;s:49:\"\0ActionScheduler_IntervalSchedule\0start_timestamp\";i:1733393946;s:53:\"\0ActionScheduler_IntervalSchedule\0interval_in_seconds\";i:86400;}', 2, 1, '2024-12-05 10:20:37', '2024-12-05 13:50:37', 0, NULL),
(7420, 'woocommerce_cleanup_draft_orders', 'complete', '2024-12-06 10:20:37', '2024-12-06 10:20:37', 10, '[]', 'O:32:\"ActionScheduler_IntervalSchedule\":5:{s:22:\"\0*\0scheduled_timestamp\";i:1733480437;s:18:\"\0*\0first_timestamp\";i:1727677929;s:13:\"\0*\0recurrence\";i:86400;s:49:\"\0ActionScheduler_IntervalSchedule\0start_timestamp\";i:1733480437;s:53:\"\0ActionScheduler_IntervalSchedule\0interval_in_seconds\";i:86400;}', 2, 1, '2024-12-06 10:21:22', '2024-12-06 13:51:22', 0, NULL),
(7421, 'woocommerce_cleanup_draft_orders', 'complete', '2024-12-07 10:21:22', '2024-12-07 10:21:22', 10, '[]', 'O:32:\"ActionScheduler_IntervalSchedule\":5:{s:22:\"\0*\0scheduled_timestamp\";i:1733566882;s:18:\"\0*\0first_timestamp\";i:1727677929;s:13:\"\0*\0recurrence\";i:86400;s:49:\"\0ActionScheduler_IntervalSchedule\0start_timestamp\";i:1733566882;s:53:\"\0ActionScheduler_IntervalSchedule\0interval_in_seconds\";i:86400;}', 2, 1, '2024-12-07 10:21:55', '2024-12-07 13:51:55', 0, NULL),
(7422, 'woocommerce_cleanup_draft_orders', 'complete', '2024-12-08 10:21:55', '2024-12-08 10:21:55', 10, '[]', 'O:32:\"ActionScheduler_IntervalSchedule\":5:{s:22:\"\0*\0scheduled_timestamp\";i:1733653315;s:18:\"\0*\0first_timestamp\";i:1727677929;s:13:\"\0*\0recurrence\";i:86400;s:49:\"\0ActionScheduler_IntervalSchedule\0start_timestamp\";i:1733653315;s:53:\"\0ActionScheduler_IntervalSchedule\0interval_in_seconds\";i:86400;}', 2, 1, '2024-12-08 10:23:01', '2024-12-08 13:53:01', 0, NULL),
(7423, 'wc-admin_import_orders', 'complete', '2024-12-07 18:23:18', '2024-12-07 18:23:18', 10, '[9921]', 'O:30:\"ActionScheduler_SimpleSchedule\":2:{s:22:\"\0*\0scheduled_timestamp\";i:1733595798;s:41:\"\0ActionScheduler_SimpleSchedule\0timestamp\";i:1733595798;}', 4, 1, '2024-12-07 18:24:08', '2024-12-07 21:54:08', 0, NULL),
(7424, 'woocommerce_cleanup_draft_orders', 'complete', '2024-12-09 10:23:01', '2024-12-09 10:23:01', 10, '[]', 'O:32:\"ActionScheduler_IntervalSchedule\":5:{s:22:\"\0*\0scheduled_timestamp\";i:1733739781;s:18:\"\0*\0first_timestamp\";i:1727677929;s:13:\"\0*\0recurrence\";i:86400;s:49:\"\0ActionScheduler_IntervalSchedule\0start_timestamp\";i:1733739781;s:53:\"\0ActionScheduler_IntervalSchedule\0interval_in_seconds\";i:86400;}', 2, 1, '2024-12-09 10:23:27', '2024-12-09 13:53:27', 0, NULL),
(7425, 'woocommerce_cleanup_draft_orders', 'complete', '2024-12-10 10:23:27', '2024-12-10 10:23:27', 10, '[]', 'O:32:\"ActionScheduler_IntervalSchedule\":5:{s:22:\"\0*\0scheduled_timestamp\";i:1733826207;s:18:\"\0*\0first_timestamp\";i:1727677929;s:13:\"\0*\0recurrence\";i:86400;s:49:\"\0ActionScheduler_IntervalSchedule\0start_timestamp\";i:1733826207;s:53:\"\0ActionScheduler_IntervalSchedule\0interval_in_seconds\";i:86400;}', 2, 1, '2024-12-10 10:24:00', '2024-12-10 13:54:00', 0, NULL),
(7426, 'woocommerce_cleanup_draft_orders', 'complete', '2024-12-11 10:24:00', '2024-12-11 10:24:00', 10, '[]', 'O:32:\"ActionScheduler_IntervalSchedule\":5:{s:22:\"\0*\0scheduled_timestamp\";i:1733912640;s:18:\"\0*\0first_timestamp\";i:1727677929;s:13:\"\0*\0recurrence\";i:86400;s:49:\"\0ActionScheduler_IntervalSchedule\0start_timestamp\";i:1733912640;s:53:\"\0ActionScheduler_IntervalSchedule\0interval_in_seconds\";i:86400;}', 2, 1, '2024-12-11 10:24:23', '2024-12-11 13:54:23', 0, NULL),
(7427, 'woocommerce_cleanup_draft_orders', 'complete', '2024-12-12 10:24:23', '2024-12-12 10:24:23', 10, '[]', 'O:32:\"ActionScheduler_IntervalSchedule\":5:{s:22:\"\0*\0scheduled_timestamp\";i:1733999063;s:18:\"\0*\0first_timestamp\";i:1727677929;s:13:\"\0*\0recurrence\";i:86400;s:49:\"\0ActionScheduler_IntervalSchedule\0start_timestamp\";i:1733999063;s:53:\"\0ActionScheduler_IntervalSchedule\0interval_in_seconds\";i:86400;}', 2, 1, '2024-12-12 10:25:21', '2024-12-12 13:55:21', 0, NULL),
(7428, 'woocommerce_cleanup_draft_orders', 'complete', '2024-12-13 10:25:21', '2024-12-13 10:25:21', 10, '[]', 'O:32:\"ActionScheduler_IntervalSchedule\":5:{s:22:\"\0*\0scheduled_timestamp\";i:1734085521;s:18:\"\0*\0first_timestamp\";i:1727677929;s:13:\"\0*\0recurrence\";i:86400;s:49:\"\0ActionScheduler_IntervalSchedule\0start_timestamp\";i:1734085521;s:53:\"\0ActionScheduler_IntervalSchedule\0interval_in_seconds\";i:86400;}', 2, 1, '2024-12-13 10:28:31', '2024-12-13 13:58:31', 0, NULL),
(7429, 'woocommerce_cleanup_draft_orders', 'complete', '2024-12-14 10:28:31', '2024-12-14 10:28:31', 10, '[]', 'O:32:\"ActionScheduler_IntervalSchedule\":5:{s:22:\"\0*\0scheduled_timestamp\";i:1734172111;s:18:\"\0*\0first_timestamp\";i:1727677929;s:13:\"\0*\0recurrence\";i:86400;s:49:\"\0ActionScheduler_IntervalSchedule\0start_timestamp\";i:1734172111;s:53:\"\0ActionScheduler_IntervalSchedule\0interval_in_seconds\";i:86400;}', 2, 1, '2024-12-14 11:04:59', '2024-12-14 14:34:59', 0, NULL),
(7430, 'action_scheduler/migration_hook', 'complete', '2024-12-14 08:03:29', '2024-12-14 08:03:29', 10, '[]', 'O:30:\"ActionScheduler_SimpleSchedule\":2:{s:22:\"\0*\0scheduled_timestamp\";i:1734163409;s:41:\"\0ActionScheduler_SimpleSchedule\0timestamp\";i:1734163409;}', 1, 1, '2024-12-14 08:03:31', '2024-12-14 11:33:31', 0, NULL),
(7431, 'woocommerce_cleanup_draft_orders', 'pending', '2024-12-15 11:04:59', '2024-12-15 14:34:59', 10, '[]', 'O:32:\"ActionScheduler_IntervalSchedule\":5:{s:22:\"\0*\0scheduled_timestamp\";i:1734260699;s:18:\"\0*\0first_timestamp\";i:1727677929;s:13:\"\0*\0recurrence\";i:86400;s:49:\"\0ActionScheduler_IntervalSchedule\0start_timestamp\";i:1734260699;s:53:\"\0ActionScheduler_IntervalSchedule\0interval_in_seconds\";i:86400;}', 2, 0, '0000-00-00 00:00:00', '0000-00-00 00:00:00', 0, NULL),
(7432, 'woocommerce_run_product_attribute_lookup_regeneration_callback', 'complete', '2024-12-14 11:26:28', '2024-12-14 11:26:28', 10, '[]', 'O:30:\"ActionScheduler_SimpleSchedule\":2:{s:22:\"\0*\0scheduled_timestamp\";i:1734175588;s:41:\"\0ActionScheduler_SimpleSchedule\0timestamp\";i:1734175588;}', 3, 1, '2024-12-14 11:26:30', '2024-12-14 14:56:30', 0, NULL),
(7433, 'woocommerce_run_product_attribute_lookup_regeneration_callback', 'complete', '2024-12-14 11:57:27', '2024-12-14 11:57:27', 10, '[]', 'O:30:\"ActionScheduler_SimpleSchedule\":2:{s:22:\"\0*\0scheduled_timestamp\";i:1734177447;s:41:\"\0ActionScheduler_SimpleSchedule\0timestamp\";i:1734177447;}', 3, 1, '2024-12-14 11:57:30', '2024-12-14 15:27:30', 0, NULL);

-- --------------------------------------------------------

--
-- Table structure for table `wp_actionscheduler_claims`
--

CREATE TABLE `wp_actionscheduler_claims` (
  `claim_id` bigint(20) UNSIGNED NOT NULL,
  `date_created_gmt` datetime DEFAULT '0000-00-00 00:00:00'
) ENGINE=InnoDB DEFAULT CHARSET=utf8mb4 COLLATE=utf8mb4_unicode_520_ci;

-- --------------------------------------------------------

--
-- Table structure for table `wp_actionscheduler_groups`
--

CREATE TABLE `wp_actionscheduler_groups` (
  `group_id` bigint(20) UNSIGNED NOT NULL,
  `slug` varchar(255) NOT NULL
) ENGINE=InnoDB DEFAULT CHARSET=utf8mb4 COLLATE=utf8mb4_unicode_520_ci;

--
-- Dumping data for table `wp_actionscheduler_groups`
--

INSERT INTO `wp_actionscheduler_groups` (`group_id`, `slug`) VALUES
(1, 'action-scheduler-migration'),
(2, ''),
(3, 'woocommerce-db-updates'),
(4, 'wc-admin-data');

-- --------------------------------------------------------

--
-- Table structure for table `wp_actionscheduler_logs`
--

CREATE TABLE `wp_actionscheduler_logs` (
  `log_id` bigint(20) UNSIGNED NOT NULL,
  `action_id` bigint(20) UNSIGNED NOT NULL,
  `message` text NOT NULL,
  `log_date_gmt` datetime DEFAULT '0000-00-00 00:00:00',
  `log_date_local` datetime DEFAULT '0000-00-00 00:00:00'
) ENGINE=InnoDB DEFAULT CHARSET=utf8mb4 COLLATE=utf8mb4_unicode_520_ci;

--
-- Dumping data for table `wp_actionscheduler_logs`
--

INSERT INTO `wp_actionscheduler_logs` (`log_id`, `action_id`, `message`, `log_date_gmt`, `log_date_local`) VALUES
(8, 7314, 'عملیات ایجاد شد', '2024-09-30 06:33:03', '2024-09-30 06:33:03'),
(9, 7314, 'عملیات با WP Cron شروع شد', '2024-09-30 06:35:06', '2024-09-30 06:35:06'),
(10, 7314, 'عملکرد از طریقWP Cron انجام نشد:Scheduled action for action_scheduler/migration_hook will not be executed as no callbacks are registered.', '2024-09-30 06:35:06', '2024-09-30 06:35:06'),
(11, 7315, 'ایجاد فعالیت', '2024-09-30 06:53:40', '2024-09-30 06:53:40'),
(12, 7315, 'عملیات با WP Cron شروع شد', '2024-09-30 06:54:11', '2024-09-30 06:54:11'),
(13, 7315, 'عملکرد از طریقWP Cron انجام نشد:Scheduled action for woocommerce_admin/stored_state_setup_for_products/async/run_remote_notifications will not be executed as no callbacks are registered.', '2024-09-30 06:54:11', '2024-09-30 06:54:11'),
(89, 7341, 'عملیات ایجاد شد', '2024-10-13 11:34:39', '2024-10-13 11:34:39'),
(90, 7341, 'عملیات با WP Cron شروع شد', '2024-10-13 11:36:39', '2024-10-13 11:36:39'),
(91, 7341, 'عملکرد از طریقWP Cron انجام نشد:Scheduled action for action_scheduler/migration_hook will not be executed as no callbacks are registered.', '2024-10-13 11:36:39', '2024-10-13 11:36:39'),
(95, 7343, 'عملیات ایجاد شد', '2024-10-13 12:06:20', '2024-10-13 12:06:20'),
(96, 7343, 'عملیات با WP Cron شروع شد', '2024-10-13 12:19:54', '2024-10-13 12:19:54'),
(97, 7343, 'عملکرد از طریقWP Cron انجام نشد:Scheduled action for action_scheduler/migration_hook will not be executed as no callbacks are registered.', '2024-10-13 12:19:54', '2024-10-13 12:19:54'),
(110, 7348, 'عملیات ایجاد شد', '2024-10-19 10:53:52', '2024-10-19 10:53:52'),
(111, 7348, 'عملیات با WP Cron شروع شد', '2024-10-19 10:55:29', '2024-10-19 10:55:29'),
(112, 7348, 'عملکرد از طریقWP Cron انجام نشد:Scheduled action for action_scheduler/migration_hook will not be executed as no callbacks are registered.', '2024-10-19 10:55:29', '2024-10-19 10:55:29'),
(131, 7355, 'عملیات ایجاد شد', '2024-10-20 16:00:11', '2024-10-20 16:00:11'),
(132, 7355, 'عملیات با WP Cron شروع شد', '2024-10-20 16:02:12', '2024-10-20 16:02:12'),
(133, 7355, 'عملکرد از طریقWP Cron انجام نشد:Scheduled action for action_scheduler/migration_hook will not be executed as no callbacks are registered.', '2024-10-20 16:02:12', '2024-10-20 16:02:12'),
(155, 7363, 'عملیات ایجاد شد', '2024-10-23 21:26:30', '2024-10-23 21:26:30'),
(156, 7363, 'عملیات با Async Request شروع شد', '2024-10-23 21:27:40', '2024-10-23 21:27:40'),
(157, 7363, 'عملکرد از طریقAsync Request انجام نشد:Scheduled action for action_scheduler/migration_hook will not be executed as no callbacks are registered.', '2024-10-23 21:27:40', '2024-10-23 21:27:40'),
(176, 7370, 'عملیات ایجاد شد', '2024-10-26 15:19:50', '2024-10-26 15:19:50'),
(177, 7370, 'عملیات با WP Cron شروع شد', '2024-10-26 15:21:26', '2024-10-26 15:21:26'),
(178, 7370, 'عملکرد از طریقWP Cron انجام نشد:Scheduled action for action_scheduler/migration_hook will not be executed as no callbacks are registered.', '2024-10-26 15:21:26', '2024-10-26 15:21:26'),
(203, 7379, 'عملیات ایجاد شد', '2024-11-02 13:59:54', '2024-11-02 13:59:54'),
(204, 7379, 'عملیات با WP Cron شروع شد', '2024-11-02 14:01:06', '2024-11-02 14:01:06'),
(205, 7379, 'عملکرد از طریقWP Cron انجام نشد:Scheduled action for action_scheduler/migration_hook will not be executed as no callbacks are registered.', '2024-11-02 14:01:06', '2024-11-02 14:01:06'),
(238, 7390, 'عملیات ایجاد شد', '2024-11-13 09:57:46', '2024-11-13 09:57:46'),
(239, 7390, 'عملیات با WP Cron شروع شد', '2024-11-14 09:58:08', '2024-11-14 09:58:08'),
(240, 7390, 'عملیات با WP Cron تکمیل شد', '2024-11-14 09:58:08', '2024-11-14 09:58:08'),
(241, 7391, 'عملیات ایجاد شد', '2024-11-14 09:58:08', '2024-11-14 09:58:08'),
(242, 7391, 'عملیات با WP Cron شروع شد', '2024-11-15 09:58:12', '2024-11-15 09:58:12'),
(243, 7391, 'عملیات با WP Cron تکمیل شد', '2024-11-15 09:58:12', '2024-11-15 09:58:12'),
(244, 7392, 'عملیات ایجاد شد', '2024-11-15 09:58:12', '2024-11-15 09:58:12'),
(245, 7392, 'عملیات با WP Cron شروع شد', '2024-11-16 09:58:17', '2024-11-16 09:58:17'),
(246, 7392, 'عملیات با WP Cron تکمیل شد', '2024-11-16 09:58:17', '2024-11-16 09:58:17'),
(247, 7393, 'عملیات ایجاد شد', '2024-11-16 09:58:17', '2024-11-16 09:58:17'),
(248, 7393, 'عملیات با WP Cron شروع شد', '2024-11-17 09:58:43', '2024-11-17 09:58:43'),
(249, 7393, 'عملیات با WP Cron تکمیل شد', '2024-11-17 09:58:43', '2024-11-17 09:58:43'),
(250, 7394, 'عملیات ایجاد شد', '2024-11-17 09:58:43', '2024-11-17 09:58:43'),
(251, 7394, 'عملیات با WP Cron شروع شد', '2024-11-18 09:59:00', '2024-11-18 09:59:00'),
(252, 7394, 'عملیات با WP Cron تکمیل شد', '2024-11-18 09:59:00', '2024-11-18 09:59:00'),
(253, 7395, 'عملیات ایجاد شد', '2024-11-18 09:59:00', '2024-11-18 09:59:00'),
(254, 7395, 'عملیات با WP Cron شروع شد', '2024-11-19 09:59:38', '2024-11-19 09:59:38'),
(255, 7395, 'عملیات با WP Cron تکمیل شد', '2024-11-19 09:59:38', '2024-11-19 09:59:38'),
(256, 7396, 'عملیات ایجاد شد', '2024-11-19 09:59:38', '2024-11-19 09:59:38'),
(257, 7397, 'عملیات ایجاد شد', '2024-11-20 07:45:25', '2024-11-20 07:45:25'),
(258, 7397, 'عملیات با WP Cron شروع شد', '2024-11-20 07:47:02', '2024-11-20 07:47:02'),
(259, 7397, 'عملیات با WP Cron تکمیل شد', '2024-11-20 07:47:02', '2024-11-20 07:47:02'),
(260, 7398, 'عملیات ایجاد شد', '2024-11-20 08:19:12', '2024-11-20 08:19:12'),
(261, 7398, 'عملیات با Async Request شروع شد', '2024-11-20 08:20:46', '2024-11-20 08:20:46'),
(262, 7398, 'عملیات با Async Request تکمیل شد', '2024-11-20 08:20:46', '2024-11-20 08:20:46'),
(263, 7399, 'عملیات ایجاد شد', '2024-11-20 08:22:41', '2024-11-20 08:22:41'),
(264, 7399, 'عملیات با WP Cron شروع شد', '2024-11-20 08:24:10', '2024-11-20 08:24:10'),
(265, 7399, 'عملیات با WP Cron تکمیل شد', '2024-11-20 08:24:10', '2024-11-20 08:24:10'),
(266, 7400, 'عملیات ایجاد شد', '2024-11-20 08:24:11', '2024-11-20 08:24:11'),
(267, 7400, 'عملیات با WP Cron شروع شد', '2024-11-20 08:25:24', '2024-11-20 08:25:24'),
(268, 7400, 'عملکرد از طریقWP Cron انجام نشد:Scheduled action for action_scheduler/migration_hook will not be executed as no callbacks are registered.', '2024-11-20 08:25:24', '2024-11-20 08:25:24'),
(269, 7396, 'عملیات با WP Cron شروع شد', '2024-11-20 10:00:07', '2024-11-20 10:00:07'),
(270, 7396, 'عملیات با WP Cron تکمیل شد', '2024-11-20 10:00:07', '2024-11-20 10:00:07'),
(271, 7401, 'عملیات ایجاد شد', '2024-11-20 10:00:07', '2024-11-20 10:00:07'),
(272, 7401, 'عملیات با WP Cron شروع شد', '2024-11-21 10:00:11', '2024-11-21 10:00:11'),
(273, 7401, 'عملیات با WP Cron تکمیل شد', '2024-11-21 10:00:11', '2024-11-21 10:00:11'),
(274, 7402, 'عملیات ایجاد شد', '2024-11-21 10:00:11', '2024-11-21 10:00:11'),
(275, 7402, 'عملیات با WP Cron شروع شد', '2024-11-22 10:00:23', '2024-11-22 10:00:23'),
(276, 7402, 'عملیات با WP Cron تکمیل شد', '2024-11-22 10:00:23', '2024-11-22 10:00:23'),
(277, 7403, 'عملیات ایجاد شد', '2024-11-22 10:00:23', '2024-11-22 10:00:23'),
(278, 7403, 'عملیات با WP Cron شروع شد', '2024-11-23 10:01:01', '2024-11-23 10:01:01'),
(279, 7403, 'عملیات با WP Cron تکمیل شد', '2024-11-23 10:01:01', '2024-11-23 10:01:01'),
(280, 7404, 'عملیات ایجاد شد', '2024-11-23 10:01:01', '2024-11-23 10:01:01'),
(281, 7404, 'عملیات با WP Cron شروع شد', '2024-11-24 10:01:06', '2024-11-24 10:01:06'),
(282, 7404, 'عملیات با WP Cron تکمیل شد', '2024-11-24 10:01:06', '2024-11-24 10:01:06'),
(283, 7405, 'عملیات ایجاد شد', '2024-11-24 10:01:06', '2024-11-24 10:01:06'),
(284, 7405, 'عملیات با WP Cron شروع شد', '2024-11-25 10:02:36', '2024-11-25 10:02:36'),
(285, 7405, 'عملیات با WP Cron تکمیل شد', '2024-11-25 10:02:36', '2024-11-25 10:02:36'),
(286, 7406, 'عملیات ایجاد شد', '2024-11-25 10:02:36', '2024-11-25 10:02:36'),
(287, 7406, 'عملیات با WP Cron شروع شد', '2024-11-26 10:03:36', '2024-11-26 10:03:36'),
(288, 7406, 'عملیات با WP Cron تکمیل شد', '2024-11-26 10:03:36', '2024-11-26 10:03:36'),
(289, 7407, 'عملیات ایجاد شد', '2024-11-26 10:03:36', '2024-11-26 10:03:36'),
(290, 7407, 'عملیات با WP Cron شروع شد', '2024-11-27 10:05:51', '2024-11-27 10:05:51'),
(291, 7407, 'عملیات با WP Cron تکمیل شد', '2024-11-27 10:05:52', '2024-11-27 10:05:52'),
(292, 7408, 'عملیات ایجاد شد', '2024-11-27 10:05:52', '2024-11-27 10:05:52'),
(293, 7408, 'عملیات با WP Cron شروع شد', '2024-11-28 10:06:50', '2024-11-28 10:06:50'),
(294, 7408, 'عملیات با WP Cron تکمیل شد', '2024-11-28 10:06:50', '2024-11-28 10:06:50'),
(295, 7409, 'عملیات ایجاد شد', '2024-11-28 10:06:50', '2024-11-28 10:06:50'),
(296, 7409, 'عملیات با WP Cron شروع شد', '2024-11-29 10:09:01', '2024-11-29 10:09:01'),
(297, 7409, 'عملیات با WP Cron تکمیل شد', '2024-11-29 10:09:01', '2024-11-29 10:09:01'),
(298, 7410, 'عملیات ایجاد شد', '2024-11-29 10:09:01', '2024-11-29 10:09:01'),
(299, 7411, 'عملیات ایجاد شد', '2024-11-30 08:36:30', '2024-11-30 08:36:30'),
(300, 7411, 'عملیات با Async Request شروع شد', '2024-11-30 08:37:41', '2024-11-30 08:37:41'),
(301, 7411, 'عملیات با Async Request تکمیل شد', '2024-11-30 08:37:41', '2024-11-30 08:37:41'),
(302, 7412, 'عملیات ایجاد شد', '2024-11-30 08:37:41', '2024-11-30 08:37:41'),
(303, 7412, 'عملیات با Async Request شروع شد', '2024-11-30 08:38:49', '2024-11-30 08:38:49'),
(304, 7412, 'عملکرد از طریقAsync Request انجام نشد:Scheduled action for action_scheduler/migration_hook will not be executed as no callbacks are registered.', '2024-11-30 08:38:49', '2024-11-30 08:38:49'),
(305, 7413, 'عملیات ایجاد شد', '2024-11-30 08:39:17', '2024-11-30 08:39:17'),
(306, 7413, 'عملیات با WP Cron شروع شد', '2024-11-30 08:40:58', '2024-11-30 08:40:58'),
(307, 7413, 'عملیات با WP Cron تکمیل شد', '2024-11-30 08:40:58', '2024-11-30 08:40:58'),
(308, 7414, 'عملیات ایجاد شد', '2024-11-30 08:40:58', '2024-11-30 08:40:58'),
(309, 7414, 'عملیات با WP Cron شروع شد', '2024-11-30 08:42:02', '2024-11-30 08:42:02'),
(310, 7414, 'عملکرد از طریقWP Cron انجام نشد:Scheduled action for action_scheduler/migration_hook will not be executed as no callbacks are registered.', '2024-11-30 08:42:02', '2024-11-30 08:42:02'),
(311, 7410, 'عملیات با WP Cron شروع شد', '2024-11-30 10:09:04', '2024-11-30 10:09:04'),
(312, 7410, 'عملیات با WP Cron تکمیل شد', '2024-11-30 10:09:04', '2024-11-30 10:09:04'),
(313, 7415, 'عملیات ایجاد شد', '2024-11-30 10:09:04', '2024-11-30 10:09:04'),
(314, 7415, 'عملیات با WP Cron شروع شد', '2024-12-01 10:11:48', '2024-12-01 10:11:48'),
(315, 7415, 'عملیات با WP Cron تکمیل شد', '2024-12-01 10:11:48', '2024-12-01 10:11:48'),
(316, 7416, 'عملیات ایجاد شد', '2024-12-01 10:11:48', '2024-12-01 10:11:48'),
(317, 7416, 'عملیات با WP Cron شروع شد', '2024-12-02 10:14:26', '2024-12-02 10:14:26'),
(318, 7416, 'عملیات با WP Cron تکمیل شد', '2024-12-02 10:14:26', '2024-12-02 10:14:26'),
(319, 7417, 'عملیات ایجاد شد', '2024-12-02 10:14:26', '2024-12-02 10:14:26'),
(320, 7417, 'عملیات با WP Cron شروع شد', '2024-12-03 10:18:11', '2024-12-03 10:18:11'),
(321, 7417, 'عملیات با WP Cron تکمیل شد', '2024-12-03 10:18:11', '2024-12-03 10:18:11'),
(322, 7418, 'عملیات ایجاد شد', '2024-12-03 10:18:11', '2024-12-03 10:18:11'),
(323, 7418, 'عملیات با WP Cron شروع شد', '2024-12-04 10:19:06', '2024-12-04 10:19:06'),
(324, 7418, 'عملیات با WP Cron تکمیل شد', '2024-12-04 10:19:06', '2024-12-04 10:19:06'),
(325, 7419, 'عملیات ایجاد شد', '2024-12-04 10:19:06', '2024-12-04 10:19:06'),
(326, 7419, 'عملیات با WP Cron شروع شد', '2024-12-05 10:20:37', '2024-12-05 10:20:37'),
(327, 7419, 'عملیات با WP Cron تکمیل شد', '2024-12-05 10:20:37', '2024-12-05 10:20:37'),
(328, 7420, 'عملیات ایجاد شد', '2024-12-05 10:20:37', '2024-12-05 10:20:37'),
(329, 7420, 'عملیات با WP Cron شروع شد', '2024-12-06 10:21:21', '2024-12-06 10:21:21'),
(330, 7420, 'عملیات با WP Cron تکمیل شد', '2024-12-06 10:21:22', '2024-12-06 10:21:22'),
(331, 7421, 'عملیات ایجاد شد', '2024-12-06 10:21:22', '2024-12-06 10:21:22'),
(332, 7421, 'عملیات با WP Cron شروع شد', '2024-12-07 10:21:55', '2024-12-07 10:21:55'),
(333, 7421, 'عملیات با WP Cron تکمیل شد', '2024-12-07 10:21:55', '2024-12-07 10:21:55'),
(334, 7422, 'عملیات ایجاد شد', '2024-12-07 10:21:55', '2024-12-07 10:21:55'),
(335, 7423, 'عملیات ایجاد شد', '2024-12-07 18:23:13', '2024-12-07 18:23:13'),
(336, 7423, 'عملیات با WP Cron شروع شد', '2024-12-07 18:24:08', '2024-12-07 18:24:08'),
(337, 7423, 'عملیات با WP Cron تکمیل شد', '2024-12-07 18:24:08', '2024-12-07 18:24:08'),
(338, 7422, 'عملیات با WP Cron شروع شد', '2024-12-08 10:23:01', '2024-12-08 10:23:01'),
(339, 7422, 'عملیات با WP Cron تکمیل شد', '2024-12-08 10:23:01', '2024-12-08 10:23:01'),
(340, 7424, 'عملیات ایجاد شد', '2024-12-08 10:23:01', '2024-12-08 10:23:01'),
(341, 7424, 'عملیات با WP Cron شروع شد', '2024-12-09 10:23:27', '2024-12-09 10:23:27'),
(342, 7424, 'عملیات با WP Cron تکمیل شد', '2024-12-09 10:23:27', '2024-12-09 10:23:27'),
(343, 7425, 'عملیات ایجاد شد', '2024-12-09 10:23:27', '2024-12-09 10:23:27'),
(344, 7425, 'عملیات با Async Request شروع شد', '2024-12-10 10:24:00', '2024-12-10 10:24:00'),
(345, 7425, 'عملیات با Async Request تکمیل شد', '2024-12-10 10:24:00', '2024-12-10 10:24:00'),
(346, 7426, 'عملیات ایجاد شد', '2024-12-10 10:24:00', '2024-12-10 10:24:00'),
(347, 7426, 'عملیات با WP Cron شروع شد', '2024-12-11 10:24:23', '2024-12-11 10:24:23'),
(348, 7426, 'عملیات با WP Cron تکمیل شد', '2024-12-11 10:24:23', '2024-12-11 10:24:23'),
(349, 7427, 'عملیات ایجاد شد', '2024-12-11 10:24:23', '2024-12-11 10:24:23'),
(350, 7427, 'عملیات با WP Cron شروع شد', '2024-12-12 10:25:21', '2024-12-12 10:25:21'),
(351, 7427, 'عملیات با WP Cron تکمیل شد', '2024-12-12 10:25:21', '2024-12-12 10:25:21'),
(352, 7428, 'عملیات ایجاد شد', '2024-12-12 10:25:21', '2024-12-12 10:25:21'),
(353, 7428, 'عملیات با WP Cron شروع شد', '2024-12-13 10:28:31', '2024-12-13 10:28:31'),
(354, 7428, 'عملیات با WP Cron تکمیل شد', '2024-12-13 10:28:31', '2024-12-13 10:28:31'),
(355, 7429, 'عملیات ایجاد شد', '2024-12-13 10:28:31', '2024-12-13 10:28:31'),
(356, 7430, 'عملیات ایجاد شد', '2024-12-14 08:02:29', '2024-12-14 08:02:29'),
(357, 7430, 'عملیات با Async Request شروع شد', '2024-12-14 08:03:31', '2024-12-14 08:03:31'),
(358, 7430, 'عملیات با Async Request تکمیل شد', '2024-12-14 08:03:31', '2024-12-14 08:03:31'),
(359, 7429, 'عملیات با WP Cron شروع شد', '2024-12-14 11:04:59', '2024-12-14 14:34:59'),
(360, 7429, 'عملیات با WP Cron تکمیل شد', '2024-12-14 11:04:59', '2024-12-14 14:34:59'),
(361, 7431, 'عملیات ایجاد شد', '2024-12-14 11:04:59', '2024-12-14 14:34:59'),
(362, 7432, 'ایجاد فعالیت', '2024-12-14 11:26:27', '2024-12-14 11:26:27'),
(363, 7432, 'action started via WP Cron', '2024-12-14 11:26:30', '2024-12-14 11:26:30'),
(364, 7432, 'action complete via WP Cron', '2024-12-14 11:26:30', '2024-12-14 11:26:30'),
(365, 7433, 'ایجاد فعالیت', '2024-12-14 11:57:26', '2024-12-14 11:57:26'),
(366, 7433, 'action started via WP Cron', '2024-12-14 11:57:30', '2024-12-14 11:57:30'),
(367, 7433, 'action complete via WP Cron', '2024-12-14 11:57:30', '2024-12-14 11:57:30');

-- --------------------------------------------------------

--
-- Table structure for table `wp_addonlibrary_addons`
--

CREATE TABLE `wp_addonlibrary_addons` (
  `id` bigint(20) NOT NULL,
  `title` varchar(255) DEFAULT NULL,
  `name` varchar(128) DEFAULT NULL,
  `alias` varchar(128) DEFAULT NULL,
  `addontype` varchar(128) DEFAULT NULL,
  `description` text DEFAULT NULL,
  `ordering` int(11) NOT NULL,
  `templates` mediumtext DEFAULT NULL,
  `config` mediumtext DEFAULT NULL,
  `catid` int(11) DEFAULT NULL,
  `is_active` tinyint(4) DEFAULT NULL,
  `test_slot1` text DEFAULT NULL,
  `test_slot2` text DEFAULT NULL,
  `test_slot3` text DEFAULT NULL
) ENGINE=InnoDB DEFAULT CHARSET=utf8mb4 COLLATE=utf8mb4_unicode_520_ci;

--
-- Dumping data for table `wp_addonlibrary_addons`
--

INSERT INTO `wp_addonlibrary_addons` (`id`, `title`, `name`, `alias`, `addontype`, `description`, `ordering`, `templates`, `config`, `catid`, `is_active`, `test_slot1`, `test_slot2`, `test_slot3`) VALUES
(1, 'Post Blocks', 'post_blocks_elementor', 'post_blocks', 'elementor', 'The Post Blocks widgets offer a sleek grid layout that beautifully showcases your blog posts in a captivating card design when using Elementor. It allows for advanced filters based on post type, taxonomy, and more.', 1, '{\"html\":\"<div id=\\\"{{uc_id}}\\\" class=\\\"ue_post_blocks uc-items-wrapper{{uc_filtering_addclass}} {{uc_dynamic_popup_class}}\\\" {{uc_filtering_attributes|raw}}>\\n    {{put_items()}}\\n<\\/div>\",\"html_item\":\"<div class=\\\"ue_post_blocks_box\\\">\\n  {% if show_image == \\\"true\\\" %}\\n  <div class=\\\"ue_post_blocks_image\\\">\\n    <a href=\\\"{{item.post_lists.link}}\\\" style=\\\"display:block;\\\"><img src=\\\"{% if item.post_lists.image is empty %}{{uc_assets_url}}\\/no-image.png{% else %}{{item.post_lists.image}}{% endif %}\\\" {{item.post_lists.image_attributes|raw}}><\\/a>\\n  <\\/div>\\n  {% endif %}\\n  <div class=\\\"ue_post_blocks_content\\\">\\n      \\n     {% if show_category == \\\"true\\\" %}<div class=\\\"ue-grid-item-category\\\">{% for cat in item.post_lists.categories %}<a href=\\\"{{cat.link}}\\\">{{cat.name|raw}}<\\/a>{% if show_category_separator == \\\"true\\\" %}<span class=\\\"ue-ct-separator\\\">{{category_separator|raw}}<\\/span>{% endif %}{% endfor %}<\\/div>{% endif %}\\n\\n     {% if meta_data == \\\"before\\\" %}\\n          <div class=\\\"ue-grid-item-meta-data\\\">\\n            {% if show_date == \\\"true\\\" %}<div class=\\\"ue-grid-item-meta-data-date\\\"><span class=\\\"ue-grid-item-meta-data-icon\\\">{{date_icon_html|raw}}<\\/span> {{item.post_lists.date|ucdate(date_format)|raw}}<\\/div>{% endif %}\\n            {% if show_author == \\\"true\\\" %}<div class=\\\"ue-grid-item-meta-data-author\\\"><span class=\\\"ue-grid-item-meta-data-icon\\\">{{author_icon_html|raw}}<\\/span> {% set author = getPostAuthor(item.post_lists.author_id) %} {{author.name}}<\\/div>{% endif %}\\n        \\t{% if show_time_ago == \\\"true\\\" %}<div class=\\\"ue-grid-item-meta-data\\\"><span class=\\\"ue-grid-item-meta-data-icon\\\">{{time_ago_icon_html|raw}}<\\/span> {{text_before_time_ago|raw}} {{item.post_lists.date|ucdate(\\\"time_ago\\\")|raw}}<\\/div>{% endif %}  \\n    \\t<\\/div>\\n     {% endif %}\\n    \\n    {% if show_title == \\\"true\\\" %}<div class=\\\"ue_post_blocks_title\\\"><a href=\\\"{{item.post_lists.link}}\\\">{{item.post_lists.title|raw}}<\\/a><\\/div>{% endif %}\\n    \\n    {% if meta_data == \\\"after\\\" %}\\n          <div class=\\\"ue-grid-item-meta-data\\\">\\n            {% if show_date == \\\"true\\\" %}<div class=\\\"ue-grid-item-meta-data-date\\\"><span class=\\\"ue-grid-item-meta-data-icon\\\">{{date_icon_html|raw}}<\\/span> {{item.post_lists.date|ucdate(date_format)|raw}}<\\/div>{% endif %}\\n            {% if show_author == \\\"true\\\" %}<div class=\\\"ue-grid-item-meta-data-author\\\"><span class=\\\"ue-grid-item-meta-data-icon\\\">{{author_icon_html|raw}}<\\/span> {% set author = getPostAuthor(item.post_lists.author_id) %} {{author.name}}<\\/div>{% endif %}\\n        \\t{% if show_time_ago == \\\"true\\\" %}<div class=\\\"ue-grid-item-meta-data\\\"><span class=\\\"ue-grid-item-meta-data-icon\\\">{{time_ago_icon_html|raw}}<\\/span> {{text_before_time_ago|raw}} {{item.post_list.date|ucdate(\\\"time_ago\\\")|raw}}<\\/div>{% endif %}  \\n    \\t<\\/div>\\n     {% endif %}\\n    \\n    \\n    {% if show_text == \\\"true\\\" %}<div class=\\\"ue_post_blocks_text\\\">{{item.post_lists.intro_full|truncate(intro_number_of_characters)|raw}}<\\/div>{% endif %}\\n    {% if show_button == \\\"true\\\" %}\\n    \\t<div class=\\\"ue_post_blocks_link\\\">\\n          <a class=\\\"{{hover_effect}} {{item.post_lists.dynamic_popup_link_class}}\\\" {{item.post_lists.dynamic_popup_link_attributes|raw}}>{{button_text|raw}}<\\/a>\\n    \\t<\\/div>\\n    {% endif %}\\n  <\\/div>\\n<\\/div>\",\"css\":\"#{{uc_id}} {\\n    display:grid;\\n}\\n#{{uc_id}} .ue_post_blocks_box\\n{\\n  overflow:hidden;\\n}\\n\\n#{{uc_id}} .ue_post_blocks_image\\n{\\n  overflow:hidden;\\n}\\n#{{uc_id}} .ue_post_blocks_image img\\n{\\n  width:100%;\\n  display:block;\\n}\\n#{{uc_id}} .ue_post_blocks_link a\\n{\\n  display:{{button_style}};\\n  text-decoration:none;\\n  text-align:center;\\n}\\n\\n\\n#{{uc_id}} .ue-grid-item-meta-data\\n{\\n  display:inlin-flex;\\n  flex-wrap: wrap;\\n}\\n\\n.ue-grid-item-meta-data\\n{\\n  font-size:12px;\\n}\\n\\n#{{uc_id}} .ue-grid-item-meta-data-icon\\n{\\n  line-height:1em;\\n}\\n\\n#{{uc_id}} .ue-grid-item-meta-data-icon svg\\n{\\n  width:1em;\\n  height:1em;\\n}\\n\\n#{{uc_id}} .ue_post_blocks_box{\\n  display: flex;\\n  flex-direction: column;\\n}\\n{% if align_buttons_horizontally == \\\"true\\\" %}\\n#{{uc_id}} .ue_post_blocks_content{\\n display: flex; flex-grow: 1;\\n flex-direction: column;\\n}\\n#{{uc_id}} .ue_post_blocks_link{ margin-top: auto;\\n}\\n{% endif %}\\n\\n.ue-grid-item-category a\\n{\\n  display:inline-block;\\n  font-size:10px;\\n  text-transform:uppercase;\\n}\\n\\n{% if show_category_separator == \\\"true\\\" %}\\n#{{uc_id}} .ue-grid-item-category .ue-ct-separator:last-child{\\n  display:none;\\n}\\n{% endif %}\\n\\n{% if layout == \\\"content_overlay\\\" %}\\n#{{uc_id}} .ue_post_blocks_box\\n{\\n  position:relative;\\n}\\n\\n#{{uc_id}} .ue_post_blocks_content\\n{\\n  position:absolute;\\n  top:0;\\n  bottom:0;\\n  right:0;\\n  left:0;\\n}\\n\\n{% endif %}\"}', '{\"options\":{\"enable_items\":false,\"path_assets\":\"uc_article_grid_style_six\",\"js_as_module\":false,\"addon_icon\":\"fas fa-image\",\"dynamic_addon\":\"false\",\"description\":\"The Post Blocks widgets offer a sleek grid layout that beautifully showcases your blog posts in a captivating card design when using Elementor. It allows for advanced filters based on post type, taxonomy, and more.\",\"link_resource\":\"https:\\/\\/unlimited-elements.com\\/docs\\/post-blocks-widget\\/\",\"link_preview\":\"https:\\/\\/unlimited-elements.com\\/post-blocks-widget-for-elementor\",\"preview_size\":\"full\",\"preview_bgcol\":\"#ffffff\",\"special\":\"\",\"special_data\":\"\",\"is_free_addon\":true,\"is_new_addon\":false,\"is_trending\":false},\"params\":[{\"type\":\"uc_posts_list\",\"title\":\"Post Lists\",\"name\":\"post_lists\",\"description\":\"\",\"enable_condition\":false,\"condition_attribute\":\"\",\"condition_operator\":\"equal\",\"condition_value\":[],\"condition_attribute2\":\"\",\"condition_operator2\":\"equal\",\"condition_value2\":null,\"label_block\":false,\"tabname\":\"\",\"use_custom_fields\":false,\"use_category\":true,\"default_max_posts\":\"\",\"for_woocommerce_products\":false,\"show_image_sizes\":true,\"enable_ajax\":true,\"font_editable\":false,\"__attr_catid__\":\"cat_general_general\"},{\"type\":\"uc_dropdown\",\"title\":\"Layout\",\"name\":\"layout\",\"description\":\"\",\"enable_condition\":false,\"condition_attribute\":\"\",\"condition_operator\":\"equal\",\"condition_value\":[],\"condition_attribute2\":\"\",\"condition_operator2\":\"equal\",\"condition_value2\":null,\"label_block\":false,\"tabname\":\"\",\"options\":{\"Content Under\":\"content_under\",\"Content Overlay\":\"content_overlay\"},\"default_value\":\"content_under\",\"selector\":\"\",\"selector_value\":\"\",\"show_more_selectors\":false,\"selector2\":\"\",\"selector2_value\":\"\",\"selector3\":\"\",\"selector3_value\":\"\",\"is_responsive\":false,\"default_value_tablet\":\"\",\"default_value_mobile\":\"\",\"php_filter_name\":\"\",\"__attr_catid__\":\"cat_general_general\"},{\"type\":\"uc_number\",\"title\":\"Number of items in Row\",\"name\":\"number_of_items\",\"description\":\"\",\"enable_condition\":false,\"condition_attribute\":\"\",\"condition_operator\":\"equal\",\"condition_value\":[],\"condition_attribute2\":\"\",\"condition_operator2\":\"equal\",\"condition_value2\":null,\"label_block\":true,\"tabname\":\"\",\"default_value\":\"3\",\"unit\":\"\",\"unit_custom\":\"\",\"min_value\":\"\",\"max_value\":\"\",\"step\":\"\",\"is_responsive\":true,\"default_value_tablet\":\"2\",\"default_value_mobile\":\"1\",\"selector\":\".ue_post_blocks\",\"selector_value\":\"grid-template-columns: repeat({{VALUE}}, 1fr);\",\"show_more_selectors\":false,\"selector2\":\"\",\"selector2_value\":\"\",\"selector3\":\"\",\"selector3_value\":\"\",\"__attr_catid__\":\"cat_general_general\"},{\"type\":\"uc_slider\",\"title\":\"Grid Gap\",\"name\":\"uc_grid_gap\",\"description\":\"\",\"default_value\":\"20\",\"min\":\"0\",\"max\":\"100\",\"step\":\"1\",\"units\":\"px\",\"is_responsive\":true,\"default_value_tablet\":\"\",\"default_value_mobile\":\"\",\"selector\":\".ue_post_blocks\",\"selector_value\":\"grid-gap: {{SIZE}}{{UNIT}};\",\"__attr_catid__\":\"cat_general_general\"},{\"type\":\"uc_dropdown\",\"title\":\"Text align\",\"name\":\"text_align\",\"description\":\"\",\"enable_condition\":false,\"condition_attribute\":\"\",\"condition_operator\":\"equal\",\"condition_value\":null,\"condition_attribute2\":\"\",\"condition_operator2\":\"equal\",\"condition_value2\":null,\"label_block\":false,\"tabname\":\"\",\"options\":{\"Inherit\":\"inherit\",\"Left\":\"left\",\"Right\":\"right\",\"Center\":\"center\"},\"default_value\":\"left\",\"selector\":\".ue_post_blocks_box\",\"selector_value\":\"text-align:{{VALUE}};\",\"show_more_selectors\":false,\"selector2\":\"\",\"selector2_value\":\"\",\"selector3\":\"\",\"selector3_value\":\"\",\"is_responsive\":false,\"default_value_tablet\":\"\",\"default_value_mobile\":\"\",\"__attr_catid__\":\"cat_general_general\"},{\"type\":\"uc_padding\",\"title\":\"Content Padding\",\"name\":\"content_padding\",\"description\":\"\",\"is_responsive\":true,\"desktop_top\":\"30\",\"desktop_right\":\"30\",\"desktop_bottom\":\"30\",\"desktop_left\":\"30\",\"tablet_top\":\"\",\"tablet_right\":\"\",\"tablet_bottom\":\"\",\"tablet_left\":\"\",\"mobile_top\":\"\",\"mobile_right\":\"\",\"mobile_bottom\":\"\",\"mobile_left\":\"\",\"selector\":\".ue_post_blocks_content\",\"__attr_catid__\":\"cat_style_mvj7gy1a\"},{\"type\":\"uc_slider\",\"title\":\"Box Radius\",\"name\":\"box_radius\",\"description\":\"\",\"enable_condition\":false,\"condition_attribute\":\"\",\"condition_operator\":\"equal\",\"condition_value\":[],\"condition_attribute2\":\"\",\"condition_operator2\":\"equal\",\"condition_value2\":null,\"label_block\":false,\"tabname\":\"Normal\",\"default_value\":\"0\",\"min\":\"0\",\"max\":\"100\",\"step\":\"1\",\"units\":\"px\",\"is_responsive\":true,\"default_value_tablet\":\"\",\"default_value_mobile\":\"\",\"selector\":\".ue_post_blocks_box\",\"selector_value\":\"border-radius: {{SIZE}}{{UNIT}};\",\"show_more_selectors\":false,\"selector2\":\"\",\"selector2_value\":\"width: {{SIZE}}{{UNIT}};\",\"selector3\":\"\",\"selector3_value\":\"width: {{SIZE}}{{UNIT}};\",\"__attr_catid__\":\"cat_style_ow4jmizc\"},{\"type\":\"uc_border\",\"title\":\"Box Border\",\"name\":\"box_border\",\"description\":\"\",\"enable_condition\":false,\"condition_attribute\":\"\",\"condition_operator\":\"equal\",\"condition_value\":[],\"condition_attribute2\":\"\",\"condition_operator2\":\"equal\",\"condition_value2\":null,\"label_block\":false,\"tabname\":\"Normal\",\"border_type\":\"solid\",\"border_color\":\"#dfdfdf\",\"width_desktop_top\":\"1\",\"width_desktop_right\":\"1\",\"width_desktop_bottom\":\"1\",\"width_desktop_left\":\"1\",\"width_tablet_top\":\"\",\"width_tablet_right\":\"\",\"width_tablet_bottom\":\"\",\"width_tablet_left\":\"\",\"width_mobile_top\":\"\",\"width_mobile_right\":\"\",\"width_mobile_bottom\":\"\",\"width_mobile_left\":\"\",\"selector\":\".ue_post_blocks_box\",\"__attr_catid__\":\"cat_style_ow4jmizc\"},{\"type\":\"uc_background\",\"title\":\"Box Background\",\"name\":\"box_background\",\"description\":\"\",\"enable_condition\":false,\"condition_attribute\":\"\",\"condition_operator\":\"equal\",\"condition_value\":[],\"condition_attribute2\":\"\",\"condition_operator2\":\"equal\",\"condition_value2\":null,\"label_block\":false,\"tabname\":\"Normal\",\"background_type\":\"solid\",\"solid_color\":\"#ffffff\",\"solid_bg_image\":\"\",\"solid_bg_image_position\":\"\",\"solid_bg_image_repeat\":\"\",\"solid_bg_image_size\":\"\",\"gradient_color1\":\"\",\"gradient_color2\":\"\",\"selector\":\".ue_post_blocks_box\",\"__attr_catid__\":\"cat_style_ow4jmizc\"},{\"type\":\"uc_boxshadow\",\"title\":\"Box Shadow\",\"name\":\"box_shadow\",\"description\":\"\",\"enable_condition\":false,\"condition_attribute\":\"\",\"condition_operator\":\"equal\",\"condition_value\":[],\"condition_attribute2\":\"\",\"condition_operator2\":\"equal\",\"condition_value2\":null,\"label_block\":false,\"tabname\":\"Normal\",\"selector\":\".ue_post_blocks_box\",\"__attr_catid__\":\"cat_style_ow4jmizc\"},{\"type\":\"uc_slider\",\"title\":\"Box Radius\",\"name\":\"box_radius_hover\",\"description\":\"\",\"enable_condition\":false,\"condition_attribute\":\"\",\"condition_operator\":\"equal\",\"condition_value\":[],\"condition_attribute2\":\"\",\"condition_operator2\":\"equal\",\"condition_value2\":null,\"label_block\":false,\"tabname\":\"Hover\",\"default_value\":\"\",\"min\":\"0\",\"max\":\"100\",\"step\":\"1\",\"units\":\"px\",\"is_responsive\":true,\"default_value_tablet\":\"\",\"default_value_mobile\":\"\",\"selector\":\".ue_post_blocks_box:hover\",\"selector_value\":\"border-radius: {{SIZE}}{{UNIT}};\",\"show_more_selectors\":false,\"selector2\":\"\",\"selector2_value\":\"width: {{SIZE}}{{UNIT}};\",\"selector3\":\"\",\"selector3_value\":\"width: {{SIZE}}{{UNIT}};\",\"__attr_catid__\":\"cat_style_ow4jmizc\"},{\"type\":\"uc_border\",\"title\":\"Box Border\",\"name\":\"box_border_hover\",\"description\":\"\",\"enable_condition\":false,\"condition_attribute\":\"\",\"condition_operator\":\"equal\",\"condition_value\":[],\"condition_attribute2\":\"\",\"condition_operator2\":\"equal\",\"condition_value2\":null,\"label_block\":false,\"tabname\":\"Hover\",\"border_type\":\"none\",\"border_color\":\"\",\"width_desktop_top\":\"\",\"width_desktop_right\":\"\",\"width_desktop_bottom\":\"\",\"width_desktop_left\":\"\",\"width_tablet_top\":\"\",\"width_tablet_right\":\"\",\"width_tablet_bottom\":\"\",\"width_tablet_left\":\"\",\"width_mobile_top\":\"\",\"width_mobile_right\":\"\",\"width_mobile_bottom\":\"\",\"width_mobile_left\":\"\",\"selector\":\".ue_post_blocks_box:hover\",\"__attr_catid__\":\"cat_style_ow4jmizc\"},{\"type\":\"uc_background\",\"title\":\"Box Background\",\"name\":\"box_background_hover\",\"description\":\"\",\"enable_condition\":false,\"condition_attribute\":\"\",\"condition_operator\":\"equal\",\"condition_value\":[],\"condition_attribute2\":\"\",\"condition_operator2\":\"equal\",\"condition_value2\":null,\"label_block\":false,\"tabname\":\"Hover\",\"background_type\":\"none\",\"solid_color\":\"#ffffff\",\"solid_bg_image\":\"\",\"solid_bg_image_position\":\"\",\"solid_bg_image_repeat\":\"\",\"solid_bg_image_size\":\"\",\"gradient_color1\":\"\",\"gradient_color2\":\"\",\"selector\":\".ue_post_blocks_box:hover\",\"__attr_catid__\":\"cat_style_ow4jmizc\"},{\"type\":\"uc_typography\",\"title\":\"Button Typography\",\"name\":\"button_typography\",\"description\":\"\",\"enable_condition\":false,\"condition_attribute\":\"\",\"condition_operator\":\"equal\",\"condition_value\":null,\"label_block\":false,\"selector1\":\".ue_post_blocks_link a\",\"selector2\":\"\",\"selector3\":\"\",\"__attr_catid__\":\"cat_style_j0ivoeke\"},{\"type\":\"uc_padding\",\"title\":\"Button Padding\",\"name\":\"button_padding\",\"description\":\"\",\"enable_condition\":false,\"condition_attribute\":\"\",\"condition_operator\":\"equal\",\"condition_value\":null,\"label_block\":false,\"is_responsive\":true,\"desktop_top\":\"10\",\"desktop_right\":\"20\",\"desktop_bottom\":\"10\",\"desktop_left\":\"20\",\"tablet_top\":\"\",\"tablet_right\":\"\",\"tablet_bottom\":\"\",\"tablet_left\":\"\",\"mobile_top\":\"\",\"mobile_right\":\"\",\"mobile_bottom\":\"\",\"mobile_left\":\"\",\"selector\":\".ue_post_blocks_link a\",\"__attr_catid__\":\"cat_style_j0ivoeke\"},{\"type\":\"uc_slider\",\"title\":\"Button Radius\",\"name\":\"button_radius\",\"description\":\"\",\"default_value\":\"0\",\"min\":\"0\",\"max\":\"100\",\"step\":\"1\",\"units\":\"px\",\"is_responsive\":false,\"default_value_tablet\":\"\",\"default_value_mobile\":\"\",\"selector\":\".ue_post_blocks_link a\",\"selector_value\":\"border-radius: {{SIZE}}{{UNIT}};\",\"__attr_catid__\":\"cat_style_j0ivoeke\"},{\"type\":\"uc_colorpicker\",\"title\":\"Button Background Color\",\"name\":\"button_bg_color\",\"description\":\"\",\"enable_condition\":false,\"condition_attribute\":\"\",\"condition_operator\":\"equal\",\"condition_value\":[],\"condition_attribute2\":\"\",\"condition_operator2\":\"equal\",\"condition_value2\":null,\"label_block\":false,\"tabname\":\"Normal\",\"default_value\":\"#000000\",\"selector\":\".ue_post_blocks_link a\",\"selector_value\":\"background-color:{{VALUE}};\",\"show_more_selectors\":false,\"selector2\":\"\",\"selector2_value\":\"\",\"selector3\":\"\",\"selector3_value\":\"\",\"__attr_catid__\":\"cat_style_j0ivoeke\"},{\"type\":\"uc_colorpicker\",\"title\":\"Button Text Color\",\"name\":\"btn_txt_clr\",\"description\":\"\",\"enable_condition\":false,\"condition_attribute\":\"\",\"condition_operator\":\"equal\",\"condition_value\":[],\"condition_attribute2\":\"\",\"condition_operator2\":\"equal\",\"condition_value2\":null,\"label_block\":false,\"tabname\":\"Normal\",\"default_value\":\"#ffffff\",\"selector\":\".ue_post_blocks_link a\",\"selector_value\":\"color:{{VALUE}};\",\"show_more_selectors\":false,\"selector2\":\"\",\"selector2_value\":\"\",\"selector3\":\"\",\"selector3_value\":\"\",\"__attr_catid__\":\"cat_style_j0ivoeke\"},{\"type\":\"uc_border\",\"title\":\"Button Border\",\"name\":\"button_border\",\"description\":\"\",\"enable_condition\":false,\"condition_attribute\":\"\",\"condition_operator\":\"equal\",\"condition_value\":[],\"condition_attribute2\":\"\",\"condition_operator2\":\"equal\",\"condition_value2\":null,\"label_block\":false,\"tabname\":\"Normal\",\"border_type\":\"none\",\"border_color\":\"\",\"width_desktop_top\":\"\",\"width_desktop_right\":\"\",\"width_desktop_bottom\":\"\",\"width_desktop_left\":\"\",\"width_tablet_top\":\"\",\"width_tablet_right\":\"\",\"width_tablet_bottom\":\"\",\"width_tablet_left\":\"\",\"width_mobile_top\":\"\",\"width_mobile_right\":\"\",\"width_mobile_bottom\":\"\",\"width_mobile_left\":\"\",\"selector\":\".ue_post_blocks_link a\",\"__attr_catid__\":\"cat_style_j0ivoeke\"},{\"type\":\"uc_colorpicker\",\"title\":\"Button Background Color Hover\",\"name\":\"button_background_color_hover\",\"description\":\"\",\"enable_condition\":false,\"condition_attribute\":\"\",\"condition_operator\":\"equal\",\"condition_value\":[],\"condition_attribute2\":\"\",\"condition_operator2\":\"equal\",\"condition_value2\":null,\"label_block\":false,\"tabname\":\"Hover\",\"default_value\":\"\",\"selector\":\".ue_post_blocks_link a:hover\",\"selector_value\":\"background-color:{{VALUE}};\",\"show_more_selectors\":false,\"selector2\":\"\",\"selector2_value\":\"\",\"selector3\":\"\",\"selector3_value\":\"\",\"__attr_catid__\":\"cat_style_j0ivoeke\"},{\"type\":\"uc_colorpicker\",\"title\":\"Button Text Color Hover\",\"name\":\"btn_txt_clr_hvr\",\"description\":\"\",\"enable_condition\":false,\"condition_attribute\":\"\",\"condition_operator\":\"equal\",\"condition_value\":[],\"condition_attribute2\":\"\",\"condition_operator2\":\"equal\",\"condition_value2\":null,\"label_block\":false,\"tabname\":\"Hover\",\"default_value\":\"\",\"selector\":\".ue_post_blocks_link a:hover\",\"selector_value\":\"color:{{VALUE}};\",\"show_more_selectors\":false,\"selector2\":\"\",\"selector2_value\":\"\",\"selector3\":\"\",\"selector3_value\":\"\",\"__attr_catid__\":\"cat_style_j0ivoeke\"},{\"type\":\"uc_dropdown\",\"title\":\"Height Type\",\"name\":\"height_type\",\"description\":\"\",\"enable_condition\":false,\"condition_attribute\":\"\",\"condition_operator\":\"equal\",\"condition_value\":[],\"condition_attribute2\":\"\",\"condition_operator2\":\"equal\",\"condition_value2\":null,\"label_block\":false,\"tabname\":\"\",\"options\":{\"Auto\":\"auto\",\"Fixed\":\"fixed\",\"Ratio\":\"ratio\"},\"default_value\":\"fixed\",\"selector\":\"\",\"selector_value\":\"\",\"show_more_selectors\":false,\"selector2\":\"\",\"selector2_value\":\"\",\"selector3\":\"\",\"selector3_value\":\"\",\"is_responsive\":false,\"default_value_tablet\":\"\",\"default_value_mobile\":\"\",\"php_filter_name\":\"\",\"__attr_catid__\":\"cat_style_xj36fcmm\"},{\"type\":\"uc_slider\",\"title\":\"Image Height\",\"name\":\"image_height\",\"description\":\"\",\"enable_condition\":true,\"condition_attribute\":\"height_type\",\"condition_operator\":\"equal\",\"condition_value\":[\"fixed\"],\"condition_attribute2\":\"\",\"condition_operator2\":\"equal\",\"condition_value2\":null,\"label_block\":false,\"tabname\":\"\",\"default_value\":\"300\",\"min\":\"100\",\"max\":\"1000\",\"step\":\"1\",\"units\":\"px\",\"is_responsive\":true,\"default_value_tablet\":\"\",\"default_value_mobile\":\"\",\"selector\":\".ue_post_blocks_image img\",\"selector_value\":\"height: {{SIZE}}{{UNIT}};\",\"show_more_selectors\":false,\"selector2\":\"\",\"selector2_value\":\"width: {{SIZE}}{{UNIT}};\",\"selector3\":\"\",\"selector3_value\":\"width: {{SIZE}}{{UNIT}};\",\"__attr_catid__\":\"cat_style_xj36fcmm\"},{\"type\":\"uc_dropdown\",\"title\":\"Image Ratio\",\"name\":\"image_ratio\",\"description\":\"\",\"enable_condition\":true,\"condition_attribute\":\"height_type\",\"condition_operator\":\"equal\",\"condition_value\":[\"ratio\"],\"condition_attribute2\":\"\",\"condition_operator2\":\"equal\",\"condition_value2\":null,\"label_block\":false,\"tabname\":\"\",\"options\":{\"1 \\/ 1\":\"1 \\/ 1\",\"3 \\/ 4\":\"3 \\/ 4\",\"4 \\/ 3\":\"4 \\/ 3\",\"16 \\/ 9\":\"16 \\/ 9\",\"9 \\/ 16\":\"9 \\/ 16\",\"2 \\/ 3\":\"2 \\/ 3\",\"3 \\/ 2\":\"3 \\/ 2\"},\"default_value\":\"1 \\/ 1\",\"selector\":\".ue_post_blocks_image\",\"selector_value\":\"aspect-ratio: {{VALUE}};\",\"show_more_selectors\":true,\"selector2\":\".ue_post_blocks_image img\",\"selector2_value\":\"aspect-ratio: {{VALUE}};\",\"selector3\":\"\",\"selector3_value\":\"\",\"is_responsive\":true,\"default_value_tablet\":\"\",\"default_value_mobile\":\"\",\"php_filter_name\":\"\",\"__attr_catid__\":\"cat_style_xj36fcmm\"},{\"type\":\"uc_dropdown\",\"title\":\"Image Fit\",\"name\":\"image_fit\",\"description\":\"\",\"enable_condition\":false,\"condition_attribute\":\"\",\"condition_operator\":\"equal\",\"condition_value\":[],\"condition_attribute2\":\"\",\"condition_operator2\":\"equal\",\"condition_value2\":null,\"label_block\":false,\"tabname\":\"\",\"options\":{\"Cover\":\"cover\",\"Contain\":\"contain\"},\"default_value\":\"cover\",\"selector\":\".ue_post_blocks_image img\",\"selector_value\":\"object-fit: {{VALUE}};\",\"show_more_selectors\":false,\"selector2\":\"\",\"selector2_value\":\"\",\"selector3\":\"\",\"selector3_value\":\"\",\"is_responsive\":false,\"default_value_tablet\":\"\",\"default_value_mobile\":\"\",\"php_filter_name\":\"\",\"__attr_catid__\":\"cat_style_xj36fcmm\"},{\"type\":\"uc_dropdown\",\"title\":\"Image Position\",\"name\":\"image_position\",\"description\":\"\",\"enable_condition\":false,\"condition_attribute\":\"\",\"condition_operator\":\"equal\",\"condition_value\":[],\"condition_attribute2\":\"\",\"condition_operator2\":\"equal\",\"condition_value2\":null,\"label_block\":false,\"tabname\":\"\",\"options\":{\"left top\":\"left top\",\"left center\":\"left center\",\"left bottom\":\"left bottom\",\"right top\":\"right top\",\"right center\":\"right center\",\"right bottom\":\"right bottom\",\"center top\":\"center top\",\"center center\":\"center center\",\"center bottom\":\"center bottom\"},\"default_value\":\"center center\",\"selector\":\".ue_post_blocks_image img\",\"selector_value\":\"object-position:{{VALUE}};\",\"show_more_selectors\":false,\"selector2\":\"\",\"selector2_value\":\"\",\"selector3\":\"\",\"selector3_value\":\"\",\"is_responsive\":false,\"default_value_tablet\":\"\",\"default_value_mobile\":\"\",\"php_filter_name\":\"\",\"__attr_catid__\":\"cat_style_xj36fcmm\"},{\"type\":\"uc_typography\",\"title\":\"Title Typography\",\"name\":\"title_typography\",\"description\":\"\",\"enable_condition\":false,\"condition_attribute\":\"\",\"condition_operator\":\"equal\",\"condition_value\":[],\"condition_attribute2\":\"\",\"condition_operator2\":\"equal\",\"condition_value2\":null,\"label_block\":false,\"tabname\":\"\",\"selector1\":\".ue_post_blocks_title\",\"selector2\":\".ue_post_blocks_title a\",\"selector3\":\"\",\"__attr_catid__\":\"cat_style_uncqcegs\"},{\"type\":\"uc_slider\",\"title\":\"Title Spacing\",\"name\":\"title_spacing\",\"description\":\"\",\"default_value\":\"0\",\"min\":\"0\",\"max\":\"100\",\"step\":\"1\",\"units\":\"px\",\"is_responsive\":false,\"default_value_tablet\":\"\",\"default_value_mobile\":\"\",\"selector\":\".ue_post_blocks_title\",\"selector_value\":\"margin-top: {{SIZE}}{{UNIT}};\",\"__attr_catid__\":\"cat_style_uncqcegs\"},{\"type\":\"uc_colorpicker\",\"title\":\"Title Color\",\"name\":\"title_color\",\"description\":\"\",\"enable_condition\":false,\"condition_attribute\":\"\",\"condition_operator\":\"equal\",\"condition_value\":[],\"condition_attribute2\":\"\",\"condition_operator2\":\"equal\",\"condition_value2\":null,\"label_block\":false,\"tabname\":\"Normal\",\"default_value\":\"#000000\",\"selector\":\".ue_post_blocks_title a\",\"selector_value\":\"color:{{VALUE}};\",\"show_more_selectors\":false,\"selector2\":\"\",\"selector2_value\":\"\",\"selector3\":\"\",\"selector3_value\":\"\",\"__attr_catid__\":\"cat_style_uncqcegs\"},{\"type\":\"uc_colorpicker\",\"title\":\"Title Color\",\"name\":\"title_color_hover\",\"description\":\"\",\"enable_condition\":false,\"condition_attribute\":\"\",\"condition_operator\":\"equal\",\"condition_value\":[],\"condition_attribute2\":\"\",\"condition_operator2\":\"equal\",\"condition_value2\":null,\"label_block\":false,\"tabname\":\"Hover\",\"default_value\":\"\",\"selector\":\".ue_post_blocks_box:hover .ue_post_blocks_title a\",\"selector_value\":\"color:{{VALUE}};\",\"show_more_selectors\":false,\"selector2\":\"\",\"selector2_value\":\"\",\"selector3\":\"\",\"selector3_value\":\"\",\"__attr_catid__\":\"cat_style_uncqcegs\"},{\"type\":\"uc_textshadow\",\"title\":\"Text Shadow\",\"name\":\"title_text_shadow\",\"description\":\"\",\"enable_condition\":false,\"condition_attribute\":\"\",\"condition_operator\":\"equal\",\"condition_value\":[],\"condition_attribute2\":\"\",\"condition_operator2\":\"equal\",\"condition_value2\":null,\"label_block\":false,\"tabname\":\"\",\"selector\":\".ue_post_blocks_title\",\"__attr_catid__\":\"cat_style_uncqcegs\"},{\"type\":\"uc_typography\",\"title\":\"Text Typography\",\"name\":\"text_typography\",\"description\":\"\",\"selector1\":\".ue_post_blocks_text\",\"selector2\":\"\",\"selector3\":\"\",\"__attr_catid__\":\"cat_style_8lqhuaip\"},{\"type\":\"uc_slider\",\"title\":\"Text Spacing\",\"name\":\"text_spacing\",\"description\":\"\",\"default_value\":\"10\",\"min\":\"0\",\"max\":\"100\",\"step\":\"1\",\"units\":\"px\",\"is_responsive\":false,\"default_value_tablet\":\"\",\"default_value_mobile\":\"\",\"selector\":\".ue_post_blocks_text\",\"selector_value\":\"margin-top: {{SIZE}}{{UNIT}};\",\"__attr_catid__\":\"cat_style_8lqhuaip\"},{\"type\":\"uc_textshadow\",\"title\":\"Text Shadow\",\"name\":\"desc_text_shadow\",\"description\":\"\",\"enable_condition\":false,\"condition_attribute\":\"\",\"condition_operator\":\"equal\",\"condition_value\":[],\"condition_attribute2\":\"\",\"condition_operator2\":\"equal\",\"condition_value2\":null,\"label_block\":false,\"tabname\":\"\",\"selector\":\".ue_post_blocks_text\",\"__attr_catid__\":\"cat_style_8lqhuaip\"},{\"type\":\"uc_colorpicker\",\"title\":\"Text Color\",\"name\":\"text_color\",\"description\":\"\",\"enable_condition\":false,\"condition_attribute\":\"\",\"condition_operator\":\"equal\",\"condition_value\":[],\"condition_attribute2\":\"\",\"condition_operator2\":\"equal\",\"condition_value2\":null,\"label_block\":false,\"tabname\":\"Normal\",\"default_value\":\"#969696\",\"selector\":\".ue_post_blocks_text\",\"selector_value\":\"color:{{VALUE}};\",\"show_more_selectors\":false,\"selector2\":\"\",\"selector2_value\":\"\",\"selector3\":\"\",\"selector3_value\":\"\",\"__attr_catid__\":\"cat_style_8lqhuaip\"},{\"type\":\"uc_colorpicker\",\"title\":\"Text Color\",\"name\":\"text_color_hover\",\"description\":\"\",\"enable_condition\":false,\"condition_attribute\":\"\",\"condition_operator\":\"equal\",\"condition_value\":[],\"condition_attribute2\":\"\",\"condition_operator2\":\"equal\",\"condition_value2\":null,\"label_block\":false,\"tabname\":\"Hover\",\"default_value\":\"#969696\",\"selector\":\".ue_post_blocks_box:hover .ue_post_blocks_text\",\"selector_value\":\"color:{{VALUE}};\",\"show_more_selectors\":false,\"selector2\":\"\",\"selector2_value\":\"\",\"selector3\":\"\",\"selector3_value\":\"\",\"__attr_catid__\":\"cat_style_8lqhuaip\"},{\"type\":\"uc_border\",\"title\":\"Button Border Hover\",\"name\":\"button_border_hover\",\"description\":\"\",\"enable_condition\":false,\"condition_attribute\":\"\",\"condition_operator\":\"equal\",\"condition_value\":[],\"condition_attribute2\":\"\",\"condition_operator2\":\"equal\",\"condition_value2\":null,\"label_block\":false,\"tabname\":\"Hover\",\"border_type\":\"none\",\"border_color\":\"\",\"width_desktop_top\":\"\",\"width_desktop_right\":\"\",\"width_desktop_bottom\":\"\",\"width_desktop_left\":\"\",\"width_tablet_top\":\"\",\"width_tablet_right\":\"\",\"width_tablet_bottom\":\"\",\"width_tablet_left\":\"\",\"width_mobile_top\":\"\",\"width_mobile_right\":\"\",\"width_mobile_bottom\":\"\",\"width_mobile_left\":\"\",\"selector\":\".ue_post_blocks_link a:hover\",\"__attr_catid__\":\"cat_style_j0ivoeke\"},{\"type\":\"uc_hover_animations\",\"title\":\"Hover Effect\",\"name\":\"hover_effect\",\"description\":\"\",\"enable_condition\":false,\"condition_attribute\":\"\",\"condition_operator\":\"equal\",\"condition_value\":[],\"condition_attribute2\":\"\",\"condition_operator2\":\"equal\",\"condition_value2\":null,\"label_block\":false,\"tabname\":\"Hover\",\"default_value\":\"\",\"__attr_catid__\":\"cat_style_j0ivoeke\"},{\"type\":\"uc_slider\",\"title\":\"Button Spacing\",\"name\":\"button_spacing\",\"description\":\"\",\"default_value\":\"20\",\"min\":\"0\",\"max\":\"100\",\"step\":\"1\",\"units\":\"px\",\"is_responsive\":true,\"default_value_tablet\":\"\",\"default_value_mobile\":\"\",\"selector\":\".ue_post_blocks_link a\",\"selector_value\":\"margin-top: {{SIZE}}{{UNIT}};\",\"__attr_catid__\":\"cat_style_j0ivoeke\"},{\"type\":\"uc_dropdown\",\"title\":\"Button Style\",\"name\":\"button_style\",\"description\":\"\",\"options\":{\"Inline\":\"inline-block\",\"Full Width\":\"block\"},\"default_value\":\"inline-block\",\"__attr_catid__\":\"cat_style_j0ivoeke\",\"value\":\"inline-block\"},{\"type\":\"uc_textfield\",\"title\":\"Button Text\",\"name\":\"button_text\",\"description\":\"\",\"default_value\":\"Read More\",\"font_editable\":false,\"__attr_catid__\":\"cat_general_general\"},{\"type\":\"uc_radioboolean\",\"title\":\"Show Image\",\"name\":\"show_image\",\"description\":\"\",\"default_value\":\"true\",\"true_name\":\"Yes\",\"true_value\":\"true\",\"false_name\":\"No\",\"false_value\":\"false\",\"__attr_catid__\":\"cat_content_2i4zs6il\"},{\"type\":\"uc_radioboolean\",\"title\":\"Show Category\",\"name\":\"show_category\",\"description\":\"\",\"enable_condition\":\"false\",\"condition_attribute\":\"\",\"condition_operator\":\"equal\",\"condition_value\":\"\",\"label_block\":\"false\",\"default_value\":\"false\",\"true_name\":\"Yes\",\"true_value\":\"true\",\"false_name\":\"No\",\"false_value\":\"false\",\"__attr_catid__\":\"cat_content_2i4zs6il\"},{\"type\":\"uc_radioboolean\",\"title\":\"Show Category Separator\",\"name\":\"show_category_separator\",\"description\":\"\",\"enable_condition\":false,\"condition_attribute\":\"\",\"condition_operator\":\"equal\",\"condition_value\":[],\"condition_attribute2\":\"\",\"condition_operator2\":\"equal\",\"condition_value2\":null,\"label_block\":false,\"tabname\":\"\",\"default_value\":\"false\",\"true_name\":\"Yes\",\"true_value\":\"true\",\"false_name\":\"No\",\"false_value\":\"false\",\"is_responsive\":false,\"default_value_tablet\":\"\",\"default_value_mobile\":\"\",\"__attr_catid__\":\"cat_content_2i4zs6il\"},{\"type\":\"uc_textfield\",\"title\":\"Category Separator\",\"name\":\"category_separator\",\"description\":\"\",\"enable_condition\":true,\"condition_attribute\":\"show_category_separator\",\"condition_operator\":\"equal\",\"condition_value\":[\"true\"],\"condition_attribute2\":\"\",\"condition_operator2\":\"equal\",\"condition_value2\":null,\"label_block\":false,\"tabname\":\"\",\"default_value\":\",\",\"font_editable\":false,\"placeholder\":\"\",\"disable_dynamic\":false,\"__attr_catid__\":\"cat_content_2i4zs6il\"},{\"type\":\"uc_radioboolean\",\"title\":\"Show Title\",\"name\":\"show_title\",\"description\":\"\",\"default_value\":\"true\",\"true_name\":\"Yes\",\"true_value\":\"true\",\"false_name\":\"No\",\"false_value\":\"false\",\"__attr_catid__\":\"cat_content_2i4zs6il\"},{\"type\":\"uc_radioboolean\",\"title\":\"Show Text\",\"name\":\"show_text\",\"description\":\"\",\"default_value\":\"true\",\"true_name\":\"Yes\",\"true_value\":\"true\",\"false_name\":\"No\",\"false_value\":\"false\",\"__attr_catid__\":\"cat_content_2i4zs6il\"},{\"type\":\"uc_number\",\"title\":\"Intro Number of Characters\",\"name\":\"intro_number_of_characters\",\"description\":\"\",\"default_value\":\"100\",\"unit\":\"\",\"unit_custom\":\"\",\"min_value\":\"0\",\"max_value\":\"1000\",\"step\":\"\",\"is_responsive\":\"false\",\"default_value_tablet\":\"\",\"default_value_mobile\":\"\",\"selector\":\"\",\"selector_value\":\"\",\"__attr_catid__\":\"cat_general_general\"},{\"type\":\"uc_radioboolean\",\"title\":\"Show Button\",\"name\":\"show_button\",\"description\":\"\",\"default_value\":\"true\",\"true_name\":\"Yes\",\"true_value\":\"true\",\"false_name\":\"No\",\"false_value\":\"false\",\"__attr_catid__\":\"cat_content_2i4zs6il\"},{\"type\":\"uc_special\",\"title\":\"Button Type\",\"name\":\"button_type\",\"description\":\"\",\"enable_condition\":true,\"condition_attribute\":\"show_button\",\"condition_operator\":\"equal\",\"condition_value\":[\"true\"],\"condition_attribute2\":\"\",\"condition_operator2\":\"equal\",\"condition_value2\":null,\"label_block\":false,\"tabname\":\"\",\"attribute_type\":\"dynamic_popup\",\"entrance_animation_item_class\":\"\",\"schema_title_name\":\"\",\"schema_content_name\":\"\",\"image_size_param_name\":\"\",\"dynamic_popup_suffix\":\"\",\"__attr_catid__\":\"cat_content_2i4zs6il\"},{\"type\":\"uc_dropdown\",\"title\":\"Meta Data\",\"name\":\"meta_data\",\"description\":\"\",\"enable_condition\":false,\"condition_attribute\":\"\",\"condition_operator\":\"equal\",\"condition_value\":null,\"condition_attribute2\":\"\",\"condition_operator2\":\"equal\",\"condition_value2\":null,\"label_block\":false,\"tabname\":\"\",\"options\":{\"Hide\":\"hide\",\"After Title\":\"after\",\"Before Title\":\"before\"},\"default_value\":\"hide\",\"selector\":\"\",\"selector_value\":\"\",\"show_more_selectors\":false,\"selector2\":\"\",\"selector2_value\":\"\",\"selector3\":\"\",\"selector3_value\":\"\",\"is_responsive\":false,\"default_value_tablet\":\"\",\"default_value_mobile\":\"\",\"__attr_catid__\":\"cat_content_2i4zs6il\"},{\"type\":\"uc_radioboolean\",\"title\":\"Show Date (Meta Data)\",\"name\":\"show_date\",\"description\":\"\",\"enable_condition\":true,\"condition_attribute\":\"meta_data\",\"condition_operator\":\"not_equal\",\"condition_value\":\"hide\",\"condition_attribute2\":\"\",\"condition_operator2\":\"equal\",\"condition_value2\":null,\"label_block\":false,\"tabname\":\"\",\"default_value\":\"false\",\"true_name\":\"Yes\",\"true_value\":\"true\",\"false_name\":\"No\",\"false_value\":\"false\",\"__attr_catid__\":\"cat_content_2i4zs6il\"},{\"type\":\"uc_textfield\",\"title\":\"Date Format\",\"name\":\"date_format\",\"description\":\"Leave empty for WordPress default. Format example: d F Y\",\"enable_condition\":true,\"condition_attribute\":\"show_date\",\"condition_operator\":\"equal\",\"condition_value\":[\"true\"],\"condition_attribute2\":\"\",\"condition_operator2\":\"equal\",\"condition_value2\":null,\"label_block\":false,\"tabname\":\"\",\"default_value\":\"\",\"font_editable\":false,\"placeholder\":\"\",\"disable_dynamic\":false,\"__attr_catid__\":\"cat_content_2i4zs6il\"},{\"type\":\"uc_icon_library\",\"title\":\"Date Icon\",\"name\":\"date_icon\",\"description\":\"\",\"enable_condition\":true,\"condition_attribute\":\"show_date\",\"condition_operator\":\"equal\",\"condition_value\":\"true\",\"condition_attribute2\":\"\",\"condition_operator2\":\"equal\",\"condition_value2\":null,\"label_block\":false,\"tabname\":\"\",\"default_value\":\"fas fa-calendar-week\",\"enable_svg\":true,\"put_svg_as\":\"svg\",\"__attr_catid__\":\"cat_content_2i4zs6il\"},{\"type\":\"uc_hr\",\"title\":\"HL Before Time Ago\",\"name\":\"hl_before_time_ago\",\"description\":\"\",\"enable_condition\":false,\"condition_attribute\":\"\",\"condition_operator\":\"equal\",\"condition_value\":[],\"condition_attribute2\":\"\",\"condition_operator2\":\"equal\",\"condition_value2\":null,\"label_block\":false,\"tabname\":\"\",\"__attr_catid__\":\"cat_content_2i4zs6il\"},{\"type\":\"uc_radioboolean\",\"title\":\"Show Time Ago\",\"name\":\"show_time_ago\",\"description\":\"\",\"enable_condition\":false,\"condition_attribute\":\"\",\"condition_operator\":\"equal\",\"condition_value\":[],\"condition_attribute2\":\"\",\"condition_operator2\":\"equal\",\"condition_value2\":null,\"label_block\":false,\"tabname\":\"\",\"default_value\":\"false\",\"true_name\":\"Yes\",\"true_value\":\"true\",\"false_name\":\"No\",\"false_value\":\"false\",\"is_responsive\":false,\"default_value_tablet\":\"\",\"default_value_mobile\":\"\",\"__attr_catid__\":\"cat_content_2i4zs6il\"},{\"type\":\"uc_textfield\",\"title\":\"Text Before Time Ago\",\"name\":\"text_before_time_ago\",\"description\":\"\",\"enable_condition\":true,\"condition_attribute\":\"show_time_ago\",\"condition_operator\":\"equal\",\"condition_value\":[\"true\"],\"condition_attribute2\":\"\",\"condition_operator2\":\"equal\",\"condition_value2\":null,\"label_block\":false,\"tabname\":\"\",\"default_value\":\"\",\"font_editable\":false,\"placeholder\":\"\",\"disable_dynamic\":false,\"__attr_catid__\":\"cat_content_2i4zs6il\"},{\"type\":\"uc_icon_library\",\"title\":\"Time Ago Icon\",\"name\":\"time_ago_icon\",\"description\":\"\",\"enable_condition\":true,\"condition_attribute\":\"show_time_ago\",\"condition_operator\":\"equal\",\"condition_value\":[\"true\"],\"condition_attribute2\":\"\",\"condition_operator2\":\"equal\",\"condition_value2\":null,\"label_block\":false,\"tabname\":\"\",\"default_value\":\"far fa-clock\",\"enable_svg\":true,\"put_svg_as\":\"svg\",\"__attr_catid__\":\"cat_content_2i4zs6il\"},{\"type\":\"uc_hr\",\"title\":\"HL After Time Ago\",\"name\":\"hl_after_time_ago_copy\",\"description\":\"\",\"enable_condition\":false,\"condition_attribute\":\"\",\"condition_operator\":\"equal\",\"condition_value\":[],\"condition_attribute2\":\"\",\"condition_operator2\":\"equal\",\"condition_value2\":null,\"label_block\":false,\"tabname\":\"\",\"__attr_catid__\":\"cat_content_2i4zs6il\"},{\"type\":\"uc_radioboolean\",\"title\":\"Show Author (Meta Data)\",\"name\":\"show_author\",\"description\":\"\",\"enable_condition\":true,\"condition_attribute\":\"meta_data\",\"condition_operator\":\"not_equal\",\"condition_value\":\"hide\",\"condition_attribute2\":\"\",\"condition_operator2\":\"equal\",\"condition_value2\":null,\"label_block\":false,\"tabname\":\"\",\"default_value\":\"false\",\"true_name\":\"Yes\",\"true_value\":\"true\",\"false_name\":\"No\",\"false_value\":\"false\",\"__attr_catid__\":\"cat_content_2i4zs6il\"},{\"type\":\"uc_icon_library\",\"title\":\"Author Icon\",\"name\":\"author_icon\",\"description\":\"\",\"enable_condition\":true,\"condition_attribute\":\"show_author\",\"condition_operator\":\"equal\",\"condition_value\":\"true\",\"condition_attribute2\":\"\",\"condition_operator2\":\"equal\",\"condition_value2\":null,\"label_block\":false,\"tabname\":\"\",\"default_value\":\"fas fa-user\",\"enable_svg\":true,\"put_svg_as\":\"svg\",\"__attr_catid__\":\"cat_content_2i4zs6il\"},{\"type\":\"uc_colorpicker\",\"title\":\"Meta Data Color\",\"name\":\"meta_data_color\",\"description\":\"\",\"enable_condition\":false,\"condition_attribute\":\"\",\"condition_operator\":\"equal\",\"condition_value\":null,\"label_block\":false,\"default_value\":\"#707070\",\"selector\":\".ue-grid-item-meta-data\",\"selector_value\":\"color:{{VALUE}};\",\"show_more_selectors\":true,\"selector2\":\".ue-grid-item-meta-data svg\",\"selector2_value\":\"fill:{{VALUE}};\",\"selector3\":\"\",\"selector3_value\":\"\",\"__attr_catid__\":\"cat_style_tyqk4wlz\"},{\"type\":\"uc_typography\",\"title\":\"Meta Data Typography\",\"name\":\"meta_data_typography\",\"description\":\"\",\"enable_condition\":false,\"condition_attribute\":\"\",\"condition_operator\":\"equal\",\"condition_value\":null,\"label_block\":false,\"selector1\":\".ue-grid-item-meta-data\",\"selector2\":\"\",\"selector3\":\"\",\"__attr_catid__\":\"cat_style_tyqk4wlz\"},{\"type\":\"uc_slider\",\"title\":\"Meta Data Spacing\",\"name\":\"meta_data_spacing\",\"description\":\"Margin Top\",\"enable_condition\":false,\"condition_attribute\":\"\",\"condition_operator\":\"equal\",\"condition_value\":null,\"label_block\":false,\"default_value\":\"10\",\"min\":\"0\",\"max\":\"100\",\"step\":\"1\",\"units\":\"px\",\"is_responsive\":true,\"default_value_tablet\":\"\",\"default_value_mobile\":\"\",\"selector\":\".ue-grid-item-meta-data\",\"selector_value\":\"margin-top: {{SIZE}}{{UNIT}};\",\"show_more_selectors\":false,\"selector2\":\"\",\"selector2_value\":\"width: {{SIZE}}{{UNIT}};\",\"selector3\":\"\",\"selector3_value\":\"width: {{SIZE}}{{UNIT}};\",\"__attr_catid__\":\"cat_style_tyqk4wlz\"},{\"type\":\"uc_slider\",\"title\":\"Meta Data Gap\",\"name\":\"meta_data_gap\",\"description\":\"Gap between items in meta data \",\"enable_condition\":false,\"condition_attribute\":\"\",\"condition_operator\":\"equal\",\"condition_value\":null,\"label_block\":false,\"default_value\":\"10\",\"min\":\"0\",\"max\":\"100\",\"step\":\"1\",\"units\":\"px\",\"is_responsive\":true,\"default_value_tablet\":\"\",\"default_value_mobile\":\"\",\"selector\":\".ue-grid-item-meta-data\",\"selector_value\":\"gap: {{SIZE}}{{UNIT}};\",\"show_more_selectors\":false,\"selector2\":\"\",\"selector2_value\":\"width: {{SIZE}}{{UNIT}};\",\"selector3\":\"\",\"selector3_value\":\"width: {{SIZE}}{{UNIT}};\",\"__attr_catid__\":\"cat_style_tyqk4wlz\"},{\"type\":\"uc_colorpicker\",\"title\":\"Category Background Color\",\"name\":\"category_background_color\",\"description\":\"\",\"enable_condition\":false,\"condition_attribute\":null,\"condition_operator\":\"equal\",\"condition_value\":null,\"default_value\":\"#00bcff\",\"selector\":\".ue-grid-item-category a\",\"selector_value\":\"background-color:{{VALUE}};\",\"show_more_selectors\":false,\"selector2\":\"\",\"selector2_value\":\"\",\"selector3\":\"\",\"selector3_value\":\"\",\"__attr_catid__\":\"cat_style_2za72df9\"},{\"type\":\"uc_colorpicker\",\"title\":\"Category Color\",\"name\":\"category_color\",\"description\":\"\",\"enable_condition\":false,\"condition_attribute\":null,\"condition_operator\":\"equal\",\"condition_value\":null,\"default_value\":\"#ffffff\",\"selector\":\".ue-grid-item-category a\",\"selector_value\":\"color:{{VALUE}};\",\"show_more_selectors\":false,\"selector2\":\"\",\"selector2_value\":\"\",\"selector3\":\"\",\"selector3_value\":\"\",\"__attr_catid__\":\"cat_style_2za72df9\"},{\"type\":\"uc_typography\",\"title\":\"Category Typography\",\"name\":\"category_typography\",\"description\":\"\",\"enable_condition\":false,\"condition_attribute\":null,\"condition_operator\":\"equal\",\"condition_value\":null,\"selector1\":\".ue-grid-item-category a\",\"selector2\":\"\",\"selector3\":\"\",\"__attr_catid__\":\"cat_style_2za72df9\"},{\"type\":\"uc_padding\",\"title\":\"Category Padding\",\"name\":\"category_padding\",\"description\":\"\",\"enable_condition\":false,\"condition_attribute\":null,\"condition_operator\":\"equal\",\"condition_value\":null,\"is_responsive\":true,\"desktop_top\":\"2\",\"desktop_right\":\"10\",\"desktop_bottom\":\"2\",\"desktop_left\":\"10\",\"tablet_top\":\"\",\"tablet_right\":\"\",\"tablet_bottom\":\"\",\"tablet_left\":\"\",\"mobile_top\":\"\",\"mobile_right\":\"\",\"mobile_bottom\":\"\",\"mobile_left\":\"\",\"selector\":\".ue-grid-item-category a\",\"__attr_catid__\":\"cat_style_2za72df9\"},{\"type\":\"uc_border_dimentions\",\"title\":\"Category Radius\",\"name\":\"category_radius\",\"description\":\"\",\"enable_condition\":false,\"condition_attribute\":null,\"condition_operator\":\"equal\",\"condition_value\":null,\"is_responsive\":true,\"desktop_top\":\"5\",\"desktop_right\":\"5\",\"desktop_bottom\":\"5\",\"desktop_left\":\"5\",\"tablet_top\":\"\",\"tablet_right\":\"\",\"tablet_bottom\":\"\",\"tablet_left\":\"\",\"mobile_top\":\"\",\"mobile_right\":\"\",\"mobile_bottom\":\"\",\"mobile_left\":\"\",\"selector\":\".ue-grid-item-category a\",\"__attr_catid__\":\"cat_style_2za72df9\"},{\"type\":\"uc_special\",\"title\":\"Sequence Entrence Animation\",\"name\":\"sequence_entrence_animation\",\"description\":\"\",\"enable_condition\":false,\"condition_attribute\":\"\",\"condition_operator\":\"equal\",\"condition_value\":[],\"condition_attribute2\":\"\",\"condition_operator2\":\"equal\",\"condition_value2\":null,\"label_block\":false,\"tabname\":\"\",\"attribute_type\":\"entrance_animation\",\"entrance_animation_item_class\":\"ue_post_blocks_box\",\"schema_title_name\":\"\",\"schema_content_name\":\"\",\"image_size_param_name\":\"\",\"__attr_catid__\":\"cat_content_clfxe930\"},{\"type\":\"uc_radioboolean\",\"title\":\"Align Buttons Horizontally\",\"name\":\"align_buttons_horizontally\",\"description\":\"\",\"enable_condition\":false,\"condition_attribute\":\"\",\"condition_operator\":\"equal\",\"condition_value\":[],\"condition_attribute2\":\"\",\"condition_operator2\":\"equal\",\"condition_value2\":null,\"label_block\":false,\"tabname\":\"\",\"default_value\":\"true\",\"true_name\":\"Yes\",\"true_value\":\"true\",\"false_name\":\"No\",\"false_value\":\"false\",\"is_responsive\":false,\"default_value_tablet\":\"\",\"default_value_mobile\":\"\",\"__attr_catid__\":\"cat_style_j0ivoeke\"},{\"type\":\"uc_boxshadow\",\"title\":\"Box Shadow\",\"name\":\"box_shadow_hover\",\"description\":\"\",\"enable_condition\":false,\"condition_attribute\":\"\",\"condition_operator\":\"equal\",\"condition_value\":[],\"condition_attribute2\":\"\",\"condition_operator2\":\"equal\",\"condition_value2\":null,\"label_block\":false,\"tabname\":\"Hover\",\"selector\":\".ue_post_blocks_box:hover\",\"__attr_catid__\":\"cat_style_ow4jmizc\"},{\"type\":\"uc_colorpicker\",\"title\":\"Content Background\",\"name\":\"content_background\",\"description\":\"\",\"enable_condition\":false,\"condition_attribute\":\"\",\"condition_operator\":\"equal\",\"condition_value\":[],\"condition_attribute2\":\"\",\"condition_operator2\":\"equal\",\"condition_value2\":null,\"label_block\":false,\"tabname\":\"Normal\",\"default_value\":\"\",\"selector\":\".ue_post_blocks_content\",\"selector_value\":\"background-color:{{VALUE}};\",\"show_more_selectors\":false,\"selector2\":\"\",\"selector2_value\":\"\",\"selector3\":\"\",\"selector3_value\":\"\",\"__attr_catid__\":\"cat_style_mvj7gy1a\"},{\"type\":\"uc_colorpicker\",\"title\":\"Content Background\",\"name\":\"content_background_hover\",\"description\":\"\",\"enable_condition\":false,\"condition_attribute\":\"\",\"condition_operator\":\"equal\",\"condition_value\":[],\"condition_attribute2\":\"\",\"condition_operator2\":\"equal\",\"condition_value2\":null,\"label_block\":false,\"tabname\":\"Hover\",\"default_value\":\"\",\"selector\":\".ue_post_blocks_box:hover .ue_post_blocks_content\",\"selector_value\":\"background-color:{{VALUE}};\",\"show_more_selectors\":false,\"selector2\":\"\",\"selector2_value\":\"\",\"selector3\":\"\",\"selector3_value\":\"\",\"__attr_catid__\":\"cat_style_mvj7gy1a\"},{\"type\":\"uc_padding\",\"title\":\"Image Padding\",\"name\":\"image_padding\",\"description\":\"\",\"enable_condition\":false,\"condition_attribute\":\"\",\"condition_operator\":\"equal\",\"condition_value\":[],\"condition_attribute2\":\"\",\"condition_operator2\":\"equal\",\"condition_value2\":null,\"label_block\":false,\"tabname\":\"\",\"is_responsive\":true,\"desktop_top\":\"\",\"desktop_right\":\"\",\"desktop_bottom\":\"\",\"desktop_left\":\"\",\"tablet_top\":\"\",\"tablet_right\":\"\",\"tablet_bottom\":\"\",\"tablet_left\":\"\",\"mobile_top\":\"\",\"mobile_right\":\"\",\"mobile_bottom\":\"\",\"mobile_left\":\"\",\"selector\":\".ue_post_blocks_image img\",\"add_units\":\"\",\"__attr_catid__\":\"cat_style_xj36fcmm\"},{\"type\":\"uc_colorpicker\",\"title\":\"Image Background Color\",\"name\":\"image_background_color\",\"description\":\"\",\"enable_condition\":false,\"condition_attribute\":\"\",\"condition_operator\":\"equal\",\"condition_value\":[],\"condition_attribute2\":\"\",\"condition_operator2\":\"equal\",\"condition_value2\":null,\"label_block\":false,\"tabname\":\"\",\"default_value\":\"\",\"selector\":\".ue_post_blocks_image\",\"selector_value\":\"background-color:{{VALUE}};\",\"show_more_selectors\":false,\"selector2\":\"\",\"selector2_value\":\"\",\"selector3\":\"\",\"selector3_value\":\"\",\"__attr_catid__\":\"cat_style_xj36fcmm\"},{\"type\":\"uc_border_dimentions\",\"title\":\"Image Border Radius\",\"name\":\"image_border_radius\",\"description\":\"\",\"enable_condition\":false,\"condition_attribute\":\"\",\"condition_operator\":\"equal\",\"condition_value\":[],\"condition_attribute2\":\"\",\"condition_operator2\":\"equal\",\"condition_value2\":null,\"label_block\":false,\"tabname\":\"\",\"is_responsive\":true,\"desktop_top\":\"\",\"desktop_right\":\"\",\"desktop_bottom\":\"\",\"desktop_left\":\"\",\"tablet_top\":\"\",\"tablet_right\":\"\",\"tablet_bottom\":\"\",\"tablet_left\":\"\",\"mobile_top\":\"\",\"mobile_right\":\"\",\"mobile_bottom\":\"\",\"mobile_left\":\"\",\"selector\":\".ue_post_blocks_image img\",\"add_units\":\"\",\"__attr_catid__\":\"cat_style_xj36fcmm\"},{\"type\":\"uc_border\",\"title\":\"Image Border\",\"name\":\"image_border\",\"description\":\"\",\"enable_condition\":false,\"condition_attribute\":\"\",\"condition_operator\":\"equal\",\"condition_value\":[],\"condition_attribute2\":\"\",\"condition_operator2\":\"equal\",\"condition_value2\":null,\"label_block\":false,\"tabname\":\"\",\"border_type\":\"none\",\"border_color\":\"\",\"width_desktop_top\":\"\",\"width_desktop_right\":\"\",\"width_desktop_bottom\":\"\",\"width_desktop_left\":\"\",\"width_tablet_top\":\"\",\"width_tablet_right\":\"\",\"width_tablet_bottom\":\"\",\"width_tablet_left\":\"\",\"width_mobile_top\":\"\",\"width_mobile_right\":\"\",\"width_mobile_bottom\":\"\",\"width_mobile_left\":\"\",\"selector\":\".ue_post_blocks_image img\",\"__attr_catid__\":\"cat_style_xj36fcmm\"},{\"type\":\"uc_css_filters\",\"title\":\"Image CSS Filter\",\"name\":\"image_css_filter\",\"description\":\"\",\"enable_condition\":false,\"condition_attribute\":\"\",\"condition_operator\":\"equal\",\"condition_value\":[],\"condition_attribute2\":\"\",\"condition_operator2\":\"equal\",\"condition_value2\":null,\"label_block\":false,\"tabname\":\"Normal\",\"selector\":\".ue_post_blocks_image img\",\"__attr_catid__\":\"cat_style_xj36fcmm\"},{\"type\":\"uc_slider\",\"title\":\"Image Scale\",\"name\":\"image_scale\",\"description\":\"\",\"enable_condition\":false,\"condition_attribute\":\"\",\"condition_operator\":\"equal\",\"condition_value\":[],\"condition_attribute2\":\"\",\"condition_operator2\":\"equal\",\"condition_value2\":null,\"label_block\":false,\"tabname\":\"Normal\",\"default_value\":\"1\",\"min\":\"0\",\"max\":\"3\",\"step\":\"0.1\",\"units\":\"%\",\"is_responsive\":true,\"default_value_tablet\":\"\",\"default_value_mobile\":\"\",\"selector\":\".ue_post_blocks_box img\",\"selector_value\":\"transform:scale({{SIZE}});\",\"show_more_selectors\":false,\"selector2\":\"\",\"selector2_value\":\"width: {{SIZE}}{{UNIT}};\",\"selector3\":\"\",\"selector3_value\":\"width: {{SIZE}}{{UNIT}};\",\"__attr_catid__\":\"cat_style_xj36fcmm\"},{\"type\":\"uc_css_filters\",\"title\":\"Image CSS Filter\",\"name\":\"image_css_filter_hover\",\"description\":\"\",\"enable_condition\":false,\"condition_attribute\":\"\",\"condition_operator\":\"equal\",\"condition_value\":[],\"condition_attribute2\":\"\",\"condition_operator2\":\"equal\",\"condition_value2\":null,\"label_block\":false,\"tabname\":\"Hover\",\"selector\":\".ue_post_blocks_box:hover .ue_post_blocks_image img\",\"__attr_catid__\":\"cat_style_xj36fcmm\"},{\"type\":\"uc_slider\",\"title\":\"Image Scale\",\"name\":\"image_scale_hover\",\"description\":\"\",\"enable_condition\":false,\"condition_attribute\":\"\",\"condition_operator\":\"equal\",\"condition_value\":[],\"condition_attribute2\":\"\",\"condition_operator2\":\"equal\",\"condition_value2\":null,\"label_block\":false,\"tabname\":\"Hover\",\"default_value\":\"1.1\",\"min\":\"0\",\"max\":\"3\",\"step\":\"0.1\",\"units\":\"%\",\"is_responsive\":true,\"default_value_tablet\":\"\",\"default_value_mobile\":\"\",\"selector\":\".ue_post_blocks_box:hover img\",\"selector_value\":\"transform:scale({{SIZE}});\",\"show_more_selectors\":false,\"selector2\":\"\",\"selector2_value\":\"width: {{SIZE}}{{UNIT}};\",\"selector3\":\"\",\"selector3_value\":\"width: {{SIZE}}{{UNIT}};\",\"__attr_catid__\":\"cat_style_xj36fcmm\"},{\"type\":\"uc_number\",\"title\":\"Image Transition Duration\",\"name\":\"img_transition\",\"description\":\"\",\"enable_condition\":false,\"condition_attribute\":\"\",\"condition_operator\":\"equal\",\"condition_value\":[],\"condition_attribute2\":\"\",\"condition_operator2\":\"equal\",\"condition_value2\":null,\"label_block\":false,\"tabname\":\"\",\"default_value\":\"200\",\"unit\":\"ms\",\"unit_custom\":\"\",\"min_value\":\"\",\"max_value\":\"\",\"step\":\"\",\"is_responsive\":false,\"default_value_tablet\":\"\",\"default_value_mobile\":\"\",\"selector\":\".ue_post_blocks_image img\",\"selector_value\":\" transition: all {{VALUE}}ms ease-in-out;\",\"show_more_selectors\":false,\"selector2\":\"\",\"selector2_value\":\"\",\"selector3\":\"\",\"selector3_value\":\"\",\"__attr_catid__\":\"cat_style_xj36fcmm\"},{\"type\":\"uc_number\",\"title\":\"Hover Transition Duration\",\"name\":\"transition_duration\",\"description\":\"\",\"enable_condition\":false,\"condition_attribute\":\"\",\"condition_operator\":\"equal\",\"condition_value\":[],\"condition_attribute2\":\"\",\"condition_operator2\":\"equal\",\"condition_value2\":null,\"label_block\":false,\"tabname\":\"\",\"default_value\":\"200\",\"unit\":\"ms\",\"unit_custom\":\"\",\"min_value\":\"\",\"max_value\":\"\",\"step\":\"\",\"is_responsive\":true,\"default_value_tablet\":\"\",\"default_value_mobile\":\"\",\"selector\":\".ue_post_blocks_box, .ue_post_blocks_content\",\"selector_value\":\"transition: all {{VALUE}}ms ease-in-out;\",\"show_more_selectors\":false,\"selector2\":\"\",\"selector2_value\":\"\",\"selector3\":\"\",\"selector3_value\":\"\",\"__attr_catid__\":\"cat_general_general\"},{\"type\":\"uc_slider\",\"title\":\"Gap Between Category\",\"name\":\"gap_between_category\",\"description\":\"\",\"enable_condition\":false,\"condition_attribute\":\"\",\"condition_operator\":\"equal\",\"condition_value\":[],\"condition_attribute2\":\"\",\"condition_operator2\":\"equal\",\"condition_value2\":null,\"label_block\":false,\"tabname\":\"\",\"default_value\":\"5\",\"min\":\"0\",\"max\":\"100\",\"step\":\"1\",\"units\":\"px_percent_em\",\"is_responsive\":true,\"default_value_tablet\":\"\",\"default_value_mobile\":\"\",\"selector\":\".ue-grid-item-category a\",\"selector_value\":\"margin-right: {{SIZE}}{{UNIT}};\",\"show_more_selectors\":false,\"selector2\":\"\",\"selector2_value\":\"width: {{SIZE}}{{UNIT}};\",\"selector3\":\"\",\"selector3_value\":\"width: {{SIZE}}{{UNIT}};\",\"__attr_catid__\":\"cat_style_2za72df9\"},{\"type\":\"uc_colorpicker\",\"title\":\"Category Separator Color\",\"name\":\"category_separator_color\",\"description\":\"\",\"enable_condition\":false,\"condition_attribute\":\"\",\"condition_operator\":\"equal\",\"condition_value\":[],\"condition_attribute2\":\"\",\"condition_operator2\":\"equal\",\"condition_value2\":null,\"label_block\":false,\"tabname\":\"\",\"default_value\":\"\",\"selector\":\".ue-ct-separator\",\"selector_value\":\"color:{{VALUE}};\",\"show_more_selectors\":false,\"selector2\":\"\",\"selector2_value\":\"\",\"selector3\":\"\",\"selector3_value\":\"\",\"__attr_catid__\":\"cat_style_2za72df9\"},{\"type\":\"uc_margins\",\"title\":\"Separator Margin\",\"name\":\"separator_margin\",\"description\":\"\",\"enable_condition\":false,\"condition_attribute\":\"\",\"condition_operator\":\"equal\",\"condition_value\":[],\"condition_attribute2\":\"\",\"condition_operator2\":\"equal\",\"condition_value2\":null,\"label_block\":false,\"tabname\":\"\",\"is_responsive\":true,\"desktop_top\":\"0\",\"desktop_right\":\"4\",\"desktop_bottom\":\"0\",\"desktop_left\":\"4\",\"tablet_top\":\"\",\"tablet_right\":\"\",\"tablet_bottom\":\"\",\"tablet_left\":\"\",\"mobile_top\":\"\",\"mobile_right\":\"\",\"mobile_bottom\":\"\",\"mobile_left\":\"\",\"selector\":\".ue-ct-separator\",\"add_units\":\"\",\"__attr_catid__\":\"cat_style_2za72df9\"}],\"params_items\":[{\"type\":\"uc_textfield\",\"title\":\"Title\",\"name\":\"title\",\"description\":\"\",\"default_value\":\"\",\"limited_edit\":\"true\"}],\"includes\":{\"js\":[],\"jslib\":[\"font-awsome\"],\"css\":[]},\"variables_item\":[],\"variables_main\":[],\"params_cats\":[{\"id\":\"cat_general_general\",\"title\":\"General\",\"tab\":\"content\"},{\"id\":\"cat_content_2i4zs6il\",\"title\":\"Layout\",\"tab\":\"content\"},{\"enable_condition\":false,\"condition_attribute\":\"\",\"condition_operator\":\"equal\",\"condition_value\":[],\"condition_attribute2\":\"\",\"condition_operator2\":\"equal\",\"condition_value2\":null,\"id\":\"cat_content_clfxe930\",\"title\":\"Sequence Entrence Animation\",\"tab\":\"content\"},{\"id\":\"cat_style_ow4jmizc\",\"title\":\"Box\",\"tab\":\"style\"},{\"enable_condition\":false,\"condition_attribute\":\"\",\"condition_operator\":\"equal\",\"condition_value\":[],\"condition_attribute2\":\"\",\"condition_operator2\":\"equal\",\"condition_value2\":null,\"id\":\"cat_style_mvj7gy1a\",\"title\":\"Content\",\"tab\":\"style\"},{\"id\":\"cat_style_xj36fcmm\",\"title\":\"Image\",\"tab\":\"style\"},{\"id\":\"cat_style_2za72df9\",\"title\":\"Category\",\"tab\":\"style\"},{\"id\":\"cat_style_uncqcegs\",\"title\":\"Title\",\"tab\":\"style\"},{\"id\":\"cat_style_tyqk4wlz\",\"title\":\"Meta Data\",\"tab\":\"style\"},{\"id\":\"cat_style_whcplve1\",\"title\":\"Date\",\"tab\":\"style\"},{\"id\":\"cat_style_8lqhuaip\",\"title\":\"Text\",\"tab\":\"style\"},{\"id\":\"cat_style_j0ivoeke\",\"title\":\"Button\",\"tab\":\"style\"}]}', 1, 1, NULL, '{\"config\":{\"post_lists_category_unite_selected_text\":\"[Not Selected]\",\"post_lists_category\":\"\",\"post_lists_maxitems\":\"10\",\"post_lists_orderby_unite_selected_text\":\"Ordering\",\"post_lists_orderby\":\"ordering\",\"post_lists_orderdir1_unite_selected_text\":\"Asc\",\"post_lists_orderdir1\":\"asc\",\"post_lists_orderby2_unite_selected_text\":\"[Not Selected]\",\"post_lists_orderby2\":\"\",\"post_lists_orderdir2_unite_selected_text\":\"Asc\",\"post_lists_orderdir2\":\"asc\",\"uc_desktop_column_count\":\"4\",\"uc_tablet_column_count\":\"3\",\"uc_mobile_column_count\":\"1\",\"uc_title_color\":\"#161616\",\"uc_meta_color\":\"#959595\",\"uc_grid_gap\":\"60\",\"direction\":\"ltr\",\"uc_img_height\":\"250\",\"text_align_unite_selected_text\":\"Left\",\"text_align\":\"left\"},\"items\":\"\"}', NULL);

-- --------------------------------------------------------

--
-- Table structure for table `wp_addonlibrary_categories`
--

CREATE TABLE `wp_addonlibrary_categories` (
  `id` int(9) NOT NULL,
  `title` varchar(255) NOT NULL,
  `alias` varchar(255) DEFAULT NULL,
  `ordering` int(11) NOT NULL,
  `params` text NOT NULL,
  `type` tinytext DEFAULT NULL,
  `parent_id` int(9) DEFAULT NULL
) ENGINE=InnoDB DEFAULT CHARSET=utf8mb4 COLLATE=utf8mb4_unicode_520_ci;

--
-- Dumping data for table `wp_addonlibrary_categories`
--

INSERT INTO `wp_addonlibrary_categories` (`id`, `title`, `alias`, `ordering`, `params`, `type`, `parent_id`) VALUES
(1, 'Post Widgets', 'post_widgets', 1, '', 'elementor', NULL);

-- --------------------------------------------------------

--
-- Table structure for table `wp_aio_login_login_attempts`
--

CREATE TABLE `wp_aio_login_login_attempts` (
  `id` bigint(20) NOT NULL,
  `user_login` varchar(255) NOT NULL,
  `ip_address` varchar(255) NOT NULL,
  `country` varchar(255) NOT NULL,
  `city` varchar(255) NOT NULL,
  `time` varchar(255) NOT NULL,
  `user_agent` varchar(255) NOT NULL,
  `status` varchar(255) NOT NULL DEFAULT ''
) ENGINE=InnoDB DEFAULT CHARSET=utf8mb4 COLLATE=utf8mb4_unicode_520_ci;

-- --------------------------------------------------------

--
-- Table structure for table `wp_aio_login_login_lockouts`
--

CREATE TABLE `wp_aio_login_login_lockouts` (
  `id` bigint(20) NOT NULL,
  `ip_address` varchar(255) NOT NULL,
  `country` varchar(255) NOT NULL,
  `city` varchar(255) NOT NULL,
  `time` bigint(20) NOT NULL,
  `user_agent` varchar(255) NOT NULL
) ENGINE=InnoDB DEFAULT CHARSET=utf8mb4 COLLATE=utf8mb4_unicode_520_ci;

-- --------------------------------------------------------

--
-- Table structure for table `wp_bp_activity`
--

CREATE TABLE `wp_bp_activity` (
  `id` bigint(20) NOT NULL,
  `user_id` bigint(20) NOT NULL,
  `component` varchar(75) NOT NULL,
  `type` varchar(75) NOT NULL,
  `action` text NOT NULL,
  `content` longtext NOT NULL,
  `primary_link` text NOT NULL,
  `item_id` bigint(20) NOT NULL,
  `secondary_item_id` bigint(20) DEFAULT NULL,
  `date_recorded` datetime NOT NULL,
  `hide_sitewide` tinyint(1) DEFAULT 0,
  `mptt_left` int(11) NOT NULL DEFAULT 0,
  `mptt_right` int(11) NOT NULL DEFAULT 0,
  `is_spam` tinyint(1) NOT NULL DEFAULT 0
) ENGINE=InnoDB DEFAULT CHARSET=utf8mb4 COLLATE=utf8mb4_unicode_520_ci;

--
-- Dumping data for table `wp_bp_activity`
--

INSERT INTO `wp_bp_activity` (`id`, `user_id`, `component`, `type`, `action`, `content`, `primary_link`, `item_id`, `secondary_item_id`, `date_recorded`, `hide_sitewide`, `mptt_left`, `mptt_right`, `is_spam`) VALUES
(1, 1, 'members', 'last_activity', '', '', '', 0, NULL, '2024-10-20 15:52:55', 0, 0, 0, 0);

-- --------------------------------------------------------

--
-- Table structure for table `wp_bp_activity_meta`
--

CREATE TABLE `wp_bp_activity_meta` (
  `id` bigint(20) NOT NULL,
  `activity_id` bigint(20) NOT NULL,
  `meta_key` varchar(255) DEFAULT NULL,
  `meta_value` longtext DEFAULT NULL
) ENGINE=InnoDB DEFAULT CHARSET=utf8mb4 COLLATE=utf8mb4_unicode_520_ci;

-- --------------------------------------------------------

--
-- Table structure for table `wp_bp_invitations`
--

CREATE TABLE `wp_bp_invitations` (
  `id` bigint(20) NOT NULL,
  `user_id` bigint(20) NOT NULL,
  `inviter_id` bigint(20) NOT NULL,
  `invitee_email` varchar(100) DEFAULT NULL,
  `class` varchar(120) NOT NULL,
  `item_id` bigint(20) NOT NULL,
  `secondary_item_id` bigint(20) DEFAULT NULL,
  `type` varchar(12) NOT NULL DEFAULT 'invite',
  `content` longtext DEFAULT '',
  `date_modified` datetime NOT NULL,
  `invite_sent` tinyint(1) NOT NULL DEFAULT 0,
  `accepted` tinyint(1) NOT NULL DEFAULT 0
) ENGINE=InnoDB DEFAULT CHARSET=utf8mb4 COLLATE=utf8mb4_unicode_520_ci;

-- --------------------------------------------------------

--
-- Table structure for table `wp_bp_notifications`
--

CREATE TABLE `wp_bp_notifications` (
  `id` bigint(20) NOT NULL,
  `user_id` bigint(20) NOT NULL,
  `item_id` bigint(20) NOT NULL,
  `secondary_item_id` bigint(20) DEFAULT NULL,
  `component_name` varchar(75) NOT NULL,
  `component_action` varchar(75) NOT NULL,
  `date_notified` datetime NOT NULL,
  `is_new` tinyint(1) NOT NULL DEFAULT 0
) ENGINE=InnoDB DEFAULT CHARSET=utf8mb4 COLLATE=utf8mb4_unicode_520_ci;

-- --------------------------------------------------------

--
-- Table structure for table `wp_bp_notifications_meta`
--

CREATE TABLE `wp_bp_notifications_meta` (
  `id` bigint(20) NOT NULL,
  `notification_id` bigint(20) NOT NULL,
  `meta_key` varchar(255) DEFAULT NULL,
  `meta_value` longtext DEFAULT NULL
) ENGINE=InnoDB DEFAULT CHARSET=utf8mb4 COLLATE=utf8mb4_unicode_520_ci;

-- --------------------------------------------------------

--
-- Table structure for table `wp_bp_optouts`
--

CREATE TABLE `wp_bp_optouts` (
  `id` bigint(20) NOT NULL,
  `email_address_hash` varchar(255) NOT NULL,
  `user_id` bigint(20) NOT NULL,
  `email_type` varchar(255) NOT NULL,
  `date_modified` datetime NOT NULL
) ENGINE=InnoDB DEFAULT CHARSET=utf8mb4 COLLATE=utf8mb4_unicode_520_ci;

-- --------------------------------------------------------

--
-- Table structure for table `wp_bp_xprofile_data`
--

CREATE TABLE `wp_bp_xprofile_data` (
  `id` bigint(20) UNSIGNED NOT NULL,
  `field_id` bigint(20) UNSIGNED NOT NULL,
  `user_id` bigint(20) UNSIGNED NOT NULL,
  `value` longtext NOT NULL,
  `last_updated` datetime NOT NULL
) ENGINE=InnoDB DEFAULT CHARSET=utf8mb4 COLLATE=utf8mb4_unicode_520_ci;

-- --------------------------------------------------------

--
-- Table structure for table `wp_bp_xprofile_fields`
--

CREATE TABLE `wp_bp_xprofile_fields` (
  `id` bigint(20) UNSIGNED NOT NULL,
  `group_id` bigint(20) UNSIGNED NOT NULL,
  `parent_id` bigint(20) UNSIGNED NOT NULL,
  `type` varchar(150) NOT NULL,
  `name` varchar(150) NOT NULL,
  `description` longtext NOT NULL,
  `is_required` tinyint(1) NOT NULL DEFAULT 0,
  `is_default_option` tinyint(1) NOT NULL DEFAULT 0,
  `field_order` bigint(20) NOT NULL DEFAULT 0,
  `option_order` bigint(20) NOT NULL DEFAULT 0,
  `order_by` varchar(15) NOT NULL DEFAULT '',
  `can_delete` tinyint(1) NOT NULL DEFAULT 1
) ENGINE=InnoDB DEFAULT CHARSET=utf8mb4 COLLATE=utf8mb4_unicode_520_ci;

--
-- Dumping data for table `wp_bp_xprofile_fields`
--

INSERT INTO `wp_bp_xprofile_fields` (`id`, `group_id`, `parent_id`, `type`, `name`, `description`, `is_required`, `is_default_option`, `field_order`, `option_order`, `order_by`, `can_delete`) VALUES
(1, 1, 0, 'textbox', 'Name', '', 1, 0, 0, 0, '', 0);

-- --------------------------------------------------------

--
-- Table structure for table `wp_bp_xprofile_groups`
--

CREATE TABLE `wp_bp_xprofile_groups` (
  `id` bigint(20) UNSIGNED NOT NULL,
  `name` varchar(150) NOT NULL,
  `description` mediumtext NOT NULL,
  `group_order` bigint(20) NOT NULL DEFAULT 0,
  `can_delete` tinyint(1) NOT NULL
) ENGINE=InnoDB DEFAULT CHARSET=utf8mb4 COLLATE=utf8mb4_unicode_520_ci;

--
-- Dumping data for table `wp_bp_xprofile_groups`
--

INSERT INTO `wp_bp_xprofile_groups` (`id`, `name`, `description`, `group_order`, `can_delete`) VALUES
(1, 'Base', '', 0, 0);

-- --------------------------------------------------------

--
-- Table structure for table `wp_bp_xprofile_meta`
--

CREATE TABLE `wp_bp_xprofile_meta` (
  `id` bigint(20) NOT NULL,
  `object_id` bigint(20) NOT NULL,
  `object_type` varchar(150) NOT NULL,
  `meta_key` varchar(255) DEFAULT NULL,
  `meta_value` longtext DEFAULT NULL
) ENGINE=InnoDB DEFAULT CHARSET=utf8mb4 COLLATE=utf8mb4_unicode_520_ci;

--
-- Dumping data for table `wp_bp_xprofile_meta`
--

INSERT INTO `wp_bp_xprofile_meta` (`id`, `object_id`, `object_type`, `meta_key`, `meta_value`) VALUES
(1, 1, 'field', 'allow_custom_visibility', 'disabled'),
(2, 1, 'field', 'signup_position', '1');

-- --------------------------------------------------------

--
-- Table structure for table `wp_commentmeta`
--

CREATE TABLE `wp_commentmeta` (
  `meta_id` bigint(20) UNSIGNED NOT NULL,
  `comment_id` bigint(20) UNSIGNED NOT NULL DEFAULT 0,
  `meta_key` varchar(255) DEFAULT NULL,
  `meta_value` longtext DEFAULT NULL
) ENGINE=InnoDB DEFAULT CHARSET=utf8mb4 COLLATE=utf8mb4_unicode_520_ci;

--
-- Dumping data for table `wp_commentmeta`
--

INSERT INTO `wp_commentmeta` (`meta_id`, `comment_id`, `meta_key`, `meta_value`) VALUES
(13, 8, '_wp_trash_meta_status', '0'),
(14, 8, '_wp_trash_meta_time', '1732353956');

-- --------------------------------------------------------

--
-- Table structure for table `wp_comments`
--

CREATE TABLE `wp_comments` (
  `comment_ID` bigint(20) UNSIGNED NOT NULL,
  `comment_post_ID` bigint(20) UNSIGNED NOT NULL DEFAULT 0,
  `comment_author` tinytext NOT NULL,
  `comment_author_email` varchar(100) NOT NULL DEFAULT '',
  `comment_author_url` varchar(200) NOT NULL DEFAULT '',
  `comment_author_IP` varchar(100) NOT NULL DEFAULT '',
  `comment_date` datetime NOT NULL DEFAULT '0000-00-00 00:00:00',
  `comment_date_gmt` datetime NOT NULL DEFAULT '0000-00-00 00:00:00',
  `comment_content` text NOT NULL,
  `comment_karma` int(11) NOT NULL DEFAULT 0,
  `comment_approved` varchar(20) NOT NULL DEFAULT '1',
  `comment_agent` varchar(255) NOT NULL DEFAULT '',
  `comment_type` varchar(20) NOT NULL DEFAULT 'comment',
  `comment_parent` bigint(20) UNSIGNED NOT NULL DEFAULT 0,
  `user_id` bigint(20) UNSIGNED NOT NULL DEFAULT 0
) ENGINE=InnoDB DEFAULT CHARSET=utf8mb4 COLLATE=utf8mb4_unicode_520_ci;

--
-- Dumping data for table `wp_comments`
--

INSERT INTO `wp_comments` (`comment_ID`, `comment_post_ID`, `comment_author`, `comment_author_email`, `comment_author_url`, `comment_author_IP`, `comment_date`, `comment_date_gmt`, `comment_content`, `comment_karma`, `comment_approved`, `comment_agent`, `comment_type`, `comment_parent`, `user_id`) VALUES
(8, 8347, 'مظاهر', 'moeinaddini@yahoo.com', '', '5.215.46.232', '2024-11-20 10:00:46', '2024-11-20 06:30:46', 'ته اش؟', 0, 'trash', 'Mozilla/5.0 (Windows NT 6.1; Win64; x64; rv:109.0) Gecko/20100101 Firefox/115.0', 'comment', 0, 0);

-- --------------------------------------------------------

--
-- Table structure for table `wp_essb_post_meta`
--

CREATE TABLE `wp_essb_post_meta` (
  `meta_id` bigint(20) NOT NULL,
  `post_id` bigint(20) DEFAULT NULL,
  `meta_key` varchar(255) NOT NULL DEFAULT '',
  `meta_value` longtext DEFAULT NULL
) ENGINE=InnoDB DEFAULT CHARSET=utf8mb4 COLLATE=utf8mb4_unicode_520_ci;

-- --------------------------------------------------------

--
-- Table structure for table `wp_e_events`
--

CREATE TABLE `wp_e_events` (
  `id` bigint(20) UNSIGNED NOT NULL,
  `event_data` text DEFAULT NULL,
  `created_at` datetime NOT NULL
) ENGINE=InnoDB DEFAULT CHARSET=utf8mb4 COLLATE=utf8mb4_unicode_520_ci;

-- --------------------------------------------------------

--
-- Table structure for table `wp_e_submissions`
--

CREATE TABLE `wp_e_submissions` (
  `id` bigint(20) UNSIGNED NOT NULL,
  `type` varchar(60) DEFAULT NULL,
  `hash_id` varchar(60) NOT NULL,
  `main_meta_id` bigint(20) UNSIGNED NOT NULL COMMENT 'Id of main field. to represent the main meta field',
  `post_id` bigint(20) UNSIGNED NOT NULL,
  `referer` varchar(500) NOT NULL,
  `referer_title` varchar(300) DEFAULT NULL,
  `element_id` varchar(20) NOT NULL,
  `form_name` varchar(60) NOT NULL,
  `campaign_id` bigint(20) UNSIGNED NOT NULL,
  `user_id` bigint(20) UNSIGNED DEFAULT NULL,
  `user_ip` varchar(46) NOT NULL,
  `user_agent` text NOT NULL,
  `actions_count` int(11) DEFAULT 0,
  `actions_succeeded_count` int(11) DEFAULT 0,
  `status` varchar(20) NOT NULL,
  `is_read` tinyint(1) NOT NULL DEFAULT 0,
  `meta` text DEFAULT NULL,
  `created_at_gmt` datetime NOT NULL,
  `updated_at_gmt` datetime NOT NULL,
  `created_at` datetime NOT NULL,
  `updated_at` datetime NOT NULL
) ENGINE=InnoDB DEFAULT CHARSET=utf8mb4 COLLATE=utf8mb4_unicode_520_ci;

-- --------------------------------------------------------

--
-- Table structure for table `wp_e_submissions_actions_log`
--

CREATE TABLE `wp_e_submissions_actions_log` (
  `id` bigint(20) UNSIGNED NOT NULL,
  `submission_id` bigint(20) UNSIGNED NOT NULL,
  `action_name` varchar(60) NOT NULL,
  `action_label` varchar(60) DEFAULT NULL,
  `status` varchar(20) NOT NULL,
  `log` text DEFAULT NULL,
  `created_at_gmt` datetime NOT NULL,
  `updated_at_gmt` datetime NOT NULL,
  `created_at` datetime NOT NULL,
  `updated_at` datetime NOT NULL
) ENGINE=InnoDB DEFAULT CHARSET=utf8mb4 COLLATE=utf8mb4_unicode_520_ci;

-- --------------------------------------------------------

--
-- Table structure for table `wp_e_submissions_values`
--

CREATE TABLE `wp_e_submissions_values` (
  `id` bigint(20) UNSIGNED NOT NULL,
  `submission_id` bigint(20) UNSIGNED NOT NULL DEFAULT 0,
  `key` varchar(60) DEFAULT NULL,
  `value` longtext DEFAULT NULL
) ENGINE=InnoDB DEFAULT CHARSET=utf8mb4 COLLATE=utf8mb4_unicode_520_ci;

-- --------------------------------------------------------

--
-- Table structure for table `wp_gf_draft_submissions`
--

CREATE TABLE `wp_gf_draft_submissions` (
  `uuid` char(32) NOT NULL,
  `email` varchar(255) DEFAULT NULL,
  `form_id` mediumint(10) UNSIGNED NOT NULL,
  `date_created` datetime NOT NULL,
  `ip` varchar(45) NOT NULL,
  `source_url` longtext NOT NULL,
  `submission` longtext NOT NULL
) ENGINE=InnoDB DEFAULT CHARSET=utf8mb4 COLLATE=utf8mb4_unicode_520_ci;

-- --------------------------------------------------------

--
-- Table structure for table `wp_gf_entry`
--

CREATE TABLE `wp_gf_entry` (
  `id` int(10) UNSIGNED NOT NULL,
  `form_id` mediumint(10) UNSIGNED NOT NULL,
  `post_id` bigint(10) UNSIGNED DEFAULT NULL,
  `date_created` datetime NOT NULL,
  `date_updated` datetime DEFAULT NULL,
  `is_starred` tinyint(10) NOT NULL DEFAULT 0,
  `is_read` tinyint(10) NOT NULL DEFAULT 0,
  `ip` varchar(45) NOT NULL,
  `source_url` varchar(200) NOT NULL DEFAULT '',
  `user_agent` varchar(250) NOT NULL DEFAULT '',
  `currency` varchar(5) DEFAULT NULL,
  `payment_status` varchar(15) DEFAULT NULL,
  `payment_date` datetime DEFAULT NULL,
  `payment_amount` decimal(19,2) DEFAULT NULL,
  `payment_method` varchar(30) DEFAULT NULL,
  `transaction_id` varchar(50) DEFAULT NULL,
  `is_fulfilled` tinyint(10) DEFAULT NULL,
  `created_by` bigint(10) UNSIGNED DEFAULT NULL,
  `transaction_type` tinyint(10) DEFAULT NULL,
  `status` varchar(20) NOT NULL DEFAULT 'active'
) ENGINE=InnoDB DEFAULT CHARSET=utf8mb4 COLLATE=utf8mb4_unicode_520_ci;

--
-- Dumping data for table `wp_gf_entry`
--

INSERT INTO `wp_gf_entry` (`id`, `form_id`, `post_id`, `date_created`, `date_updated`, `is_starred`, `is_read`, `ip`, `source_url`, `user_agent`, `currency`, `payment_status`, `payment_date`, `payment_amount`, `payment_method`, `transaction_id`, `is_fulfilled`, `created_by`, `transaction_type`, `status`) VALUES
(1, 1, NULL, '2024-10-30 18:09:57', '2024-10-30 18:09:57', 0, 0, '92.255.85.164', 'https://rcesd.ac.ir/contact/', 'Mozilla/5.0 (Windows NT 10.0; Win64; x64) AppleWebKit/537.36 (KHTML, like Gecko) Chrome/124.0.6367.92 Safari/537.36', 'USD', NULL, NULL, NULL, NULL, '0215854115', NULL, NULL, NULL, 'trash'),
(2, 1, NULL, '2024-11-01 14:45:06', '2024-11-01 14:45:06', 0, 0, '5.124.232.172', 'https://rcesd.ac.ir/contact/', 'Mozilla/5.0 (Linux; Android 10; K) AppleWebKit/537.36 (KHTML, like Gecko) Chrome/129.0.0.0 Mobile Safari/537.36', 'USD', NULL, NULL, NULL, NULL, '3995955205', NULL, NULL, NULL, 'trash'),
(3, 1, NULL, '2024-11-02 23:46:37', '2024-11-02 23:46:37', 0, 0, '95.214.55.165', 'https://rcesd.ac.ir/contact/', 'Mozilla/5.0 (Windows NT 10.0.0; Win64; x64; ) AppleWebKit/537.36 (KHTML, like Gecko) Chrome/124.0.6367.119 Chrome/124.0.6367.119 Not-A.Brand/99 Safari/537.36', 'USD', NULL, NULL, NULL, NULL, '9245565907', NULL, NULL, NULL, 'trash'),
(4, 3, 9482, '2024-11-03 09:51:16', '2024-11-03 09:51:16', 0, 0, '86.57.39.166', 'https://rcesd.ac.ir/get-resume/', 'Mozilla/5.0 (Windows NT 10.0; Win64; x64) AppleWebKit/537.36 (KHTML, like Gecko) Chrome/130.0.0.0 Safari/537.36', 'USD', NULL, NULL, NULL, NULL, '5787631797', NULL, NULL, NULL, 'active'),
(5, 2, 9488, '2024-11-03 09:58:09', '2024-11-03 09:58:09', 0, 0, '86.57.39.166', 'https://rcesd.ac.ir/get-resume/', 'Mozilla/5.0 (Windows NT 10.0; Win64; x64; rv:132.0) Gecko/20100101 Firefox/132.0', 'USD', NULL, NULL, NULL, NULL, '2374795186', NULL, NULL, NULL, 'active'),
(6, 2, 9491, '2024-11-03 10:01:59', '2024-11-03 10:01:59', 0, 0, '86.57.39.166', 'https://rcesd.ac.ir/get-resume/', 'Mozilla/5.0 (Windows NT 10.0; Win64; x64; rv:132.0) Gecko/20100101 Firefox/132.0', 'USD', NULL, NULL, NULL, NULL, '4967726233', NULL, NULL, NULL, 'active'),
(7, 1, NULL, '2024-11-07 04:48:07', '2024-11-07 04:48:07', 0, 0, '92.255.85.164', 'https://rcesd.ac.ir/contact/', 'Mozilla/5.0 (Windows NT 10.0.0; Win64; x64; ) AppleWebKit/537.36 (KHTML, like Gecko) Chrome/124.0.6367.63 Chrome/124.0.6367.63 Not-A.Brand/99 Safari/537.36', 'USD', NULL, NULL, NULL, NULL, '7561142175', NULL, NULL, NULL, 'active'),
(8, 1, NULL, '2024-11-08 09:45:29', '2024-11-08 09:45:29', 0, 0, '185.147.125.18', 'https://rcesd.ac.ir/contact/', 'Mozilla/5.0 (Windows NT 10.0.0; Win64; x64; ) AppleWebKit/537.36 (KHTML, like Gecko) Chrome/124.0.6367.62 Chrome/124.0.6367.62 Not-A.Brand/99 Safari/537.36', 'USD', NULL, NULL, NULL, NULL, '6155836464', NULL, NULL, NULL, 'active'),
(9, 1, NULL, '2024-11-08 22:48:07', '2024-11-08 22:48:07', 0, 0, '196.242.89.148', 'https://rcesd.ac.ir/contact/', 'Mozilla/5.0 (Windows NT 10.0; WOW64) AppleWebKit/537.36 (KHTML, like Gecko) Chrome/114.0.0.0 YaBrowser/22.7.0 Yowser/2.5 Safari/537.36', 'USD', NULL, NULL, NULL, NULL, '6648541278', NULL, NULL, NULL, 'active'),
(10, 1, NULL, '2024-11-12 13:06:26', '2024-11-12 13:06:26', 0, 0, '143.244.41.130', 'https://rcesd.ac.ir/contact/', 'Mozilla/5.0 (Windows NT 10.0.0; Win64; x64; ) AppleWebKit/537.36 (KHTML, like Gecko) Chrome/124.0.6367.93 Chrome/124.0.6367.93 Not-A.Brand/99 Safari/537.36', 'USD', NULL, NULL, NULL, NULL, '1602599506', NULL, NULL, NULL, 'active'),
(11, 1, NULL, '2024-11-13 11:12:19', '2024-11-13 11:12:19', 0, 0, '143.244.41.130', 'https://rcesd.ac.ir/contact/', 'Mozilla/5.0 (Windows NT 10.0.0; Win64; x64; ) AppleWebKit/537.36 (KHTML, like Gecko) Chrome/124.0.6367.60 Chrome/124.0.6367.60 Not-A.Brand/99 Safari/537.36', 'USD', NULL, NULL, NULL, NULL, '0477887003', NULL, NULL, NULL, 'active'),
(12, 1, NULL, '2024-11-13 14:38:34', '2024-11-13 14:38:34', 0, 0, '196.245.229.103', 'https://rcesd.ac.ir/contact/', 'Mozilla/5.0 (X11; Linux x86_64) AppleWebKit/537.36 (KHTML, like Gecko) Chrome/114.0.0.0 Safari/537.36', 'USD', NULL, NULL, NULL, NULL, '8152033512', NULL, NULL, NULL, 'active'),
(13, 1, NULL, '2024-11-17 04:30:44', '2024-11-17 04:30:44', 0, 0, '92.255.85.164', 'https://rcesd.ac.ir/contact/', 'Mozilla/5.0 (Windows NT 10.0.0; Win64; x64; ) AppleWebKit/537.36 (KHTML, like Gecko) Chrome/124.0.6367.119 Chrome/124.0.6367.119 Not-A.Brand/99 Safari/537.36', 'USD', NULL, NULL, NULL, NULL, '3880756601', NULL, NULL, NULL, 'active'),
(14, 1, NULL, '2024-11-17 18:59:48', '2024-11-17 18:59:48', 0, 0, '94.41.129.112', 'https://rcesd.ac.ir/contact/', 'Mozilla/5.0 (Windows NT 6.3; Win64; x64) AppleWebKit/537.36 (KHTML, like Gecko) Chrome/103.0.5060.114 Safari/537.36', 'USD', NULL, NULL, NULL, NULL, '2659098489', NULL, NULL, NULL, 'active'),
(15, 1, NULL, '2024-11-18 22:06:58', '2024-11-18 22:06:58', 0, 0, '185.147.125.24', 'https://rcesd.ac.ir/contact/', 'Mozilla/5.0 (Windows NT 15.0.0; Win64; x64; ) AppleWebKit/537.36 (KHTML, like Gecko) Chrome/124.0.6367.119 Chrome/124.0.6367.119 Not-A.Brand/99 Safari/537.36', 'USD', NULL, NULL, NULL, NULL, '4981357888', NULL, NULL, NULL, 'active'),
(16, 1, NULL, '2024-11-20 04:38:05', '2024-11-20 04:38:05', 0, 0, '188.126.94.249', 'https://rcesd.ac.ir/contact/', 'Mozilla/5.0 (Windows NT 10.0; Win64; x64) AppleWebKit/537.36 (KHTML, like Gecko) Chrome/124.0.6367.92 Safari/537.36', 'USD', NULL, NULL, NULL, NULL, '6284786871', NULL, NULL, NULL, 'active'),
(17, 1, NULL, '2024-11-20 05:07:19', '2024-11-20 05:07:19', 0, 0, '2.190.34.158', 'https://rcesd.ac.ir/contact/', 'Mozilla/5.0 (Linux; Android 10; K) AppleWebKit/537.36 (KHTML, like Gecko) Chrome/126.0.0.0 Mobile Safari/537.36', 'USD', NULL, NULL, NULL, NULL, '6208180321', NULL, NULL, NULL, 'active'),
(18, 1, NULL, '2024-11-20 15:42:18', '2024-11-20 15:42:18', 0, 0, '185.147.125.16', 'https://rcesd.ac.ir/contact/', 'Mozilla/5.0 (Windows NT 10.0; Win64; x64) AppleWebKit/537.36 (KHTML, like Gecko) Chrome/124.0.0.0 Safari/537.36', 'USD', NULL, NULL, NULL, NULL, '1592052963', NULL, NULL, NULL, 'active'),
(19, 1, NULL, '2024-11-22 09:57:02', '2024-11-22 09:57:02', 0, 0, '80.191.254.97', 'https://rcesd.ac.ir/contact/', 'Mozilla/5.0 (Windows NT 6.1; Win64; x64; rv:109.0) Gecko/20100101 Firefox/115.0', 'USD', NULL, NULL, NULL, NULL, '0248936742', NULL, NULL, NULL, 'active'),
(20, 1, NULL, '2024-11-22 14:18:23', '2024-11-22 14:18:23', 0, 0, '5.124.190.97', 'https://rcesd.ac.ir/contact/', 'Mozilla/5.0 (Linux; Android 10; K) AppleWebKit/537.36 (KHTML, like Gecko) Chrome/129.0.0.0 Mobile Safari/537.36', 'USD', NULL, NULL, NULL, NULL, '8936908518', NULL, NULL, NULL, 'active'),
(21, 1, NULL, '2024-11-22 14:19:41', '2024-11-22 14:19:41', 0, 0, '5.124.190.97', 'https://rcesd.ac.ir/contact/', 'Mozilla/5.0 (Linux; Android 10; K) AppleWebKit/537.36 (KHTML, like Gecko) Chrome/129.0.0.0 Mobile Safari/537.36', 'USD', NULL, NULL, NULL, NULL, '1779929744', NULL, NULL, NULL, 'active'),
(22, 1, NULL, '2024-11-23 18:18:18', '2024-11-23 18:18:18', 0, 0, '185.147.125.16', 'https://rcesd.ac.ir/contact/', 'Mozilla/5.0 (Windows NT 10.0.0; Win64; x64; ) AppleWebKit/537.36 (KHTML, like Gecko) Chrome/124.0.6367.91 Chrome/124.0.6367.91 Not-A.Brand/99 Safari/537.36', 'USD', NULL, NULL, NULL, NULL, '5472004419', NULL, NULL, NULL, 'active'),
(23, 1, NULL, '2024-11-24 20:04:47', '2024-11-24 20:04:47', 0, 0, '92.255.85.164', 'https://rcesd.ac.ir/contact/', 'Mozilla/5.0 (Windows NT 10.0.0; Win64; x64; ) AppleWebKit/537.36 (KHTML, like Gecko) Chrome/124.0.6367.61 Chrome/124.0.6367.61 Not-A.Brand/99 Safari/537.36', 'USD', NULL, NULL, NULL, NULL, '0487178302', NULL, NULL, NULL, 'active'),
(24, 1, NULL, '2024-11-28 18:36:47', '2024-11-28 18:36:47', 0, 0, '92.255.85.164', 'https://rcesd.ac.ir/contact/', 'Mozilla/5.0 (Windows NT 10.0; Win64; x64; ) AppleWebKit/537.36 (KHTML, like Gecko) Chrome/124.0.6367.61 Chrome/124.0.6367.61 Not-A.Brand/99 Safari/537.36', 'USD', NULL, NULL, NULL, NULL, '2101577535', NULL, NULL, NULL, 'active'),
(25, 1, NULL, '2024-11-30 09:07:13', '2024-11-30 09:07:13', 0, 0, '188.75.113.43', 'https://rcesd.ac.ir/contact/', 'Mozilla/5.0 (Windows NT 10.0; Win64; x64) AppleWebKit/537.36 (KHTML, like Gecko) Chrome/131.0.0.0 Safari/537.36', 'USD', NULL, NULL, NULL, NULL, '4721705796', NULL, NULL, NULL, 'active'),
(26, 1, NULL, '2024-11-30 17:20:17', '2024-11-30 17:20:17', 0, 0, '181.214.173.193', 'https://rcesd.ac.ir/contact/', 'Mozilla/5.0 (Windows NT 10.0.0; Win64; x64; ) AppleWebKit/537.36 (KHTML, like Gecko) Chrome/124.0.6367.61 Chrome/124.0.6367.61 Not-A.Brand/99 Safari/537.36', 'USD', NULL, NULL, NULL, NULL, '8704951290', NULL, NULL, NULL, 'active'),
(27, 1, NULL, '2024-12-01 11:21:07', '2024-12-01 11:21:07', 0, 0, '192.186.142.53', 'https://rcesd.ac.ir/contact/', 'Mozilla/5.0 (Windows NT 10.0; Win64; x64) AppleWebKit/537.36 (KHTML, like Gecko) Chrome/114.0.0.0 YaBrowser/22.7.0 Yowser/2.5 Safari/537.36', 'USD', NULL, NULL, NULL, NULL, '9703925605', NULL, NULL, NULL, 'active'),
(28, 1, NULL, '2024-12-04 05:11:05', '2024-12-04 05:11:05', 0, 0, '181.214.173.73', 'https://rcesd.ac.ir/contact/', 'Mozilla/5.0 (Windows NT 10.0; Win64; x64; ) AppleWebKit/537.36 (KHTML, like Gecko) Chrome/124.0.6367.61 Chrome/124.0.6367.61 Not-A.Brand/99 Safari/537.36', 'USD', NULL, NULL, NULL, NULL, '8459603481', NULL, NULL, NULL, 'active'),
(29, 1, NULL, '2024-12-04 14:29:33', '2024-12-04 14:29:33', 0, 0, '185.7.214.130', 'https://rcesd.ac.ir/contact/', 'Mozilla/5.0 (Windows NT 10.0.0; Win64; x64; ) AppleWebKit/537.36 (KHTML, like Gecko) Chrome/124.0.6367.91 Chrome/124.0.6367.91 Not-A.Brand/99 Safari/537.36', 'USD', NULL, NULL, NULL, NULL, '9124318076', NULL, NULL, NULL, 'active'),
(30, 1, NULL, '2024-12-06 14:40:02', '2024-12-06 14:40:02', 0, 0, '185.147.125.24', 'https://rcesd.ac.ir/contact/', 'Mozilla/5.0 (Windows NT 10.0.0; Win64; x64; ) AppleWebKit/537.36 (KHTML, like Gecko) Chrome/124.0.6367.61 Chrome/124.0.6367.61 Not-A.Brand/99 Safari/537.36', 'USD', NULL, NULL, NULL, NULL, '9850554655', NULL, NULL, NULL, 'active'),
(31, 1, NULL, '2024-12-10 23:44:17', '2024-12-10 23:44:17', 0, 0, '156.146.55.181', 'https://rcesd.ac.ir/contact/', 'Mozilla/5.0 (Windows NT 10.0.0; Win64; x64; ) AppleWebKit/537.36 (KHTML, like Gecko) Chrome/124.0.6367.60 Chrome/124.0.6367.60 Not-A.Brand/99 Safari/537.36', 'USD', NULL, NULL, NULL, NULL, '3662729170', NULL, NULL, NULL, 'active'),
(32, 1, NULL, '2024-12-12 06:02:49', '2024-12-12 06:02:49', 0, 0, '185.147.125.24', 'https://rcesd.ac.ir/contact/', 'Mozilla/5.0 (Windows NT 10.0.0; Win64; x64; ) AppleWebKit/537.36 (KHTML, like Gecko) Chrome/124.0.6367.78 Chrome/124.0.6367.78 Not-A.Brand/99 Safari/537.36', 'USD', NULL, NULL, NULL, NULL, '5439180861', NULL, NULL, NULL, 'active');

-- --------------------------------------------------------

--
-- Table structure for table `wp_gf_entry_meta`
--

CREATE TABLE `wp_gf_entry_meta` (
  `id` bigint(10) UNSIGNED NOT NULL,
  `form_id` mediumint(10) UNSIGNED NOT NULL DEFAULT 0,
  `entry_id` bigint(10) UNSIGNED NOT NULL,
  `meta_key` varchar(255) DEFAULT NULL,
  `meta_value` longtext DEFAULT NULL,
  `item_index` varchar(60) DEFAULT NULL
) ENGINE=InnoDB DEFAULT CHARSET=utf8mb4 COLLATE=utf8mb4_unicode_520_ci;

--
-- Dumping data for table `wp_gf_entry_meta`
--

INSERT INTO `wp_gf_entry_meta` (`id`, `form_id`, `entry_id`, `meta_key`, `meta_value`, `item_index`) VALUES
(1, 1, 1, '6', '87877489293', ''),
(2, 1, 1, '7', 'axobajigufo34@gmail.com', ''),
(3, 1, 1, '3', 'Ndewo, achọrọ m ịmara ọnụahịa gị.', ''),
(4, 1, 2, '4', 'احسان', ''),
(5, 1, 2, '5', 'امینی فرزند حاج علیرضا امینی', ''),
(6, 1, 2, '6', '09132169199', ''),
(7, 1, 2, '3', 'یک مورده درشهر خمینی شهر یک خانه قدیمی مسکنی اجارهی یک خانواده 5نفر بلوچ غیرمجاز توخانه مسکنی اجارهی زندگی می کنند و7سال جمع آوری ضایعات عروقی غیرمجاز توخانه مسکنی اجارهی جمع آوری می کنید ومی فروشد هیچ کس پیگیری نمی کنید لطفن پیگیری بفرمایید آدرس خمینی شهر میدان 22بهمن خیابان امیر کبیر چهاردولت خیابان امیر کبیر روبه‌رو فرمانداری کوچه139شهید رستمی محله جوایه پشت مسجد امام حسن مجتبی داخل کوچه سمت چپ کوچه امام حسن یک داخل کوچه سمت راست خانه مسکنی اجارهی کدپستی خانه اجارهی خانه مسکنی 8418866493مالک خانه مسکنی اجاره داد شود حاج علیرضا امینی پدرم لطفن زودتر پلمپ بفرمایید', ''),
(8, 1, 3, '6', '85675978414', ''),
(9, 1, 3, '7', 'info@bmwmir.ru', ''),
(10, 1, 3, '3', 'dark market link  <a href=\"https://mydarknetmarketlinks.com/ \">darknet drugs </a> dark web search engine', ''),
(11, 3, 4, '1', 'محسن مقدم', ''),
(12, 3, 4, '3', 'آی تی', ''),
(13, 3, 4, '4', 'کارشناسی ارشد', ''),
(14, 3, 4, '5', '123', ''),
(15, 3, 4, '6', 'https://google.com', ''),
(16, 3, 4, '7', 'info@g.com', ''),
(17, 3, 4, '8', '123', ''),
(18, 3, 4, '9', 'تست تست تست', ''),
(19, 3, 4, '10', 'https://rcesd.ac.ir/wp-content/uploads/gravity_forms/3-5a49a66d2894d835880305daccc65909/2024/11/1403-08-08-21.21.16.jpg|:||:||:||:|', ''),
(20, 3, 4, '11', '[\"https:\\/\\/rcesd.ac.ir\\/wp-content\\/uploads\\/gravity_forms\\/3-5a49a66d2894d835880305daccc65909\\/2024\\/11\\/\\u0628\\u0631\\u06af\\u0647-\\u06af\\u0627\\u0631\\u0627\\u0646\\u062a\\u06cc-\\u0634\\u0631\\u06a9\\u062a-\\u0645\\u0627\\u06cc\\u062a\\u0644-AutoRecovered-2.docx\"]', ''),
(21, 3, 4, '26e81b0a434252d54e693ba4a7df1762c036753f43b5151aa7b25ebc8e10526d3b87d9b30eb7a6d513c15ca6308d0f81c56df0b3b8a3765a8999291cf7592db4', 'a:3:{s:4:\"path\";s:103:\"/home2/rcesdac/public_html/wp-content/uploads/gravity_forms/3-5a49a66d2894d835880305daccc65909/2024/11/\";s:3:\"url\";s:96:\"https://rcesd.ac.ir/wp-content/uploads/gravity_forms/3-5a49a66d2894d835880305daccc65909/2024/11/\";s:9:\"file_name\";s:23:\"1403-08-08-21.21.16.jpg\";}', NULL),
(22, 3, 4, '5ab394c4f375a03b301efc22f3cfb19c39d266c1732085ab2bb43f82bd0abce0c093efa827b5ab33dca4553abab56cd1fec9973a2a67c0bf243cddbda0df659e', 'a:3:{s:4:\"path\";s:103:\"/home2/rcesdac/public_html/wp-content/uploads/gravity_forms/3-5a49a66d2894d835880305daccc65909/2024/11/\";s:3:\"url\";s:96:\"https://rcesd.ac.ir/wp-content/uploads/gravity_forms/3-5a49a66d2894d835880305daccc65909/2024/11/\";s:9:\"file_name\";s:64:\"برگه-گارانتی-شرکت-مایتل-AutoRecovered-2.docx\";}', NULL),
(23, 2, 5, '1.3', 'تست', ''),
(24, 2, 5, '1.6', 'تست', ''),
(25, 2, 5, '25', 'تست', ''),
(26, 2, 5, '26', 'تست', ''),
(27, 2, 5, '27', 'تست', ''),
(28, 2, 5, '28', 'تست', ''),
(29, 2, 5, '23', 's@g.com', ''),
(30, 2, 5, '10', '(091) 234-3212', ''),
(31, 2, 5, '12', 'jsjsjsjsj', ''),
(32, 2, 5, '30', 'https://rcesd.ac.ir/wp-content/uploads/gravity_forms/2-f588b86e777fa283b8b87f1a66ae469c/2024/11/286908671_-925568202.docx', ''),
(33, 2, 5, '29', 'https://rcesd.ac.ir/wp-content/uploads/gravity_forms/2-f588b86e777fa283b8b87f1a66ae469c/2024/11/1403-08-08-21.21.16.jpg|:||:||:||:|', ''),
(34, 2, 5, '482edd8a57cd7043091c4cff91cf7dcbd24d2bc26a20352430fce53e6bd747495d976306c4f233ef9a8f82ba120fc730636470299813642ade2b06480629edbd', 'a:3:{s:4:\"path\";s:103:\"/home2/rcesdac/public_html/wp-content/uploads/gravity_forms/2-f588b86e777fa283b8b87f1a66ae469c/2024/11/\";s:3:\"url\";s:96:\"https://rcesd.ac.ir/wp-content/uploads/gravity_forms/2-f588b86e777fa283b8b87f1a66ae469c/2024/11/\";s:9:\"file_name\";s:25:\"286908671_-925568202.docx\";}', NULL),
(35, 2, 5, '128e620869cc33cd8081d3deffcd13df6652917df91826938addd2d9daf6a637bcf5034015f8c1b42092a2e344d783cba6c83eb81c6016eee0a7aebd4696f8cf', 'a:3:{s:4:\"path\";s:103:\"/home2/rcesdac/public_html/wp-content/uploads/gravity_forms/2-f588b86e777fa283b8b87f1a66ae469c/2024/11/\";s:3:\"url\";s:96:\"https://rcesd.ac.ir/wp-content/uploads/gravity_forms/2-f588b86e777fa283b8b87f1a66ae469c/2024/11/\";s:9:\"file_name\";s:23:\"1403-08-08-21.21.16.jpg\";}', NULL),
(36, 2, 6, '1.3', 'تست', ''),
(37, 2, 6, '1.6', 'تست', ''),
(38, 2, 6, '25', 'تست', ''),
(39, 2, 6, '26', 'تست', ''),
(40, 2, 6, '27', 'تست', ''),
(41, 2, 6, '28', 'تست', ''),
(42, 2, 6, '23', 's@f.com', ''),
(43, 2, 6, '10', '(091) 234-5678', ''),
(44, 2, 6, '12', 'تستتستتستتست', ''),
(45, 2, 6, '30', 'https://rcesd.ac.ir/wp-content/uploads/gravity_forms/2-f588b86e777fa283b8b87f1a66ae469c/2024/11/286908671_-9255682021.docx', ''),
(46, 2, 6, '29', 'https://rcesd.ac.ir/wp-content/uploads/gravity_forms/2-f588b86e777fa283b8b87f1a66ae469c/2024/11/1403-08-08-21.21.16-1.jpg|:||:||:||:|', ''),
(47, 2, 6, 'fc38c77741010a87b5f71983abd75ad2c6e10b1ef0ca9c2fccbce530a90f66dfa5519989af9a3a4caae0929a31eaf79e0e15665ec3d05711252d285665cce7cc', 'a:3:{s:4:\"path\";s:103:\"/home2/rcesdac/public_html/wp-content/uploads/gravity_forms/2-f588b86e777fa283b8b87f1a66ae469c/2024/11/\";s:3:\"url\";s:96:\"https://rcesd.ac.ir/wp-content/uploads/gravity_forms/2-f588b86e777fa283b8b87f1a66ae469c/2024/11/\";s:9:\"file_name\";s:26:\"286908671_-9255682021.docx\";}', NULL),
(48, 2, 6, '91792818d42205bea3d398f4930a4d604df72abf7e98ab762d5f9170b922e0aa22ebc710f760eb78aecd78cdebed33cdb09125e482d845cc56fc8fc158145447', 'a:3:{s:4:\"path\";s:103:\"/home2/rcesdac/public_html/wp-content/uploads/gravity_forms/2-f588b86e777fa283b8b87f1a66ae469c/2024/11/\";s:3:\"url\";s:96:\"https://rcesd.ac.ir/wp-content/uploads/gravity_forms/2-f588b86e777fa283b8b87f1a66ae469c/2024/11/\";s:9:\"file_name\";s:25:\"1403-08-08-21.21.16-1.jpg\";}', NULL),
(49, 1, 7, '6', '84477769197', ''),
(50, 1, 7, '7', 'axobajigufo34@gmail.com', ''),
(51, 1, 7, '3', 'Hi, roeddwn i eisiau gwybod eich pris.', ''),
(52, 1, 8, '6', '88997355636', ''),
(53, 1, 8, '7', 'yawiviseya67@gmail.com', ''),
(54, 1, 8, '3', 'Ողջույն, ես ուզում էի իմանալ ձեր գինը.', ''),
(55, 1, 9, '4', 'Joanna', ''),
(56, 1, 9, '5', 'Riggs', ''),
(57, 1, 9, '6', '40578414', ''),
(58, 1, 9, '7', 'joannariggs278@gmail.com', ''),
(59, 1, 9, '3', 'Hi,\r\n\r\nI just visited rcesd.ac.ir and wondered if you\'d ever thought about having an engaging video to explain what you do?\r\n\r\nOur prices start from just $195.\r\n\r\nWe have produced over 500 videos to date and work with both non-animated and animated formats:\r\n\r\nNon-animated example:\r\nhttps://www.youtube.com/watch?v=bA2DyChM4Oc\r\n\r\nAnimated example:\r\nhttps://www.youtube.com/watch?v=JG33_MgGjfc\r\n\r\nLet me know if you\'re interested in learning more and/or have any questions.\r\n\r\nRegards,\r\nJoanna\r\n\r\nUnsubscribe: https://removeme.live/unsubscribe.php?d=rcesd.ac.ir', ''),
(60, 1, 10, '6', '88694212322', ''),
(61, 1, 10, '7', 'susannabarney1958@velismail.com', ''),
(62, 1, 10, '3', 'MERTYHRTHYHT899236MAWRERGTRH', ''),
(63, 1, 11, '6', '82169517623', ''),
(64, 1, 11, '7', 'susannabarney1958@velismail.com', ''),
(65, 1, 11, '3', 'MERTHYTJTJ899236MAERWETT', ''),
(66, 1, 12, '4', 'Katelyn', ''),
(67, 1, 12, '5', 'Raiden', ''),
(68, 1, 12, '6', '6813015760', ''),
(69, 1, 12, '7', 'katelynraiden@gmail.com', ''),
(70, 1, 12, '3', 'Hi there,\r\n\r\nWe run a YouTube growth service, which increases your number of subscribers both safely and practically.\r\n\r\n- We guarantee to gain you 700-1500+ subscribers per month.\r\n- People subscribe because they are interested in your channel/videos, increasing likes, comments and interaction.\r\n- All actions are made manually by our team. We do not use any \'bots\'.\r\n\r\n The price is just $60 (USD) per month, and we can start immediately.\r\n\r\nIf you have any questions, let me know, and we can discuss further.\r\n\r\nKind Regards,\r\nKatelyn', ''),
(71, 1, 13, '6', '88445925643', ''),
(72, 1, 13, '7', 'axobajigufo34@gmail.com', ''),
(73, 1, 13, '3', 'Hæ, ég vildi vita verð þitt.', ''),
(74, 1, 14, '6', '89617543769', ''),
(75, 1, 14, '7', 'woodthighgire1988@gmail.com', ''),
(76, 1, 14, '3', 'اگه اينجا بودي ميذاشتم منو بکشي https://sikak.top/click?o=4&a=1036', ''),
(77, 1, 15, '6', '81832456779', ''),
(78, 1, 15, '7', 'ibucezevuda439@gmail.com', ''),
(79, 1, 15, '3', 'হাই, আমি আপনার মূল্য জানতে চেয়েছিলাম.', ''),
(80, 1, 16, '6', '82712828529', ''),
(81, 1, 16, '7', 'raymondNaxaminc@gmail.com', ''),
(82, 1, 16, '3', 'Greetings! rcesd.ac.ir \r\n \r\nDid you know that it is possible to send a business proposal legally and compliantly? \r\nWhen such requests are sent, no personal data is used, and messages are sent to forms specifically designed to receive messages and appeals securely. As Communication Forms are seen as important, messages sent via them are less likely to be considered spam. \r\nYou\'re invited to sample our service at no cost. \r\nWe can dispatch up to 50,000 messages to you. \r\n \r\nThe cost of sending one million messages is $59. \r\n \r\nThis message was automatically generated. \r\n \r\nContact us. \r\nTelegra', ''),
(83, 1, 17, '4', 'حجت', ''),
(84, 1, 17, '5', 'فرهانیان', ''),
(85, 1, 17, '6', '09197802488', ''),
(86, 1, 17, '7', 'iranmetrologynet@gmail.com', ''),
(87, 1, 17, '3', 'باسلام و احترام\r\nجهت عضویت در شبکه مترولوژی ایران لطفا تماس بگیرید.\r\n Iranmetrologynet.blogfa.com', ''),
(88, 1, 18, '6', '85313661578', ''),
(89, 1, 18, '7', 'somasesokiyo31@gmail.com', ''),
(90, 1, 18, '3', 'Γεια σου, ήθελα να μάθω την τιμή σας.', ''),
(91, 1, 19, '4', 'سینا', ''),
(92, 1, 19, '5', 'معماری', ''),
(93, 1, 19, '6', '09113537511-09339821342', ''),
(94, 1, 19, '3', 'با درود و سلام\r\nاحتراما اینجانب با بیش از 30 سال سابقه اداری در اداره کل محیط زیست مازندران در بخش های تخصصی اجرایی آموزشی – پژوهشی ارائه تألیفات ترجمه و کتابهای خاص زیست محیطی فعالیتهای تحقیقی و پژوهشی  در موضوعات متنوع بسیار مایل به شرکت در پژوهش ها تحقیقات و حتی تعامل  به همکاری با آن پژوهشکده  میباشم درصورت نیاز رزومه ام را ارائه خواهم کرد\r\nسپاس از مهر شما\r\nسینا معماری 2/9/1403', ''),
(95, 1, 20, '4', 'احسان', ''),
(96, 1, 20, '5', 'امینی فرزند حاج علیرضا امینی', ''),
(97, 1, 20, '6', '09132169199', ''),
(98, 1, 20, '3', 'یک مورده درشهر خمینی شهر یک خانه قدیمی مسکنی اجارهی یک خانواده 5نفر بلوچی غیرمجاز توخانه مسکنی اجارهی زندگی می کنند و7سال جمع آوری ضایعات عروقی غیرمجاز توخانه مسکنی اجارهی جمع آوری می کنید ومی فروشد هیچ کس پیگیری نمی کنید لطفا پیگیری بفرمایید آدرس خمینی شهر میدان 22بهمن خیابان امیر کبیر چهاردولت خیابان امیر کبیر روبه‌رو فرمانداری کوچه139شهید رستمی محله جوایه پشت مسجد امام حسن مجتبی داخل کوچه سمت چپ کوچه امام حسن یک داخل کوچه سمت راست خانه مسکنی اجارهی کدپستی خانه اجارهی خانه 8418866493مالک خانه اجاره داد شود پدرم حاج علیرضا امینی لطفا زود پلمپ بفرمایید', ''),
(99, 1, 21, '4', 'احسان', ''),
(100, 1, 21, '5', 'امینی فرزند حاج علیرضا امینی', ''),
(101, 1, 21, '6', '09132169199', ''),
(102, 1, 21, '3', 'یک مورده درشهر خمینی شهر یک خانه قدیمی مسکنی اجارهی یک خانواده 5نفر بلوچی غیرمجاز توخانه مسکنی اجارهی زندگی می کنند و7سال جمع آوری ضایعات عروقی غیرمجاز توخانه مسکنی اجارهی جمع آوری می کنید ومی فروشد هیچ کس پیگیری نمی کنید لطفا پیگیری بفرمایید آدرس خمینی شهر میدان 22بهمن خیابان امیر کبیر چهاردولت خیابان امیر کبیر روبه‌رو فرمانداری کوچه139شهید رستمی محله جوایه پشت مسجد امام حسن مجتبی داخل کوچه سمت چپ کوچه امام حسن یک داخل کوچه سمت راست خانه مسکنی اجارهی کدپستی خانه اجارهی خانه 8418866493مالک خانه اجاره داد شود پدرم حاج علیرضا امینی لطفا زود پلمپ بفرمایید', ''),
(103, 1, 22, '6', '89884479215', ''),
(104, 1, 22, '7', 'duqotayowud23@gmail.com', ''),
(105, 1, 22, '3', 'Sveiki, es gribēju zināt savu cenu.', ''),
(106, 1, 23, '6', '89674316397', ''),
(107, 1, 23, '7', 'axobajigufo34@gmail.com', ''),
(108, 1, 23, '3', 'Ndewo, achọrọ m ịmara ọnụahịa gị.', ''),
(109, 1, 24, '6', '83647692257', ''),
(110, 1, 24, '7', 'axobajigufo34@gmail.com', ''),
(111, 1, 24, '3', 'Aloha, makemake wau eʻike i kāu kumukūʻai.', ''),
(112, 1, 25, '4', 'هانیه', ''),
(113, 1, 25, '5', 'طاهری', ''),
(114, 1, 25, '6', '09193187673', ''),
(115, 1, 25, '7', 'hanieh79th@gmail.com', ''),
(116, 1, 25, '3', 'سلام. من لیست استارت اپهای محیط زیست و میخواستم از سایت چیزی پیدا نکردم کجاباید پیدا کنم', ''),
(117, 1, 26, '6', '83139397768', ''),
(118, 1, 26, '7', 'mikexxxx@gmail.com', ''),
(119, 1, 26, '3', 'Hi there \r\n \r\nHaving some bunch of links pointing to rcesd.ac.ir could have 0 value or worse for your website, It really doesn`t matter how many backlinks you have, what matters is the amount of keywords those websites rank for. That is the most important thing. Not the fake Moz DA or ahrefs DR score. That anyone can do these days. BUT the amount of ranking keywords the sites that link to you have. Thats it. \r\n \r\nHave such links point to your website and you will ROCK ! \r\n \r\nWe are offering this special service here: \r\nhttps://www.strictlydigital.net/product/semrush-backlinks/ \r\n \r\nIn doubts,', ''),
(120, 1, 27, '4', 'Katelyn', ''),
(121, 1, 27, '5', 'Raiden', ''),
(122, 1, 27, '6', '561932030', ''),
(123, 1, 27, '7', 'katelynraiden@gmail.com', ''),
(124, 1, 27, '3', 'Hi there,\r\n\r\nWe run a Youtube growth service, where we can increase your subscriber count safely and practically. \r\n\r\n- Guaranteed: We guarantee to gain you 700-1500 new subscribers each month.\r\n- Real, human subscribers who subscribe because they are interested in your channel/videos.\r\n- Safe: All actions are done, without using any automated tasks / bots.\r\n\r\nOur price is just $60 (USD) per month and we can start immediately.\r\n\r\nIf you are interested then we can discuss further.\r\n\r\nKind Regards,\r\nKatelyn', ''),
(125, 1, 28, '6', '81846418177', ''),
(126, 1, 28, '7', 'mikexxxx@gmail.com', ''),
(127, 1, 28, '3', 'Hi, \r\n \r\nCurious about how your website is performing? Discover its strengths and weaknesses with our Free SEO Check Tool! In just 2 minutes, you’ll get a detailed analysis of your website’s SEO health and actionable insights to help improve your rankings. \r\n \r\nTake the first step towards better performance and growth. \r\n \r\nRun Your Free SEO Check Now \r\nhttps://www.speed-seo.net/check-site-seo-score/ \r\n \r\nDon’t let overlooked SEO issues hold you back. Optimize your site today and stay ahead of the competition! \r\n \r\nBest regards, \r\n \r\n \r\nMike Adrian\r\n \r\nSpeed SEO \r\nWhatsapp us: https://www.spee', ''),
(128, 1, 29, '6', '88483653947', ''),
(129, 1, 29, '7', 'somasesokiyo31@gmail.com', ''),
(130, 1, 29, '3', 'Salam, qiymətinizi bilmək istədim.', ''),
(131, 1, 30, '6', '84513719824', ''),
(132, 1, 30, '7', 'ibucezevuda439@gmail.com', ''),
(133, 1, 30, '3', 'Salut, ech wollt Äre Präis wëssen.', ''),
(134, 1, 31, '6', '83644227438', ''),
(135, 1, 31, '7', 'mikexxxx@gmail.com', ''),
(136, 1, 31, '3', 'Hi there, \r\n \r\nI recently took a look at rcesd.ac.ir and spotted some areas where we could improve your SEO rankings and overall visibility. Small changes can make a big difference! \r\n \r\nCurious? Create your own free SEO report here: https://www.hilkom-digital.com/get-report/ \r\n \r\nIf you\'re ready to take it further, our tailored SEO plans are designed to help you grow: https://www.hilkom-digital.com/cheap-seo-packages/ \r\n \r\nLet’s chat about getting rcesd.ac.ir the visibility it deserves. \r\nWhatsApp: https://www.hilkom-digital.com/whatsapp-us/ \r\n \r\nBest, \r\nMike Kenneth Hansen\r\n \r\nHilkom Digital', ''),
(137, 1, 32, '6', '89665929332', ''),
(138, 1, 32, '7', 'ibucezevuda439@gmail.com', ''),
(139, 1, 32, '3', 'Hallo, ek wou jou prys ken.', '');

-- --------------------------------------------------------

--
-- Table structure for table `wp_gf_entry_notes`
--

CREATE TABLE `wp_gf_entry_notes` (
  `id` int(10) UNSIGNED NOT NULL,
  `entry_id` int(10) UNSIGNED NOT NULL,
  `user_name` varchar(250) DEFAULT NULL,
  `user_id` bigint(10) DEFAULT NULL,
  `date_created` datetime NOT NULL,
  `value` longtext DEFAULT NULL,
  `note_type` varchar(50) DEFAULT NULL,
  `sub_type` varchar(50) DEFAULT NULL
) ENGINE=InnoDB DEFAULT CHARSET=utf8mb4 COLLATE=utf8mb4_unicode_520_ci;

--
-- Dumping data for table `wp_gf_entry_notes`
--

INSERT INTO `wp_gf_entry_notes` (`id`, `entry_id`, `user_name`, `user_id`, `date_created`, `value`, `note_type`, `sub_type`) VALUES
(1, 1, 'User Notification (شناسه: 51794abf1f0d1)', 0, '2024-10-30 18:09:58', 'وردپرس نتوانست ایمیل اطلاعیه را ارسال کند. ارسال ایمیل امکان پذیر نیست زیرا آدرس TO نامعتبر است.', 'notification', 'error'),
(2, 1, 'Admin Notification (شناسه: 51794abf1f0d2)', 0, '2024-10-30 18:09:58', 'وردپرس با موفقیت ایمیل اطلاعیه را به سرور فرستنده منتقل کرد.', 'notification', 'success'),
(3, 2, 'User Notification (شناسه: 51794abf1f0d1)', 0, '2024-11-01 14:45:07', 'وردپرس نتوانست ایمیل اطلاعیه را ارسال کند. ارسال ایمیل امکان پذیر نیست زیرا آدرس TO نامعتبر است.', 'notification', 'error'),
(4, 2, 'Admin Notification (شناسه: 51794abf1f0d2)', 0, '2024-11-01 14:45:07', 'وردپرس با موفقیت ایمیل اطلاعیه را به سرور فرستنده منتقل کرد.', 'notification', 'success'),
(5, 3, 'User Notification (شناسه: 51794abf1f0d1)', 0, '2024-11-02 23:46:37', 'وردپرس نتوانست ایمیل اطلاعیه را ارسال کند. ارسال ایمیل امکان پذیر نیست زیرا آدرس TO نامعتبر است.', 'notification', 'error'),
(6, 3, 'Admin Notification (شناسه: 51794abf1f0d2)', 0, '2024-11-02 23:46:38', 'وردپرس با موفقیت ایمیل اطلاعیه را به سرور فرستنده منتقل کرد.', 'notification', 'success'),
(7, 4, 'اعلان مدیر (شناسه: 67274647b36a8)', 0, '2024-11-03 09:51:16', 'وردپرس با موفقیت ایمیل اطلاعیه را به سرور فرستنده منتقل کرد.', 'notification', 'success'),
(8, 5, 'User Notification (شناسه: 51794abf1f0d1)', 0, '2024-11-03 09:58:10', 'وردپرس نتوانست ایمیل اطلاعیه را ارسال کند. ارسال ایمیل امکان پذیر نیست زیرا آدرس TO نامعتبر است.', 'notification', 'error'),
(9, 5, 'Admin Notification (شناسه: 51794abf1f0d2)', 0, '2024-11-03 09:58:10', 'وردپرس با موفقیت ایمیل اطلاعیه را به سرور فرستنده منتقل کرد.', 'notification', 'success'),
(10, 6, 'User Notification (شناسه: 51794abf1f0d1)', 0, '2024-11-03 10:01:59', 'وردپرس نتوانست ایمیل اطلاعیه را ارسال کند. ارسال ایمیل امکان پذیر نیست زیرا آدرس TO نامعتبر است.', 'notification', 'error'),
(11, 6, 'Admin Notification (شناسه: 51794abf1f0d2)', 0, '2024-11-03 10:01:59', 'وردپرس با موفقیت ایمیل اطلاعیه را به سرور فرستنده منتقل کرد.', 'notification', 'success'),
(12, 7, 'User Notification (شناسه: 51794abf1f0d1)', 0, '2024-11-07 04:48:07', 'وردپرس نتوانست ایمیل اطلاعیه را ارسال کند. ارسال ایمیل امکان پذیر نیست زیرا آدرس TO نامعتبر است.', 'notification', 'error'),
(13, 7, 'Admin Notification (شناسه: 51794abf1f0d2)', 0, '2024-11-07 04:48:08', 'وردپرس با موفقیت ایمیل اطلاعیه را به سرور فرستنده منتقل کرد.', 'notification', 'success'),
(14, 8, 'User Notification (شناسه: 51794abf1f0d1)', 0, '2024-11-08 09:45:29', 'وردپرس نتوانست ایمیل اطلاعیه را ارسال کند. ارسال ایمیل امکان پذیر نیست زیرا آدرس TO نامعتبر است.', 'notification', 'error'),
(15, 8, 'Admin Notification (شناسه: 51794abf1f0d2)', 0, '2024-11-08 09:45:29', 'وردپرس با موفقیت ایمیل اطلاعیه را به سرور فرستنده منتقل کرد.', 'notification', 'success'),
(16, 9, 'User Notification (شناسه: 51794abf1f0d1)', 0, '2024-11-08 22:48:07', 'وردپرس نتوانست ایمیل اطلاعیه را ارسال کند. ارسال ایمیل امکان پذیر نیست زیرا آدرس TO نامعتبر است.', 'notification', 'error'),
(17, 9, 'Admin Notification (شناسه: 51794abf1f0d2)', 0, '2024-11-08 22:48:08', 'وردپرس با موفقیت ایمیل اطلاعیه را به سرور فرستنده منتقل کرد.', 'notification', 'success'),
(18, 10, 'User Notification (شناسه: 51794abf1f0d1)', 0, '2024-11-12 13:06:26', 'وردپرس نتوانست ایمیل اطلاعیه را ارسال کند. ارسال ایمیل امکان پذیر نیست زیرا آدرس TO نامعتبر است.', 'notification', 'error'),
(19, 10, 'Admin Notification (شناسه: 51794abf1f0d2)', 0, '2024-11-12 13:06:26', 'وردپرس با موفقیت ایمیل اطلاعیه را به سرور فرستنده منتقل کرد.', 'notification', 'success'),
(20, 11, 'User Notification (شناسه: 51794abf1f0d1)', 0, '2024-11-13 11:12:19', 'وردپرس نتوانست ایمیل اطلاعیه را ارسال کند. ارسال ایمیل امکان پذیر نیست زیرا آدرس TO نامعتبر است.', 'notification', 'error'),
(21, 11, 'Admin Notification (شناسه: 51794abf1f0d2)', 0, '2024-11-13 11:12:20', 'وردپرس با موفقیت ایمیل اطلاعیه را به سرور فرستنده منتقل کرد.', 'notification', 'success'),
(22, 12, 'User Notification (شناسه: 51794abf1f0d1)', 0, '2024-11-13 14:38:34', 'وردپرس نتوانست ایمیل اطلاعیه را ارسال کند. ارسال ایمیل امکان پذیر نیست زیرا آدرس TO نامعتبر است.', 'notification', 'error'),
(23, 12, 'Admin Notification (شناسه: 51794abf1f0d2)', 0, '2024-11-13 14:38:34', 'وردپرس با موفقیت ایمیل اطلاعیه را به سرور فرستنده منتقل کرد.', 'notification', 'success'),
(24, 13, 'User Notification (شناسه: 51794abf1f0d1)', 0, '2024-11-17 04:30:45', 'وردپرس نتوانست ایمیل اطلاعیه را ارسال کند. ارسال ایمیل امکان پذیر نیست زیرا آدرس TO نامعتبر است.', 'notification', 'error'),
(25, 13, 'Admin Notification (شناسه: 51794abf1f0d2)', 0, '2024-11-17 04:30:45', 'وردپرس با موفقیت ایمیل اطلاعیه را به سرور فرستنده منتقل کرد.', 'notification', 'success'),
(26, 14, 'User Notification (شناسه: 51794abf1f0d1)', 0, '2024-11-17 18:59:48', 'وردپرس نتوانست ایمیل اطلاعیه را ارسال کند. ارسال ایمیل امکان پذیر نیست زیرا آدرس TO نامعتبر است.', 'notification', 'error'),
(27, 14, 'Admin Notification (شناسه: 51794abf1f0d2)', 0, '2024-11-17 18:59:49', 'وردپرس با موفقیت ایمیل اطلاعیه را به سرور فرستنده منتقل کرد.', 'notification', 'success'),
(28, 15, 'User Notification (شناسه: 51794abf1f0d1)', 0, '2024-11-18 22:06:58', 'وردپرس نتوانست ایمیل اطلاعیه را ارسال کند. ارسال ایمیل امکان پذیر نیست زیرا آدرس TO نامعتبر است.', 'notification', 'error'),
(29, 15, 'Admin Notification (شناسه: 51794abf1f0d2)', 0, '2024-11-18 22:06:58', 'وردپرس با موفقیت ایمیل اطلاعیه را به سرور فرستنده منتقل کرد.', 'notification', 'success'),
(30, 16, 'User Notification (شناسه: 51794abf1f0d1)', 0, '2024-11-20 04:38:05', 'وردپرس نتوانست ایمیل اطلاعیه را ارسال کند. ارسال ایمیل امکان پذیر نیست زیرا آدرس TO نامعتبر است.', 'notification', 'error'),
(31, 16, 'Admin Notification (شناسه: 51794abf1f0d2)', 0, '2024-11-20 04:38:05', 'وردپرس با موفقیت ایمیل اطلاعیه را به سرور فرستنده منتقل کرد.', 'notification', 'success'),
(32, 17, 'User Notification (شناسه: 51794abf1f0d1)', 0, '2024-11-20 05:07:19', 'وردپرس نتوانست ایمیل اطلاعیه را ارسال کند. ارسال ایمیل امکان پذیر نیست زیرا آدرس TO نامعتبر است.', 'notification', 'error'),
(33, 17, 'Admin Notification (شناسه: 51794abf1f0d2)', 0, '2024-11-20 05:07:20', 'وردپرس با موفقیت ایمیل اطلاعیه را به سرور فرستنده منتقل کرد.', 'notification', 'success'),
(34, 18, 'User Notification (شناسه: 51794abf1f0d1)', 0, '2024-11-20 15:42:18', 'وردپرس نتوانست ایمیل اطلاعیه را ارسال کند. ارسال ایمیل امکان پذیر نیست زیرا آدرس TO نامعتبر است.', 'notification', 'error'),
(35, 18, 'Admin Notification (شناسه: 51794abf1f0d2)', 0, '2024-11-20 15:42:18', 'وردپرس با موفقیت ایمیل اطلاعیه را به سرور فرستنده منتقل کرد.', 'notification', 'success'),
(36, 19, 'User Notification (شناسه: 51794abf1f0d1)', 0, '2024-11-22 09:57:02', 'وردپرس نتوانست ایمیل اطلاعیه را ارسال کند. ارسال ایمیل امکان پذیر نیست زیرا آدرس TO نامعتبر است.', 'notification', 'error'),
(37, 19, 'Admin Notification (شناسه: 51794abf1f0d2)', 0, '2024-11-22 09:57:02', 'وردپرس با موفقیت ایمیل اطلاعیه را به سرور فرستنده منتقل کرد.', 'notification', 'success'),
(38, 20, 'User Notification (شناسه: 51794abf1f0d1)', 0, '2024-11-22 14:18:23', 'وردپرس نتوانست ایمیل اطلاعیه را ارسال کند. ارسال ایمیل امکان پذیر نیست زیرا آدرس TO نامعتبر است.', 'notification', 'error'),
(39, 20, 'Admin Notification (شناسه: 51794abf1f0d2)', 0, '2024-11-22 14:18:24', 'وردپرس با موفقیت ایمیل اطلاعیه را به سرور فرستنده منتقل کرد.', 'notification', 'success'),
(40, 21, 'User Notification (شناسه: 51794abf1f0d1)', 0, '2024-11-22 14:19:41', 'وردپرس نتوانست ایمیل اطلاعیه را ارسال کند. ارسال ایمیل امکان پذیر نیست زیرا آدرس TO نامعتبر است.', 'notification', 'error'),
(41, 21, 'Admin Notification (شناسه: 51794abf1f0d2)', 0, '2024-11-22 14:19:42', 'وردپرس با موفقیت ایمیل اطلاعیه را به سرور فرستنده منتقل کرد.', 'notification', 'success'),
(42, 22, 'User Notification (شناسه: 51794abf1f0d1)', 0, '2024-11-23 18:18:18', 'وردپرس نتوانست ایمیل اطلاعیه را ارسال کند. ارسال ایمیل امکان پذیر نیست زیرا آدرس TO نامعتبر است.', 'notification', 'error'),
(43, 22, 'Admin Notification (شناسه: 51794abf1f0d2)', 0, '2024-11-23 18:18:19', 'وردپرس با موفقیت ایمیل اطلاعیه را به سرور فرستنده منتقل کرد.', 'notification', 'success'),
(44, 23, 'User Notification (شناسه: 51794abf1f0d1)', 0, '2024-11-24 20:04:47', 'وردپرس نتوانست ایمیل اطلاعیه را ارسال کند. ارسال ایمیل امکان پذیر نیست زیرا آدرس TO نامعتبر است.', 'notification', 'error'),
(45, 23, 'Admin Notification (شناسه: 51794abf1f0d2)', 0, '2024-11-24 20:04:47', 'وردپرس با موفقیت ایمیل اطلاعیه را به سرور فرستنده منتقل کرد.', 'notification', 'success'),
(46, 24, 'User Notification (شناسه: 51794abf1f0d1)', 0, '2024-11-28 18:36:47', 'وردپرس نتوانست ایمیل اطلاعیه را ارسال کند. ارسال ایمیل امکان پذیر نیست زیرا آدرس TO نامعتبر است.', 'notification', 'error'),
(47, 24, 'Admin Notification (شناسه: 51794abf1f0d2)', 0, '2024-11-28 18:36:47', 'وردپرس با موفقیت ایمیل اطلاعیه را به سرور فرستنده منتقل کرد.', 'notification', 'success'),
(48, 25, 'User Notification (شناسه: 51794abf1f0d1)', 0, '2024-11-30 09:07:13', 'وردپرس نتوانست ایمیل اطلاعیه را ارسال کند. ارسال ایمیل امکان پذیر نیست زیرا آدرس TO نامعتبر است.', 'notification', 'error'),
(49, 25, 'Admin Notification (شناسه: 51794abf1f0d2)', 0, '2024-11-30 09:07:14', 'وردپرس با موفقیت ایمیل اطلاعیه را به سرور فرستنده منتقل کرد.', 'notification', 'success'),
(50, 26, 'User Notification (شناسه: 51794abf1f0d1)', 0, '2024-11-30 17:20:17', 'وردپرس نتوانست ایمیل اطلاعیه را ارسال کند. ارسال ایمیل امکان پذیر نیست زیرا آدرس TO نامعتبر است.', 'notification', 'error'),
(51, 26, 'Admin Notification (شناسه: 51794abf1f0d2)', 0, '2024-11-30 17:20:17', 'وردپرس با موفقیت ایمیل اطلاعیه را به سرور فرستنده منتقل کرد.', 'notification', 'success'),
(52, 27, 'User Notification (شناسه: 51794abf1f0d1)', 0, '2024-12-01 11:21:08', 'وردپرس نتوانست ایمیل اطلاعیه را ارسال کند. ارسال ایمیل امکان پذیر نیست زیرا آدرس TO نامعتبر است.', 'notification', 'error'),
(53, 27, 'Admin Notification (شناسه: 51794abf1f0d2)', 0, '2024-12-01 11:21:08', 'وردپرس با موفقیت ایمیل اطلاعیه را به سرور فرستنده منتقل کرد.', 'notification', 'success'),
(54, 28, 'User Notification (شناسه: 51794abf1f0d1)', 0, '2024-12-04 05:11:05', 'وردپرس نتوانست ایمیل اطلاعیه را ارسال کند. ارسال ایمیل امکان پذیر نیست زیرا آدرس TO نامعتبر است.', 'notification', 'error'),
(55, 28, 'Admin Notification (شناسه: 51794abf1f0d2)', 0, '2024-12-04 05:11:05', 'وردپرس با موفقیت ایمیل اطلاعیه را به سرور فرستنده منتقل کرد.', 'notification', 'success'),
(56, 29, 'User Notification (شناسه: 51794abf1f0d1)', 0, '2024-12-04 14:29:33', 'وردپرس نتوانست ایمیل اطلاعیه را ارسال کند. ارسال ایمیل امکان پذیر نیست زیرا آدرس TO نامعتبر است.', 'notification', 'error'),
(57, 29, 'Admin Notification (شناسه: 51794abf1f0d2)', 0, '2024-12-04 14:29:34', 'وردپرس با موفقیت ایمیل اطلاعیه را به سرور فرستنده منتقل کرد.', 'notification', 'success'),
(58, 30, 'User Notification (شناسه: 51794abf1f0d1)', 0, '2024-12-06 14:40:02', 'وردپرس نتوانست ایمیل اطلاعیه را ارسال کند. ارسال ایمیل امکان پذیر نیست زیرا آدرس TO نامعتبر است.', 'notification', 'error'),
(59, 30, 'Admin Notification (شناسه: 51794abf1f0d2)', 0, '2024-12-06 14:40:02', 'وردپرس با موفقیت ایمیل اطلاعیه را به سرور فرستنده منتقل کرد.', 'notification', 'success'),
(60, 31, 'User Notification (شناسه: 51794abf1f0d1)', 0, '2024-12-10 23:44:17', 'وردپرس نتوانست ایمیل اطلاعیه را ارسال کند. ارسال ایمیل امکان پذیر نیست زیرا آدرس TO نامعتبر است.', 'notification', 'error'),
(61, 31, 'Admin Notification (شناسه: 51794abf1f0d2)', 0, '2024-12-10 23:44:18', 'وردپرس با موفقیت ایمیل اطلاعیه را به سرور فرستنده منتقل کرد.', 'notification', 'success'),
(62, 32, 'User Notification (شناسه: 51794abf1f0d1)', 0, '2024-12-12 06:02:49', 'وردپرس نتوانست ایمیل اطلاعیه را ارسال کند. ارسال ایمیل امکان پذیر نیست زیرا آدرس TO نامعتبر است.', 'notification', 'error'),
(63, 32, 'Admin Notification (شناسه: 51794abf1f0d2)', 0, '2024-12-12 06:02:49', 'وردپرس با موفقیت ایمیل اطلاعیه را به سرور فرستنده منتقل کرد.', 'notification', 'success');

-- --------------------------------------------------------

--
-- Table structure for table `wp_gf_form`
--

CREATE TABLE `wp_gf_form` (
  `id` mediumint(10) UNSIGNED NOT NULL,
  `title` varchar(150) NOT NULL,
  `date_created` datetime NOT NULL,
  `date_updated` datetime DEFAULT NULL,
  `is_active` tinyint(10) NOT NULL DEFAULT 1,
  `is_trash` tinyint(10) NOT NULL DEFAULT 0
) ENGINE=InnoDB DEFAULT CHARSET=utf8mb4 COLLATE=utf8mb4_unicode_520_ci;

--
-- Dumping data for table `wp_gf_form`
--

INSERT INTO `wp_gf_form` (`id`, `title`, `date_created`, `date_updated`, `is_active`, `is_trash`) VALUES
(1, 'تماس با ما', '2024-09-28 14:55:12', NULL, 1, 0),
(2, 'رزومه ها', '2024-11-03 09:26:15', NULL, 1, 0),
(3, 'دریافت رزومه', '2024-11-03 09:45:43', NULL, 1, 0);

-- --------------------------------------------------------

--
-- Table structure for table `wp_gf_form_meta`
--

CREATE TABLE `wp_gf_form_meta` (
  `form_id` mediumint(10) UNSIGNED NOT NULL,
  `display_meta` longtext DEFAULT NULL,
  `entries_grid_meta` longtext DEFAULT NULL,
  `confirmations` longtext DEFAULT NULL,
  `notifications` longtext DEFAULT NULL
) ENGINE=InnoDB DEFAULT CHARSET=utf8mb4 COLLATE=utf8mb4_unicode_520_ci;

--
-- Dumping data for table `wp_gf_form_meta`
--

INSERT INTO `wp_gf_form_meta` (`form_id`, `display_meta`, `entries_grid_meta`, `confirmations`, `notifications`) VALUES
(1, '{\"labelPlacement\":\"top_label\",\"useCurrentUserAsAuthor\":\"1\",\"postAuthor\":\"1\",\"postCategory\":\"1\",\"postStatus\":\"draft\",\"title\":\"\\u062a\\u0645\\u0627\\u0633 \\u0628\\u0627 \\u0645\\u0627\",\"description\":\"\",\"maxEntriesAllowed\":\"0\",\"button\":{\"type\":\"text\",\"text\":\"\\u0627\\u0631\\u0633\\u0627\\u0644\",\"imageUrl\":\"\",\"conditionalLogic\":null,\"width\":\"auto\",\"location\":\"bottom\",\"layoutGridColumnSpan\":12,\"id\":\"submit\"},\"fields\":[{\"type\":\"text\",\"id\":4,\"formId\":1,\"label\":\"\\u0646\\u0627\\u0645\",\"adminLabel\":\"\",\"isRequired\":false,\"size\":\"large\",\"errorMessage\":\"\",\"visibility\":\"visible\",\"inputs\":null,\"description\":\"\",\"allowsPrepopulate\":false,\"inputMask\":false,\"inputMaskValue\":\"\",\"inputMaskIsCustom\":false,\"maxLength\":\"\",\"inputType\":\"text\",\"labelPlacement\":\"\",\"descriptionPlacement\":\"\",\"subLabelPlacement\":\"\",\"placeholder\":\"\",\"cssClass\":\"\",\"inputName\":\"\",\"noDuplicates\":false,\"defaultValue\":\"\",\"enableAutocomplete\":false,\"autocompleteAttribute\":\"\",\"choices\":\"\",\"conditionalLogic\":\"\",\"productField\":\"\",\"layoutGridColumnSpan\":6,\"enablePasswordInput\":\"\",\"enableEnhancedUI\":0,\"layoutGroupId\":\"755102fe\",\"multipleFiles\":false,\"maxFiles\":\"\",\"calculationFormula\":\"\",\"calculationRounding\":\"\",\"enableCalculation\":\"\",\"disableQuantity\":false,\"displayAllCategories\":false,\"useRichTextEditor\":false,\"errors\":[],\"pageNumber\":1,\"fields\":\"\"},{\"type\":\"text\",\"id\":5,\"formId\":1,\"label\":\"\\u0646\\u0627\\u0645 \\u062e\\u0627\\u0646\\u0648\\u0627\\u062f\\u06af\\u06cc\",\"adminLabel\":\"\",\"isRequired\":false,\"size\":\"large\",\"errorMessage\":\"\",\"visibility\":\"visible\",\"inputs\":null,\"description\":\"\",\"allowsPrepopulate\":false,\"inputMask\":false,\"inputMaskValue\":\"\",\"inputMaskIsCustom\":false,\"maxLength\":\"\",\"inputType\":\"text\",\"labelPlacement\":\"\",\"descriptionPlacement\":\"\",\"subLabelPlacement\":\"\",\"placeholder\":\"\",\"cssClass\":\"\",\"inputName\":\"\",\"noDuplicates\":false,\"defaultValue\":\"\",\"enableAutocomplete\":false,\"autocompleteAttribute\":\"\",\"choices\":\"\",\"conditionalLogic\":\"\",\"productField\":\"\",\"layoutGridColumnSpan\":6,\"enablePasswordInput\":\"\",\"enableEnhancedUI\":0,\"layoutGroupId\":\"755102fe\",\"multipleFiles\":false,\"maxFiles\":\"\",\"calculationFormula\":\"\",\"calculationRounding\":\"\",\"enableCalculation\":\"\",\"disableQuantity\":false,\"displayAllCategories\":false,\"useRichTextEditor\":false,\"errors\":[],\"pageNumber\":1,\"fields\":\"\"},{\"type\":\"phone\",\"id\":6,\"formId\":1,\"label\":\"\\u0634\\u0645\\u0627\\u0631\\u0647 \\u062a\\u0645\\u0627\\u0633\",\"adminLabel\":\"\",\"isRequired\":false,\"size\":\"large\",\"errorMessage\":\"\",\"visibility\":\"visible\",\"inputs\":null,\"phoneFormat\":\"international\",\"autocompleteAttribute\":\"tel\",\"description\":\"\",\"allowsPrepopulate\":false,\"inputMask\":false,\"inputMaskValue\":\"\",\"inputMaskIsCustom\":false,\"maxLength\":\"\",\"inputType\":\"phone\",\"labelPlacement\":\"\",\"descriptionPlacement\":\"\",\"subLabelPlacement\":\"\",\"placeholder\":\"\",\"cssClass\":\"\",\"inputName\":\"\",\"noDuplicates\":false,\"defaultValue\":\"\",\"enableAutocomplete\":false,\"choices\":\"\",\"conditionalLogic\":\"\",\"productField\":\"\",\"layoutGridColumnSpan\":12,\"enableEnhancedUI\":0,\"layoutGroupId\":\"284e76d4\",\"multipleFiles\":false,\"maxFiles\":\"\",\"calculationFormula\":\"\",\"calculationRounding\":\"\",\"enableCalculation\":\"\",\"disableQuantity\":false,\"displayAllCategories\":false,\"useRichTextEditor\":false,\"errors\":[],\"pageNumber\":1,\"fields\":\"\"},{\"type\":\"email\",\"id\":7,\"formId\":1,\"label\":\"\\u0627\\u06cc\\u0645\\u06cc\\u0644\",\"adminLabel\":\"\",\"isRequired\":false,\"size\":\"large\",\"errorMessage\":\"\",\"visibility\":\"visible\",\"inputs\":null,\"autocompleteAttribute\":\"email\",\"description\":\"\",\"allowsPrepopulate\":false,\"inputMask\":false,\"inputMaskValue\":\"\",\"inputMaskIsCustom\":false,\"maxLength\":\"\",\"inputType\":\"email\",\"labelPlacement\":\"\",\"descriptionPlacement\":\"\",\"subLabelPlacement\":\"\",\"placeholder\":\"\",\"cssClass\":\"\",\"inputName\":\"\",\"noDuplicates\":false,\"defaultValue\":\"\",\"enableAutocomplete\":false,\"choices\":\"\",\"conditionalLogic\":\"\",\"productField\":\"\",\"layoutGridColumnSpan\":12,\"emailConfirmEnabled\":\"\",\"enableEnhancedUI\":0,\"layoutGroupId\":\"d05ff1eb\",\"multipleFiles\":false,\"maxFiles\":\"\",\"calculationFormula\":\"\",\"calculationRounding\":\"\",\"enableCalculation\":\"\",\"disableQuantity\":false,\"displayAllCategories\":false,\"useRichTextEditor\":false,\"pageNumber\":1,\"fields\":\"\"},{\"type\":\"textarea\",\"id\":3,\"isRequired\":true,\"size\":\"medium\",\"label\":\"\\u067e\\u06cc\\u063a\\u0627\\u0645 \\u0634\\u0645\\u0627\",\"inputType\":\"textarea\",\"displayOnly\":\"\",\"inputs\":\"\",\"choices\":\"\",\"conditionalLogic\":\"\",\"labelPlacement\":\"\",\"descriptionPlacement\":\"\",\"subLabelPlacement\":\"\",\"placeholder\":\"\",\"multipleFiles\":false,\"maxFiles\":\"\",\"calculationFormula\":\"\",\"calculationRounding\":\"\",\"enableCalculation\":\"\",\"disableQuantity\":false,\"displayAllCategories\":false,\"inputMask\":false,\"inputMaskValue\":\"\",\"allowsPrepopulate\":false,\"useRichTextEditor\":false,\"visibility\":\"visible\",\"fields\":\"\",\"inputMaskIsCustom\":false,\"description\":\"\\u0644\\u0637\\u0641\\u0627 \\u0628\\u0647 \\u0645\\u0627 \\u0627\\u0637\\u0644\\u0627\\u0639 \\u062f\\u0647\\u06cc\\u062f \\u0686\\u0647 \\u0686\\u06cc\\u0632\\u06cc \\u062f\\u0631 \\u0630\\u0647\\u0646 \\u0634\\u0645\\u0627 \\u0627\\u0633\\u062a. \\u0633\\u0648\\u0627\\u0644\\u064a \\u0627\\u0632 \\u0645\\u0627 \\u062f\\u0627\\u0631\\u064a\\u061f \\u0627\\u0632\\u0634 \\u0628\\u067e\\u0631\\u0633.\",\"defaultValue\":\"\",\"checkboxLabel\":\"\",\"maxLength\":600,\"layoutGroupId\":\"2de1220e\",\"adminLabel\":\"\",\"errorMessage\":\"\",\"cssClass\":\"\",\"inputName\":\"\",\"noDuplicates\":false,\"enableAutocomplete\":false,\"autocompleteAttribute\":\"\",\"pageNumber\":1,\"formId\":1,\"errors\":[]}],\"descriptionPlacement\":\"above\",\"postContentTemplateEnabled\":false,\"postTitleTemplateEnabled\":false,\"postTitleTemplate\":\"\",\"postContentTemplate\":\"\",\"lastPageButton\":null,\"pagination\":null,\"firstPageCssClass\":null,\"nextFieldId\":8,\"subLabelPlacement\":\"above\",\"cssClass\":\"\",\"enableHoneypot\":false,\"enableAnimation\":false,\"save\":{\"enabled\":false,\"button\":{\"type\":\"link\",\"text\":\"\\u0630\\u062e\\u06cc\\u0631\\u0647 \\u06a9\\u0646\\u06cc\\u062f \\u0648 \\u0628\\u0639\\u062f\\u0627 \\u0627\\u062f\\u0627\\u0645\\u0647 \\u062f\\u0647\\u06cc\\u062f.\"}},\"limitEntries\":false,\"limitEntriesCount\":\"\",\"limitEntriesPeriod\":\"\",\"limitEntriesMessage\":\"\",\"scheduleForm\":false,\"scheduleStart\":\"\",\"scheduleStartHour\":\"\",\"scheduleStartMinute\":\"\",\"scheduleStartAmpm\":\"\",\"scheduleEnd\":\"\",\"scheduleEndHour\":\"\",\"scheduleEndMinute\":\"\",\"scheduleEndAmpm\":\"\",\"schedulePendingMessage\":\"\",\"scheduleMessage\":\"\",\"requireLogin\":false,\"requireLoginMessage\":\"\",\"feeds\":{\"gravityformsadvancedpostcreation\":[]},\"version\":\"2.8.17\",\"validationSummary\":\"1\",\"requiredIndicator\":\"text\",\"customRequiredIndicator\":\"\",\"markupVersion\":2,\"autoResponder\":{\"from\":\"{admin_email}\",\"subject\":\"\\u0627\\u0632 \\u0634\\u0645\\u0627 \\u0628\\u0631\\u0627\\u06cc %s \\u067e\\u0627\\u0633\\u062e \\u0645\\u062a\\u0634\\u06a9\\u0631\\u06cc\\u0645\\u060c \\u0645\\u0627 \\u062f\\u0631\\u06cc\\u0627\\u0641\\u062a \\u06a9\\u0631\\u062f\\u06cc\\u0645\",\"message\":\"<p>\\u0633\\u0644\\u0627\\u0645 \\u0648\\u062c\\u0648\\u062f \\u062f\\u0627\\u0631\\u062f {\\u0646\\u0627\\u0645 (\\u0627\\u0648\\u0644):1.3},<\\/p><p>\\u0645\\u0645\\u0646\\u0648\\u0646 \\u06a9\\u0647 \\u0628\\u0627\\u0647\\u0627\\u0634 \\u062a\\u0645\\u0627\\u0633 \\u06af\\u0631\\u0641\\u062a\\u064a \\u0645\\u0627 \\u0627\\u0633\\u062a\\u0639\\u0644\\u0627\\u0645 \\u0634\\u0645\\u0627 \\u0631\\u0627 \\u062f\\u0631\\u06cc\\u0627\\u0641\\u062a \\u06a9\\u0631\\u062f\\u0647 \\u0627\\u0646\\u062f \\u0648 \\u062f\\u0631 \\u0639\\u0631\\u0636 \\u06cc\\u06a9 \\u0631\\u0648\\u0632 \\u06a9\\u0633\\u0628 \\u0648 \\u06a9\\u0627\\u0631 \\u0628\\u0647 \\u0634\\u0645\\u0627 \\u0628\\u0631\\u0645\\u06cc \\u06af\\u0631\\u062f\\u06cc\\u0645.<\\/p>\",\"toField\":\"2\"},\"delete_entry\":\"\",\"delete_entry_condition\":\"\",\"delete_entry_period\":\"\",\"delete_entry_units\":\"hour\",\"template_id\":\"basic_contact\",\"id\":1}', NULL, '{\"5179518e5e160\":{\"type\":\"message\",\"id\":\"5179518e5e160\",\"isDefault\":true,\"message\":\"\\u0628\\u0627 \\u062a\\u0634\\u06a9\\u0631 \\u0627\\u0632 \\u0634\\u0645\\u0627 \\u0628\\u0631\\u0627\\u06cc \\u062a\\u0645\\u0627\\u0633 \\u0628\\u0627 \\u0645\\u0627! \\u0628\\u0647 \\u0632\\u0648\\u062f\\u06cc \\u0628\\u0627 \\u0634\\u0645\\u0627 \\u062f\\u0631 \\u0627\\u0631\\u062a\\u0628\\u0627\\u0637 \\u062e\\u0648\\u0627\\u0647\\u06cc\\u0645 \\u0628\\u0648\\u062f.\",\"name\":\"Default Confirmation\",\"disableAutoformat\":false,\"pageId\":0,\"url\":\"\",\"queryString\":\"\",\"conditionalLogic\":[]},\"672749be29a69\":{\"id\":\"672749be29a69\",\"name\":\"\\u062a\\u0627\\u06cc\\u06cc\\u062f\\u06cc\\u0647 \\u0631\\u0632\\u0648\\u0645\\u0647\",\"event\":\"\",\"type\":\"message\",\"message\":\"\\u062a\\u0628\\u0631\\u06cc\\u06a9!\\r\\n\\r\\n\\u0631\\u0632\\u0648\\u0645\\u0647 \\u0634\\u0645\\u0627 \\u0628\\u0627 \\u0645\\u0648\\u0641\\u0642\\u06cc\\u062a \\u0628\\u0647 \\u062f\\u0633\\u062a \\u0645\\u0627 \\u0631\\u0633\\u06cc\\u062f.\\r\\n\\r\\n\\u067e\\u0633 \\u0627\\u0632 \\u0628\\u0631\\u0631\\u0633\\u06cc \\u062a\\u0648\\u0633\\u0637 \\u0645\\u062f\\u06cc\\u0631 \\u0633\\u0627\\u06cc\\u062a \\u0631\\u0648\\u0632\\u0645\\u0647 \\u0634\\u0645\\u0627 \\u0628\\u0627\\u0631\\u06af\\u0630\\u0627\\u0631\\u06cc \\u0645\\u06cc \\u0634\\u0648\\u062f.\",\"disableAutoformat\":false,\"page\":\"\",\"url\":\"\",\"queryString\":\"\",\"confirmation_conditional_logic_object\":{\"actionType\":\"show\",\"logicType\":\"all\",\"rules\":[{\"fieldId\":\"4\",\"operator\":\"is\",\"value\":\"\"}]},\"confirmation_conditional_logic\":\"1\",\"conditionalLogic\":{\"actionType\":\"show\",\"logicType\":\"all\",\"rules\":[{\"fieldId\":\"4\",\"operator\":\"is\",\"value\":\"\"}]},\"legacy\":\"\",\"pageId\":\"\"}}', '{\"51794abf1f0d1\":{\"id\":\"51794abf1f0d1\",\"from\":\"{admin_email}\",\"subject\":\"\\u0627\\u0632 \\u0634\\u0645\\u0627 \\u0628\\u0631\\u0627\\u06cc %s \\u067e\\u0627\\u0633\\u062e \\u0645\\u062a\\u0634\\u06a9\\u0631\\u06cc\\u0645\\u060c \\u0645\\u0627 \\u062f\\u0631\\u06cc\\u0627\\u0641\\u062a \\u06a9\\u0631\\u062f\\u06cc\\u0645\",\"message\":\"<p>\\u0633\\u0644\\u0627\\u0645 \\u0648\\u062c\\u0648\\u062f \\u062f\\u0627\\u0631\\u062f {\\u0646\\u0627\\u0645 (\\u0627\\u0648\\u0644):1.3},<\\/p><p>\\u0645\\u0645\\u0646\\u0648\\u0646 \\u06a9\\u0647 \\u0628\\u0627\\u0647\\u0627\\u0634 \\u062a\\u0645\\u0627\\u0633 \\u06af\\u0631\\u0641\\u062a\\u064a \\u0645\\u0627 \\u0627\\u0633\\u062a\\u0639\\u0644\\u0627\\u0645 \\u0634\\u0645\\u0627 \\u0631\\u0627 \\u062f\\u0631\\u06cc\\u0627\\u0641\\u062a \\u06a9\\u0631\\u062f\\u0647 \\u0627\\u0646\\u062f \\u0648 \\u062f\\u0631 \\u0639\\u0631\\u0636 \\u06cc\\u06a9 \\u0631\\u0648\\u0632 \\u06a9\\u0633\\u0628 \\u0648 \\u06a9\\u0627\\u0631 \\u0628\\u0647 \\u0634\\u0645\\u0627 \\u0628\\u0631\\u0645\\u06cc \\u06af\\u0631\\u062f\\u06cc\\u0645.<\\/p>\",\"toType\":\"field\",\"toField\":\"2\",\"to\":\"2\",\"event\":\"form_submission\",\"name\":\"User Notification\",\"type\":\"user\"},\"51794abf1f0d2\":{\"id\":\"51794abf1f0d2\",\"from\":\"{admin_email}\",\"subject\":\"\\u0627\\u0631\\u0633\\u0627\\u0644 \\u062c\\u062f\\u06cc\\u062f \\u0627\\u0632 {form_title}\",\"message\":\"{all_fields}\",\"toType\":\"email\",\"to\":\"{admin_email}\",\"event\":\"form_submission\",\"name\":\"Admin Notification\"}}'),
(2, '{\"title\":\"\\u0631\\u0632\\u0648\\u0645\\u0647 \\u0647\\u0627\",\"description\":\"\",\"labelPlacement\":\"top_label\",\"descriptionPlacement\":\"above\",\"button\":{\"type\":\"text\",\"text\":\"\\u0627\\u0631\\u0633\\u0627\\u0644 \\u0631\\u0632\\u0648\\u0645\\u0647\",\"imageUrl\":\"\",\"conditionalLogic\":\"\",\"width\":\"auto\",\"location\":\"bottom\",\"layoutGridColumnSpan\":12,\"id\":\"submit\"},\"fields\":[{\"type\":\"section\",\"id\":8,\"label\":\"\\u0627\\u0637\\u0644\\u0627\\u0639\\u0627\\u062a \\u0634\\u062e\\u0635\\u06cc \\u0634\\u0645\\u0627\",\"adminLabel\":\"\",\"isRequired\":false,\"size\":\"medium\",\"errorMessage\":\"\",\"inputs\":null,\"displayOnly\":true,\"description\":\"\",\"allowsPrepopulate\":false,\"inputMask\":false,\"inputMaskValue\":\"\",\"inputType\":\"section\",\"labelPlacement\":\"\",\"descriptionPlacement\":\"\",\"subLabelPlacement\":\"\",\"placeholder\":\"\",\"cssClass\":\"\",\"inputName\":\"\",\"noDuplicates\":false,\"defaultValue\":\"\",\"choices\":\"\",\"conditionalLogic\":\"\",\"productField\":\"\",\"multipleFiles\":false,\"maxFiles\":\"\",\"calculationFormula\":\"\",\"calculationRounding\":\"\",\"enableCalculation\":\"\",\"disableQuantity\":false,\"displayAllCategories\":false,\"useRichTextEditor\":false,\"visibility\":\"visible\",\"fields\":\"\",\"inputMaskIsCustom\":false,\"maxLength\":\"\",\"layoutGroupId\":\"0fd84b02\",\"enableAutocomplete\":false,\"autocompleteAttribute\":\"\",\"pageNumber\":1,\"formId\":2},{\"type\":\"name\",\"id\":1,\"label\":\"\\u0644\\u0637\\u0641\\u0627 \\u0646\\u0627\\u0645 \\u062e\\u0648\\u062f \\u0631\\u0627 \\u0648\\u0627\\u0631\\u062f \\u06a9\\u0646\\u06cc\\u062f\",\"adminLabel\":\"\",\"isRequired\":true,\"size\":\"medium\",\"errorMessage\":\"\",\"nameFormat\":\"advanced\",\"inputs\":[{\"id\":\"1.2\",\"label\":\"\\u067e\\u06cc\\u0634\\u0648\\u0646\\u062f\",\"name\":\"\",\"autocompleteAttribute\":\"honorific-prefix\",\"choices\":[{\"text\":\"\\u0622\\u0642\\u0627\\u06cc.\",\"value\":\"Mr.\",\"isSelected\":false,\"price\":\"\"},{\"text\":\"\\u062e\\u0627\\u0646\\u0645.\",\"value\":\"Mrs.\",\"isSelected\":false,\"price\":\"\"},{\"text\":\"\\u062e\\u0627\\u0646\\u0645\",\"value\":\"Miss\",\"isSelected\":false,\"price\":\"\"},{\"text\":\"\\u062e\\u0627\\u0646\\u0645\",\"value\":\"Ms.\",\"isSelected\":false,\"price\":\"\"},{\"text\":\"\\u062f\\u06a9\\u062a\\u0631.\",\"value\":\"Dr.\",\"isSelected\":false,\"price\":\"\"},{\"text\":\"Prof.\",\"value\":\"Prof.\",\"isSelected\":false,\"price\":\"\"},{\"text\":\"\\u0631\\u0648\\u062d\\u0627\\u0646\\u06cc.\",\"value\":\"Rev.\",\"isSelected\":false,\"price\":\"\"}],\"isHidden\":true,\"inputType\":\"radio\",\"placeholder\":\"\"},{\"id\":\"1.3\",\"label\":\"\\u0627\\u0648\\u0644\",\"name\":\"\",\"placeholder\":\"\",\"autocompleteAttribute\":\"given-name\",\"customLabel\":\"\\u0646\\u0627\\u0645\"},{\"id\":\"1.4\",\"label\":\"\\u0645\\u06cc\\u0627\\u0646\\u0647\",\"name\":\"\",\"autocompleteAttribute\":\"additional-name\",\"isHidden\":true},{\"id\":\"1.6\",\"label\":\"\\u0622\\u062e\\u0631\\u06cc\\u0646\",\"name\":\"\",\"placeholder\":\"\",\"autocompleteAttribute\":\"family-name\",\"customLabel\":\"\\u0646\\u0627\\u0645 \\u062e\\u0627\\u0646\\u0648\\u0627\\u062f\\u06af\\u06cc\"},{\"id\":\"1.8\",\"label\":\"\\u067e\\u0633\\u0648\\u0646\\u062f\",\"name\":\"\",\"autocompleteAttribute\":\"honorific-suffix\",\"isHidden\":true}],\"description\":\"\",\"allowsPrepopulate\":false,\"inputMask\":false,\"inputMaskValue\":\"\",\"inputType\":\"name\",\"labelPlacement\":\"\",\"descriptionPlacement\":\"\",\"subLabelPlacement\":\"\",\"placeholder\":\"\",\"cssClass\":\"\",\"inputName\":\"\",\"noDuplicates\":false,\"defaultValue\":\"\",\"choices\":\"\",\"conditionalLogic\":\"\",\"productField\":\"\",\"multipleFiles\":false,\"maxFiles\":\"\",\"calculationFormula\":\"\",\"calculationRounding\":\"\",\"enableCalculation\":\"\",\"disableQuantity\":false,\"displayAllCategories\":false,\"useRichTextEditor\":false,\"displayOnly\":\"\",\"visibility\":\"visible\",\"fields\":\"\",\"inputMaskIsCustom\":false,\"maxLength\":\"\",\"layoutGroupId\":\"5d413ccd\",\"enableAutocomplete\":true,\"autocompleteAttribute\":\"\",\"pageNumber\":1,\"formId\":2,\"layoutGridColumnSpan\":12},{\"type\":\"text\",\"id\":25,\"formId\":2,\"label\":\"\\u0633\\u0645\\u062a \\u0634\\u063a\\u0644\\u06cc\",\"adminLabel\":\"\",\"isRequired\":true,\"size\":\"large\",\"errorMessage\":\"\",\"visibility\":\"visible\",\"inputs\":null,\"description\":\"\",\"allowsPrepopulate\":false,\"inputMask\":false,\"inputMaskValue\":\"\",\"inputMaskIsCustom\":false,\"maxLength\":\"\",\"inputType\":\"text\",\"labelPlacement\":\"\",\"descriptionPlacement\":\"\",\"subLabelPlacement\":\"\",\"placeholder\":\"\",\"cssClass\":\"\",\"inputName\":\"\",\"noDuplicates\":false,\"defaultValue\":\"\",\"enableAutocomplete\":false,\"autocompleteAttribute\":\"\",\"choices\":\"\",\"conditionalLogic\":\"\",\"productField\":\"\",\"layoutGridColumnSpan\":12,\"enablePasswordInput\":\"\",\"enableEnhancedUI\":0,\"layoutGroupId\":\"d97a7d75\",\"multipleFiles\":false,\"maxFiles\":\"\",\"calculationFormula\":\"\",\"calculationRounding\":\"\",\"enableCalculation\":\"\",\"disableQuantity\":false,\"displayAllCategories\":false,\"useRichTextEditor\":false,\"errors\":[],\"pageNumber\":1,\"fields\":\"\",\"displayOnly\":\"\"},{\"type\":\"text\",\"id\":26,\"formId\":2,\"label\":\"\\u0645\\u0642\\u0637\\u0639 \\u062a\\u062d\\u0635\\u06cc\\u0644\\u06cc\",\"adminLabel\":\"\",\"isRequired\":true,\"size\":\"large\",\"errorMessage\":\"\",\"visibility\":\"visible\",\"inputs\":null,\"description\":\"\",\"allowsPrepopulate\":false,\"inputMask\":false,\"inputMaskValue\":\"\",\"inputMaskIsCustom\":false,\"maxLength\":\"\",\"inputType\":\"text\",\"labelPlacement\":\"\",\"descriptionPlacement\":\"\",\"subLabelPlacement\":\"\",\"placeholder\":\"\",\"cssClass\":\"\",\"inputName\":\"\",\"noDuplicates\":false,\"defaultValue\":\"\",\"enableAutocomplete\":false,\"autocompleteAttribute\":\"\",\"choices\":\"\",\"conditionalLogic\":\"\",\"productField\":\"\",\"layoutGridColumnSpan\":12,\"enablePasswordInput\":\"\",\"enableEnhancedUI\":0,\"layoutGroupId\":\"3b558ff7\",\"multipleFiles\":false,\"maxFiles\":\"\",\"calculationFormula\":\"\",\"calculationRounding\":\"\",\"enableCalculation\":\"\",\"disableQuantity\":false,\"displayAllCategories\":false,\"useRichTextEditor\":false,\"errors\":[],\"pageNumber\":1,\"fields\":\"\",\"displayOnly\":\"\"},{\"type\":\"text\",\"id\":27,\"formId\":2,\"label\":\"\\u062f\\u0631\\u062c\\u0647 \\u0639\\u0644\\u0645\\u06cc\",\"adminLabel\":\"\",\"isRequired\":true,\"size\":\"large\",\"errorMessage\":\"\",\"visibility\":\"visible\",\"inputs\":null,\"description\":\"\",\"allowsPrepopulate\":false,\"inputMask\":false,\"inputMaskValue\":\"\",\"inputMaskIsCustom\":false,\"maxLength\":\"\",\"inputType\":\"text\",\"labelPlacement\":\"\",\"descriptionPlacement\":\"\",\"subLabelPlacement\":\"\",\"placeholder\":\"\",\"cssClass\":\"\",\"inputName\":\"\",\"noDuplicates\":false,\"defaultValue\":\"\",\"enableAutocomplete\":false,\"autocompleteAttribute\":\"\",\"choices\":\"\",\"conditionalLogic\":\"\",\"productField\":\"\",\"layoutGridColumnSpan\":12,\"enablePasswordInput\":\"\",\"enableEnhancedUI\":0,\"layoutGroupId\":\"ac878dc2\",\"multipleFiles\":false,\"maxFiles\":\"\",\"calculationFormula\":\"\",\"calculationRounding\":\"\",\"enableCalculation\":\"\",\"disableQuantity\":false,\"displayAllCategories\":false,\"useRichTextEditor\":false,\"errors\":[],\"pageNumber\":1,\"fields\":\"\",\"displayOnly\":\"\"},{\"type\":\"text\",\"id\":28,\"formId\":2,\"label\":\"\\u0641\\u06cc\\u062f scholar\",\"adminLabel\":\"\",\"isRequired\":false,\"size\":\"large\",\"errorMessage\":\"\",\"visibility\":\"visible\",\"inputs\":null,\"description\":\"\",\"allowsPrepopulate\":false,\"inputMask\":false,\"inputMaskValue\":\"\",\"inputMaskIsCustom\":false,\"maxLength\":\"\",\"inputType\":\"text\",\"labelPlacement\":\"\",\"descriptionPlacement\":\"\",\"subLabelPlacement\":\"\",\"placeholder\":\"\",\"cssClass\":\"\",\"inputName\":\"\",\"noDuplicates\":false,\"defaultValue\":\"\",\"enableAutocomplete\":false,\"autocompleteAttribute\":\"\",\"choices\":\"\",\"conditionalLogic\":\"\",\"productField\":\"\",\"layoutGridColumnSpan\":12,\"enablePasswordInput\":\"\",\"enableEnhancedUI\":0,\"layoutGroupId\":\"4403a8a7\",\"multipleFiles\":false,\"maxFiles\":\"\",\"calculationFormula\":\"\",\"calculationRounding\":\"\",\"enableCalculation\":\"\",\"disableQuantity\":false,\"displayAllCategories\":false,\"useRichTextEditor\":false,\"errors\":[],\"pageNumber\":1,\"fields\":\"\",\"displayOnly\":\"\"},{\"type\":\"email\",\"id\":23,\"formId\":2,\"label\":\"\\u0622\\u062f\\u0631\\u0633 \\u0627\\u06cc\\u0645\\u06cc\\u0644 \\u0633\\u0627\\u0632\\u0645\\u0627\\u0646\\u06cc \\u0634\\u0645\\u0627\",\"adminLabel\":\"\",\"isRequired\":false,\"size\":\"large\",\"errorMessage\":\"\",\"visibility\":\"visible\",\"inputs\":null,\"autocompleteAttribute\":\"email\",\"description\":\"\",\"allowsPrepopulate\":false,\"inputMask\":false,\"inputMaskValue\":\"\",\"inputMaskIsCustom\":false,\"maxLength\":\"\",\"inputType\":\"email\",\"labelPlacement\":\"\",\"descriptionPlacement\":\"\",\"subLabelPlacement\":\"\",\"placeholder\":\"\",\"cssClass\":\"\",\"inputName\":\"\",\"noDuplicates\":false,\"defaultValue\":\"\",\"enableAutocomplete\":false,\"choices\":\"\",\"conditionalLogic\":\"\",\"productField\":\"\",\"layoutGridColumnSpan\":12,\"emailConfirmEnabled\":\"\",\"enableEnhancedUI\":0,\"layoutGroupId\":\"15a08abb\",\"multipleFiles\":false,\"maxFiles\":\"\",\"calculationFormula\":\"\",\"calculationRounding\":\"\",\"enableCalculation\":\"\",\"disableQuantity\":false,\"displayAllCategories\":false,\"useRichTextEditor\":false,\"errors\":[],\"pageNumber\":1,\"fields\":\"\",\"displayOnly\":\"\"},{\"type\":\"phone\",\"id\":10,\"label\":\"\\u062a\\u0644\\u0641\\u0646 \\u0634\\u0645\\u0627 (\\u0634\\u0645\\u0627\\u0631\\u0647 \\u062f\\u0627\\u062e\\u0644\\u06cc \\u062e\\u0648\\u062f \\u0631\\u0627 \\u0648\\u0627\\u0631\\u062f \\u06a9\\u0646\\u06cc\\u062f)\",\"adminLabel\":\"\",\"isRequired\":false,\"size\":\"medium\",\"errorMessage\":\"\",\"inputs\":null,\"phoneFormat\":\"standard\",\"description\":\"\",\"allowsPrepopulate\":false,\"inputMask\":false,\"inputMaskValue\":\"\",\"inputType\":\"phone\",\"labelPlacement\":\"\",\"descriptionPlacement\":\"\",\"subLabelPlacement\":\"\",\"placeholder\":\"\",\"cssClass\":\"\",\"inputName\":\"\",\"noDuplicates\":false,\"defaultValue\":\"\",\"choices\":\"\",\"conditionalLogic\":\"\",\"form_id\":\"\",\"productField\":\"\",\"multipleFiles\":false,\"maxFiles\":\"\",\"calculationFormula\":\"\",\"calculationRounding\":\"\",\"enableCalculation\":\"\",\"disableQuantity\":false,\"displayAllCategories\":false,\"useRichTextEditor\":false,\"displayOnly\":\"\",\"visibility\":\"visible\",\"fields\":\"\",\"inputMaskIsCustom\":false,\"maxLength\":\"\",\"layoutGroupId\":\"567d7e54\",\"enableAutocomplete\":true,\"autocompleteAttribute\":\"tel\",\"pageNumber\":1,\"formId\":2,\"errors\":[],\"layoutGridColumnSpan\":12,\"layoutSpacerGridColumnSpan\":0},{\"type\":\"textarea\",\"id\":12,\"label\":\"\\u062f\\u0631\\u0628\\u0627\\u0631\\u0647 \\u062e\\u0648\\u062f\\u062a\\u0627\\u0646 \\u0628\\u0647 \\u0645\\u0627 \\u0628\\u06af\\u0648\\u06cc\\u06cc\\u062f (\\u06cc\\u06a9 \\u067e\\u0627\\u0631\\u0627\\u06af\\u0631\\u0627\\u0641 \\u062a\\u0648\\u0636\\u06cc\\u062d \\u0628\\u062f\\u0647\\u06cc\\u062f)\",\"adminLabel\":\"\",\"isRequired\":true,\"size\":\"medium\",\"errorMessage\":\"\",\"inputs\":null,\"description\":\"\",\"allowsPrepopulate\":false,\"inputMask\":false,\"inputMaskValue\":\"\",\"inputType\":\"textarea\",\"labelPlacement\":\"\",\"descriptionPlacement\":\"\",\"subLabelPlacement\":\"\",\"placeholder\":\"\",\"cssClass\":\"\",\"inputName\":\"\",\"noDuplicates\":false,\"defaultValue\":\"\",\"choices\":\"\",\"conditionalLogic\":\"\",\"productField\":\"\",\"form_id\":\"\",\"useRichTextEditor\":false,\"multipleFiles\":false,\"maxFiles\":\"\",\"calculationFormula\":\"\",\"calculationRounding\":\"\",\"enableCalculation\":\"\",\"disableQuantity\":false,\"displayAllCategories\":false,\"displayOnly\":\"\",\"visibility\":\"visible\",\"fields\":\"\",\"inputMaskIsCustom\":false,\"maxLength\":\"\",\"layoutGroupId\":\"a9d1642a\",\"enableAutocomplete\":false,\"autocompleteAttribute\":\"\",\"pageNumber\":1,\"formId\":2,\"errors\":[],\"layoutSpacerGridColumnSpan\":0},{\"type\":\"fileupload\",\"id\":30,\"formId\":2,\"label\":\"\\u0641\\u0627\\u06cc\\u0644\",\"adminLabel\":\"\",\"isRequired\":false,\"size\":\"large\",\"errorMessage\":\"\",\"visibility\":\"visible\",\"inputs\":null,\"description\":\"\",\"allowsPrepopulate\":false,\"inputMask\":false,\"inputMaskValue\":\"\",\"inputMaskIsCustom\":\"\",\"maxLength\":\"\",\"inputType\":\"fileupload\",\"labelPlacement\":\"\",\"descriptionPlacement\":\"\",\"subLabelPlacement\":\"\",\"placeholder\":\"\",\"cssClass\":\"\",\"inputName\":\"\",\"noDuplicates\":false,\"defaultValue\":\"\",\"enableAutocomplete\":false,\"autocompleteAttribute\":\"\",\"choices\":\"\",\"conditionalLogic\":\"\",\"maxFileSize\":\"\",\"maxFiles\":\"\",\"multipleFiles\":false,\"allowedExtensions\":\"\",\"productField\":\"\",\"layoutGridColumnSpan\":6,\"enableEnhancedUI\":0,\"layoutGroupId\":\"606009e1\",\"layoutSpacerGridColumnSpan\":0,\"pageNumber\":1,\"fields\":\"\"},{\"type\":\"post_image\",\"id\":29,\"formId\":2,\"label\":\"\\u062a\\u0635\\u0648\\u06cc\\u0631 \\u067e\\u0631\\u0648\\u0641\\u0627\\u06cc\\u0644 \\u062e\\u0648\\u062f \\u0631\\u0627 \\u0622\\u067e\\u0644\\u0648\\u062f \\u06a9\\u0646\\u06cc\\u062f\",\"adminLabel\":\"\",\"isRequired\":false,\"size\":\"large\",\"errorMessage\":\"\",\"visibility\":\"visible\",\"inputs\":null,\"allowedExtensions\":\"jpg, jpeg, png, gif\",\"description\":\"\",\"allowsPrepopulate\":false,\"inputMask\":false,\"inputMaskValue\":\"\",\"inputMaskIsCustom\":false,\"maxLength\":\"\",\"inputType\":\"post_image\",\"labelPlacement\":\"\",\"descriptionPlacement\":\"\",\"subLabelPlacement\":\"\",\"placeholder\":\"\",\"cssClass\":\"\",\"inputName\":\"\",\"noDuplicates\":false,\"defaultValue\":\"\",\"enableAutocomplete\":false,\"autocompleteAttribute\":\"\",\"choices\":\"\",\"conditionalLogic\":\"\",\"maxFileSize\":\"\",\"maxFiles\":\"\",\"multipleFiles\":false,\"productField\":\"\",\"layoutGridColumnSpan\":6,\"displayAlt\":\"\",\"displayTitle\":\"\",\"displayCaption\":\"\",\"displayDescription\":\"\",\"enableEnhancedUI\":0,\"layoutGroupId\":\"606009e1\",\"calculationFormula\":\"\",\"calculationRounding\":\"\",\"enableCalculation\":\"\",\"disableQuantity\":false,\"displayAllCategories\":false,\"useRichTextEditor\":false,\"errors\":[],\"pageNumber\":1,\"fields\":\"\",\"displayOnly\":\"\",\"layoutSpacerGridColumnSpan\":6}],\"version\":\"2.8.17\",\"useCurrentUserAsAuthor\":true,\"postContentTemplateEnabled\":false,\"postTitleTemplateEnabled\":false,\"postTitleTemplate\":\"\",\"postContentTemplate\":\"\",\"lastPageButton\":null,\"pagination\":null,\"firstPageCssClass\":null,\"subLabelPlacement\":\"above\",\"cssClass\":\"\",\"enableHoneypot\":false,\"enableAnimation\":false,\"save\":{\"enabled\":false,\"button\":{\"type\":\"link\",\"text\":\"\\u0630\\u062e\\u06cc\\u0631\\u0647 \\u06a9\\u0646\\u06cc\\u062f \\u0648 \\u0628\\u0639\\u062f\\u0627 \\u0627\\u062f\\u0627\\u0645\\u0647 \\u062f\\u0647\\u06cc\\u062f.\"}},\"limitEntries\":false,\"limitEntriesCount\":\"\",\"limitEntriesPeriod\":\"\",\"limitEntriesMessage\":\"\",\"scheduleForm\":false,\"scheduleStart\":\"\",\"scheduleStartHour\":\"\",\"scheduleStartMinute\":\"\",\"scheduleStartAmpm\":\"\",\"scheduleEnd\":\"\",\"scheduleEndHour\":\"\",\"scheduleEndMinute\":\"\",\"scheduleEndAmpm\":\"\",\"schedulePendingMessage\":\"\",\"scheduleMessage\":\"\",\"requireLogin\":false,\"requireLoginMessage\":\"\",\"nextFieldId\":31,\"markupVersion\":2,\"validationSummary\":\"1\",\"requiredIndicator\":\"text\",\"customRequiredIndicator\":\"\",\"delete_entry\":\"\",\"delete_entry_condition\":\"\",\"delete_entry_period\":\"\",\"delete_entry_units\":\"hour\",\"form_slug\":\"employment-application-form\",\"template_id\":\"employment\",\"id\":2,\"autoResponder\":{\"from\":\"{admin_email}\",\"subject\":\"\\u0645\\u0627 \\u062f\\u0631\\u062e\\u0648\\u0627\\u0633\\u062a \\u0634\\u0645\\u0627 \\u0631\\u0627 \\u062f\\u0631\\u06cc\\u0627\\u0641\\u062a \\u06a9\\u0631\\u062f\\u0647 \\u0627\\u0646\\u062f.\",\"message\":\"<p style=\'text-align:right;direction:rtl\'>\\u0633\\u0644\\u0627\\u0645 {Name (First):1.3}\\u060c<\\/p><p style=\'text-align:right;direction:rtl\'> \\u0627\\u0632 \\u0627\\u0631\\u0633\\u0627\\u0644 \\u062f\\u0631\\u062e\\u0648\\u0627\\u0633\\u062a \\u062e\\u0648\\u062f \\u0645\\u062a\\u0634\\u06a9\\u0631\\u06cc\\u0645. \\u0645\\u0627 \\u062f\\u0631 \\u062d\\u0627\\u0644 \\u0628\\u0631\\u0631\\u0633\\u06cc \\u0622\\u0646 \\u0647\\u0633\\u062a\\u06cc\\u0645 \\u0648 \\u0628\\u0647 \\u0632\\u0648\\u062f\\u06cc \\u0628\\u0627 \\u0634\\u0645\\u0627 \\u062a\\u0645\\u0627\\u0633 \\u062e\\u0648\\u0627\\u0647\\u06cc\\u0645 \\u06af\\u0631\\u0641\\u062a.<\\/p>\",\"toField\":\"2\"}}', NULL, '{\"57911f996f9f1\":{\"id\":\"57911f996f9f1\",\"name\":\"Default Confirmation\",\"isDefault\":true,\"type\":\"message\",\"message\":\"\\u0628\\u0627 \\u062a\\u0634\\u06a9\\u0631 \\u0627\\u0632 \\u0634\\u0645\\u0627 \\u0628\\u0631\\u0627\\u06cc \\u0627\\u0631\\u0633\\u0627\\u0644 \\u062f\\u0631\\u062e\\u0648\\u0627\\u0633\\u062a \\u0634\\u0645\\u0627! \\u0628\\u0647 \\u0632\\u0648\\u062f\\u06cc \\u0628\\u0627 \\u0634\\u0645\\u0627 \\u062f\\u0631 \\u0627\\u0631\\u062a\\u0628\\u0627\\u0637 \\u062e\\u0648\\u0627\\u0647\\u06cc\\u0645 \\u0628\\u0648\\u062f.\",\"url\":\"\",\"pageId\":0,\"queryString\":\"\",\"disableAutoformat\":false,\"conditionalLogic\":[]},\"67274a838e464\":{\"id\":\"67274a838e464\",\"name\":\"\\u062f\\u0631\\u06cc\\u0627\\u0641\\u062a \\u0631\\u0632\\u0648\\u0645\\u0647\",\"event\":\"\",\"type\":\"message\",\"message\":\"\\u062a\\u0628\\u0631\\u06cc\\u06a9!\\r\\n\\r\\n\\u0631\\u0632\\u0648\\u0645\\u0647 \\u0634\\u0645\\u0627 \\u0628\\u0627 \\u0645\\u0648\\u0641\\u0642\\u06cc\\u062a \\u062f\\u0631\\u06cc\\u0627\\u0641\\u062a \\u0634\\u062f.\\r\\n\\r\\n\\u062f\\u0631 \\u0646\\u0638\\u0631 \\u062f\\u0627\\u0634\\u062a\\u0647 \\u0628\\u0627\\u0634\\u06cc\\u062f \\u067e\\u0633 \\u0627\\u0632 \\u0628\\u0631\\u0631\\u0633\\u06cc \\u0648 \\u062a\\u0627\\u06cc\\u06cc\\u062f \\u062a\\u0648\\u0633\\u0637 \\u0645\\u062f\\u06cc\\u0631 \\u0633\\u0627\\u0645\\u0627\\u0646\\u0647\\u060c \\u0635\\u0641\\u062d\\u0647 \\u0631\\u0632\\u0645\\u0647 \\u0634\\u0645\\u0627 \\u0628\\u0631\\u0648\\u0632 \\u0631\\u0633\\u0627\\u0646\\u06cc \\u0645\\u06cc \\u0634\\u0648\\u062f.\",\"disableAutoformat\":false,\"page\":\"\",\"url\":\"\",\"queryString\":\"\",\"confirmation_conditional_logic_object\":{\"actionType\":\"show\",\"logicType\":\"all\",\"rules\":[{\"fieldId\":\"1.3\",\"operator\":\"is\",\"value\":\"\"}]},\"confirmation_conditional_logic\":\"1\",\"conditionalLogic\":{\"actionType\":\"show\",\"logicType\":\"all\",\"rules\":[{\"fieldId\":\"1.3\",\"operator\":\"is\",\"value\":\"\"}]},\"legacy\":\"\",\"pageId\":\"\"}}', '{\"51794abf1f0d1\":{\"id\":\"51794abf1f0d1\",\"from\":\"{admin_email}\",\"subject\":\"\\u0645\\u0627 \\u062f\\u0631\\u062e\\u0648\\u0627\\u0633\\u062a \\u0634\\u0645\\u0627 \\u0631\\u0627 \\u062f\\u0631\\u06cc\\u0627\\u0641\\u062a \\u06a9\\u0631\\u062f\\u0647 \\u0627\\u0646\\u062f.\",\"message\":\"<p style=\'text-align:right;direction:rtl\'>\\u0633\\u0644\\u0627\\u0645 {Name (First):1.3}\\u060c<\\/p><p style=\'text-align:right;direction:rtl\'> \\u0627\\u0632 \\u0627\\u0631\\u0633\\u0627\\u0644 \\u062f\\u0631\\u062e\\u0648\\u0627\\u0633\\u062a \\u062e\\u0648\\u062f \\u0645\\u062a\\u0634\\u06a9\\u0631\\u06cc\\u0645. \\u0645\\u0627 \\u062f\\u0631 \\u062d\\u0627\\u0644 \\u0628\\u0631\\u0631\\u0633\\u06cc \\u0622\\u0646 \\u0647\\u0633\\u062a\\u06cc\\u0645 \\u0648 \\u0628\\u0647 \\u0632\\u0648\\u062f\\u06cc \\u0628\\u0627 \\u0634\\u0645\\u0627 \\u062a\\u0645\\u0627\\u0633 \\u062e\\u0648\\u0627\\u0647\\u06cc\\u0645 \\u06af\\u0631\\u0641\\u062a.<\\/p>\",\"toType\":\"field\",\"toField\":\"2\",\"to\":\"2\",\"event\":\"form_submission\",\"name\":\"User Notification\",\"type\":\"user\"},\"51794abf1f0d2\":{\"id\":\"51794abf1f0d2\",\"from\":\"{admin_email}\",\"subject\":\"\\u0627\\u0631\\u0633\\u0627\\u0644 \\u062c\\u062f\\u06cc\\u062f \\u0627\\u0632 {form_title}\",\"message\":\"{all_fields}\",\"toType\":\"email\",\"to\":\"{admin_email}\",\"event\":\"form_submission\",\"name\":\"Admin Notification\"}}'),
(3, '{\"fields\":[{\"type\":\"text\",\"id\":1,\"formId\":3,\"label\":\"\\u0646\\u0627\\u0645 \\u0648 \\u0646\\u0627\\u0645 \\u062e\\u0627\\u0646\\u0648\\u0627\\u062f\\u06af\\u06cc\",\"adminLabel\":\"\",\"isRequired\":false,\"size\":\"large\",\"errorMessage\":\"\",\"visibility\":\"visible\",\"inputs\":null,\"description\":\"\",\"allowsPrepopulate\":false,\"inputMask\":false,\"inputMaskValue\":\"\",\"inputMaskIsCustom\":false,\"maxLength\":\"\",\"inputType\":\"text\",\"labelPlacement\":\"\",\"descriptionPlacement\":\"\",\"subLabelPlacement\":\"\",\"placeholder\":\"\",\"cssClass\":\"\",\"inputName\":\"\",\"noDuplicates\":false,\"defaultValue\":\"\",\"enableAutocomplete\":false,\"autocompleteAttribute\":\"\",\"choices\":\"\",\"conditionalLogic\":\"\",\"productField\":\"\",\"layoutGridColumnSpan\":\"\",\"enablePasswordInput\":\"\",\"enableEnhancedUI\":0,\"layoutGroupId\":\"8a6a7ba0\",\"multipleFiles\":false,\"maxFiles\":\"\",\"calculationFormula\":\"\",\"calculationRounding\":\"\",\"enableCalculation\":\"\",\"disableQuantity\":false,\"displayAllCategories\":false,\"useRichTextEditor\":false,\"errors\":[],\"pageNumber\":1,\"fields\":\"\"},{\"type\":\"text\",\"id\":3,\"formId\":3,\"label\":\"\\u0633\\u0645\\u062a \\u0634\\u063a\\u0644\\u06cc\",\"adminLabel\":\"\",\"isRequired\":false,\"size\":\"large\",\"errorMessage\":\"\",\"visibility\":\"visible\",\"inputs\":null,\"description\":\"\",\"allowsPrepopulate\":false,\"inputMask\":false,\"inputMaskValue\":\"\",\"inputMaskIsCustom\":false,\"maxLength\":\"\",\"inputType\":\"text\",\"labelPlacement\":\"\",\"descriptionPlacement\":\"\",\"subLabelPlacement\":\"\",\"placeholder\":\"\",\"cssClass\":\"\",\"inputName\":\"\",\"noDuplicates\":false,\"defaultValue\":\"\",\"enableAutocomplete\":false,\"autocompleteAttribute\":\"\",\"choices\":\"\",\"conditionalLogic\":\"\",\"productField\":\"\",\"layoutGridColumnSpan\":12,\"enablePasswordInput\":\"\",\"enableEnhancedUI\":0,\"layoutGroupId\":\"7adfe25d\",\"multipleFiles\":false,\"maxFiles\":\"\",\"calculationFormula\":\"\",\"calculationRounding\":\"\",\"enableCalculation\":\"\",\"disableQuantity\":false,\"displayAllCategories\":false,\"useRichTextEditor\":false,\"errors\":[],\"pageNumber\":1,\"fields\":\"\"},{\"type\":\"text\",\"id\":4,\"formId\":3,\"label\":\"\\u0645\\u0642\\u0637\\u0639 \\u062a\\u062d\\u0635\\u06cc\\u0644\\u06cc\",\"adminLabel\":\"\",\"isRequired\":false,\"size\":\"large\",\"errorMessage\":\"\",\"visibility\":\"visible\",\"inputs\":null,\"description\":\"\",\"allowsPrepopulate\":false,\"inputMask\":false,\"inputMaskValue\":\"\",\"inputMaskIsCustom\":false,\"maxLength\":\"\",\"inputType\":\"text\",\"labelPlacement\":\"\",\"descriptionPlacement\":\"\",\"subLabelPlacement\":\"\",\"placeholder\":\"\",\"cssClass\":\"\",\"inputName\":\"\",\"noDuplicates\":false,\"defaultValue\":\"\",\"enableAutocomplete\":false,\"autocompleteAttribute\":\"\",\"choices\":\"\",\"conditionalLogic\":\"\",\"productField\":\"\",\"layoutGridColumnSpan\":12,\"enablePasswordInput\":\"\",\"enableEnhancedUI\":0,\"layoutGroupId\":\"c334568d\",\"multipleFiles\":false,\"maxFiles\":\"\",\"calculationFormula\":\"\",\"calculationRounding\":\"\",\"enableCalculation\":\"\",\"disableQuantity\":false,\"displayAllCategories\":false,\"useRichTextEditor\":false,\"errors\":[],\"pageNumber\":1,\"fields\":\"\"},{\"type\":\"text\",\"id\":5,\"formId\":3,\"label\":\"\\u062f\\u0631\\u062c\\u0647 \\u0639\\u0644\\u0645\\u06cc\",\"adminLabel\":\"\",\"isRequired\":false,\"size\":\"large\",\"errorMessage\":\"\",\"visibility\":\"visible\",\"inputs\":null,\"description\":\"\",\"allowsPrepopulate\":false,\"inputMask\":false,\"inputMaskValue\":\"\",\"inputMaskIsCustom\":false,\"maxLength\":\"\",\"inputType\":\"text\",\"labelPlacement\":\"\",\"descriptionPlacement\":\"\",\"subLabelPlacement\":\"\",\"placeholder\":\"\",\"cssClass\":\"\",\"inputName\":\"\",\"noDuplicates\":false,\"defaultValue\":\"\",\"enableAutocomplete\":false,\"autocompleteAttribute\":\"\",\"choices\":\"\",\"conditionalLogic\":\"\",\"productField\":\"\",\"layoutGridColumnSpan\":12,\"enablePasswordInput\":\"\",\"enableEnhancedUI\":0,\"layoutGroupId\":\"f77f1035\",\"multipleFiles\":false,\"maxFiles\":\"\",\"calculationFormula\":\"\",\"calculationRounding\":\"\",\"enableCalculation\":\"\",\"disableQuantity\":false,\"displayAllCategories\":false,\"useRichTextEditor\":false,\"errors\":[],\"pageNumber\":1,\"fields\":\"\"},{\"type\":\"text\",\"id\":6,\"formId\":3,\"label\":\"\\u0641\\u06cc\\u062f scholar\",\"adminLabel\":\"\",\"isRequired\":false,\"size\":\"large\",\"errorMessage\":\"\",\"visibility\":\"visible\",\"inputs\":null,\"description\":\"\",\"allowsPrepopulate\":false,\"inputMask\":false,\"inputMaskValue\":\"\",\"inputMaskIsCustom\":false,\"maxLength\":\"\",\"inputType\":\"text\",\"labelPlacement\":\"\",\"descriptionPlacement\":\"\",\"subLabelPlacement\":\"\",\"placeholder\":\"\",\"cssClass\":\"\",\"inputName\":\"\",\"noDuplicates\":false,\"defaultValue\":\"\",\"enableAutocomplete\":false,\"autocompleteAttribute\":\"\",\"choices\":\"\",\"conditionalLogic\":\"\",\"productField\":\"\",\"layoutGridColumnSpan\":12,\"enablePasswordInput\":\"\",\"enableEnhancedUI\":0,\"layoutGroupId\":\"22974a4e\",\"multipleFiles\":false,\"maxFiles\":\"\",\"calculationFormula\":\"\",\"calculationRounding\":\"\",\"enableCalculation\":\"\",\"disableQuantity\":false,\"displayAllCategories\":false,\"useRichTextEditor\":false,\"errors\":[],\"pageNumber\":1,\"fields\":\"\"},{\"type\":\"text\",\"id\":7,\"formId\":3,\"label\":\"\\u0622\\u062f\\u0631\\u0633 \\u0627\\u06cc\\u0645\\u06cc\\u0644 \\u0633\\u0627\\u0632\\u0645\\u0627\\u0646\\u06cc \\u0634\\u0645\\u0627\",\"adminLabel\":\"\",\"isRequired\":false,\"size\":\"large\",\"errorMessage\":\"\",\"visibility\":\"visible\",\"inputs\":null,\"description\":\"\",\"allowsPrepopulate\":false,\"inputMask\":false,\"inputMaskValue\":\"\",\"inputMaskIsCustom\":false,\"maxLength\":\"\",\"inputType\":\"text\",\"labelPlacement\":\"\",\"descriptionPlacement\":\"\",\"subLabelPlacement\":\"\",\"placeholder\":\"\",\"cssClass\":\"\",\"inputName\":\"\",\"noDuplicates\":false,\"defaultValue\":\"\",\"enableAutocomplete\":false,\"autocompleteAttribute\":\"\",\"choices\":\"\",\"conditionalLogic\":\"\",\"productField\":\"\",\"layoutGridColumnSpan\":12,\"enablePasswordInput\":\"\",\"enableEnhancedUI\":0,\"layoutGroupId\":\"fe116373\",\"multipleFiles\":false,\"maxFiles\":\"\",\"calculationFormula\":\"\",\"calculationRounding\":\"\",\"enableCalculation\":\"\",\"disableQuantity\":false,\"displayAllCategories\":false,\"useRichTextEditor\":false,\"errors\":[],\"pageNumber\":1,\"fields\":\"\"},{\"type\":\"text\",\"id\":8,\"formId\":3,\"label\":\"\\u062a\\u0644\\u0641\\u0646 \\u0634\\u0645\\u0627 (\\u0634\\u0645\\u0627\\u0631\\u0647 \\u062f\\u0627\\u062e\\u0644\\u06cc \\u062e\\u0648\\u062f \\u0631\\u0627 \\u0648\\u0627\\u0631\\u062f \\u06a9\\u0646\\u06cc\\u062f)\",\"adminLabel\":\"\",\"isRequired\":false,\"size\":\"large\",\"errorMessage\":\"\",\"visibility\":\"visible\",\"inputs\":null,\"description\":\"\",\"allowsPrepopulate\":false,\"inputMask\":false,\"inputMaskValue\":\"\",\"inputMaskIsCustom\":false,\"maxLength\":\"\",\"inputType\":\"text\",\"labelPlacement\":\"\",\"descriptionPlacement\":\"\",\"subLabelPlacement\":\"\",\"placeholder\":\"\",\"cssClass\":\"\",\"inputName\":\"\",\"noDuplicates\":false,\"defaultValue\":\"\",\"enableAutocomplete\":false,\"autocompleteAttribute\":\"\",\"choices\":\"\",\"conditionalLogic\":\"\",\"productField\":\"\",\"layoutGridColumnSpan\":12,\"enablePasswordInput\":\"\",\"enableEnhancedUI\":0,\"layoutGroupId\":\"4fe4ffc2\",\"multipleFiles\":false,\"maxFiles\":\"\",\"calculationFormula\":\"\",\"calculationRounding\":\"\",\"enableCalculation\":\"\",\"disableQuantity\":false,\"displayAllCategories\":false,\"useRichTextEditor\":false,\"errors\":[],\"pageNumber\":1,\"fields\":\"\"},{\"type\":\"textarea\",\"id\":9,\"formId\":3,\"label\":\"\\u062f\\u0631\\u0628\\u0627\\u0631\\u0647 \\u062e\\u0648\\u062f\\u062a\\u0627\\u0646 \\u0628\\u0647 \\u0645\\u0627 \\u0628\\u06af\\u0648\\u06cc\\u06cc\\u062f (\\u06cc\\u06a9 \\u067e\\u0627\\u0631\\u0627\\u06af\\u0631\\u0627\\u0641 \\u062a\\u0648\\u0636\\u06cc\\u062d \\u0628\\u062f\\u0647\\u06cc\\u062f)\",\"adminLabel\":\"\",\"isRequired\":false,\"size\":\"large\",\"errorMessage\":\"\",\"visibility\":\"visible\",\"inputs\":null,\"description\":\"\",\"allowsPrepopulate\":false,\"inputMask\":false,\"inputMaskValue\":\"\",\"inputMaskIsCustom\":false,\"maxLength\":\"\",\"inputType\":\"textarea\",\"labelPlacement\":\"\",\"descriptionPlacement\":\"\",\"subLabelPlacement\":\"\",\"placeholder\":\"\",\"cssClass\":\"\",\"inputName\":\"\",\"noDuplicates\":false,\"defaultValue\":\"\",\"enableAutocomplete\":false,\"autocompleteAttribute\":\"\",\"choices\":\"\",\"conditionalLogic\":\"\",\"productField\":\"\",\"layoutGridColumnSpan\":12,\"form_id\":\"\",\"useRichTextEditor\":false,\"enableEnhancedUI\":0,\"layoutGroupId\":\"7ee425b4\",\"multipleFiles\":false,\"maxFiles\":\"\",\"calculationFormula\":\"\",\"calculationRounding\":\"\",\"enableCalculation\":\"\",\"disableQuantity\":false,\"displayAllCategories\":false,\"errors\":[],\"pageNumber\":1,\"fields\":\"\"},{\"type\":\"post_image\",\"id\":10,\"formId\":3,\"label\":\"\\u062a\\u0635\\u0648\\u06cc\\u0631 \\u067e\\u0631\\u0648\\u0641\\u0627\\u06cc\\u0644 \\u062e\\u0648\\u062f \\u0631\\u0627 \\u0622\\u067e\\u0644\\u0648\\u062f \\u06a9\\u0646\\u06cc\\u062f\",\"adminLabel\":\"\",\"isRequired\":false,\"size\":\"large\",\"errorMessage\":\"\",\"visibility\":\"visible\",\"inputs\":null,\"allowedExtensions\":\"jpg, jpeg, png, gif\",\"description\":\"\",\"allowsPrepopulate\":false,\"inputMask\":false,\"inputMaskValue\":\"\",\"inputMaskIsCustom\":false,\"maxLength\":\"\",\"inputType\":\"post_image\",\"labelPlacement\":\"\",\"descriptionPlacement\":\"\",\"subLabelPlacement\":\"\",\"placeholder\":\"\",\"cssClass\":\"\",\"inputName\":\"\",\"noDuplicates\":false,\"defaultValue\":\"\",\"enableAutocomplete\":false,\"autocompleteAttribute\":\"\",\"choices\":\"\",\"conditionalLogic\":\"\",\"maxFileSize\":\"\",\"maxFiles\":\"\",\"multipleFiles\":false,\"productField\":\"\",\"layoutGridColumnSpan\":12,\"displayAlt\":\"\",\"displayTitle\":\"\",\"displayCaption\":\"\",\"displayDescription\":\"\",\"enableEnhancedUI\":0,\"layoutGroupId\":\"ce2e70cb\",\"calculationFormula\":\"\",\"calculationRounding\":\"\",\"enableCalculation\":\"\",\"disableQuantity\":false,\"displayAllCategories\":false,\"useRichTextEditor\":false,\"errors\":[],\"pageNumber\":1,\"fields\":\"\"},{\"type\":\"fileupload\",\"id\":11,\"formId\":3,\"label\":\"\\u0628\\u0627\\u0631\\u06af\\u0632\\u0627\\u0631\\u06cc \\u0631\\u0632\\u0648\\u0645\\u0647\",\"adminLabel\":\"\",\"isRequired\":false,\"size\":\"large\",\"errorMessage\":\"\",\"visibility\":\"visible\",\"inputs\":null,\"description\":\"\",\"allowsPrepopulate\":false,\"inputMask\":false,\"inputMaskValue\":\"\",\"inputMaskIsCustom\":false,\"maxLength\":\"\",\"inputType\":\"fileupload\",\"labelPlacement\":\"\",\"descriptionPlacement\":\"\",\"subLabelPlacement\":\"\",\"placeholder\":\"\",\"cssClass\":\"\",\"inputName\":\"\",\"noDuplicates\":false,\"defaultValue\":\"\",\"enableAutocomplete\":false,\"autocompleteAttribute\":\"\",\"choices\":\"\",\"conditionalLogic\":\"\",\"maxFileSize\":25,\"maxFiles\":\"5\",\"multipleFiles\":true,\"allowedExtensions\":\"pdf, doc, docx\",\"productField\":\"\",\"layoutGridColumnSpan\":12,\"enableEnhancedUI\":0,\"layoutGroupId\":\"c8148d79\",\"calculationFormula\":\"\",\"calculationRounding\":\"\",\"enableCalculation\":\"\",\"disableQuantity\":false,\"displayAllCategories\":false,\"useRichTextEditor\":false,\"errors\":[],\"checkboxLabel\":\"\",\"pageNumber\":1,\"fields\":\"\"}],\"button\":{\"type\":\"text\",\"text\":\"\\u0627\\u0631\\u0633\\u0627\\u0644 \\u0631\\u0632\\u0648\\u0645\\u0647\",\"imageUrl\":\"\",\"width\":\"auto\",\"location\":\"bottom\",\"layoutGridColumnSpan\":12,\"id\":\"submit\"},\"title\":\"\\u062f\\u0631\\u06cc\\u0627\\u0641\\u062a \\u0631\\u0632\\u0648\\u0645\\u0647\",\"description\":\"\",\"version\":\"2.8.17\",\"id\":3,\"markupVersion\":2,\"nextFieldId\":12,\"useCurrentUserAsAuthor\":true,\"postContentTemplateEnabled\":false,\"postTitleTemplateEnabled\":false,\"postTitleTemplate\":\"\",\"postContentTemplate\":\"\",\"lastPageButton\":null,\"pagination\":null,\"firstPageCssClass\":null}', NULL, '{\"67274647b4e34\":{\"id\":\"67274647b4e34\",\"name\":\"\\u062a\\u0623\\u06cc\\u06cc\\u062f \\u067e\\u06cc\\u0634 \\u0641\\u0631\\u0636\",\"isDefault\":true,\"type\":\"message\",\"message\":\"\\u0627\\u0632 \\u062a\\u0645\\u0627\\u0633 \\u0628\\u0627 \\u0645\\u0627 \\u0645\\u062a\\u0634\\u06a9\\u0631\\u06cc\\u0645 \\u0628\\u0647 \\u0632\\u0648\\u062f\\u06cc \\u0628\\u0627 \\u0634\\u0645\\u0627 \\u062f\\u0631 \\u062a\\u0645\\u0627\\u0633 \\u062e\\u0648\\u0627\\u0647\\u06cc\\u0645 \\u0628\\u0648\\u062f.\",\"url\":\"\",\"pageId\":\"\",\"queryString\":\"\"}}', '{\"67274647b36a8\":{\"id\":\"67274647b36a8\",\"isActive\":true,\"to\":\"{admin_email}\",\"name\":\"\\u0627\\u0639\\u0644\\u0627\\u0646 \\u0645\\u062f\\u06cc\\u0631\",\"event\":\"form_submission\",\"toType\":\"email\",\"subject\":\"\\u0627\\u0631\\u0633\\u0627\\u0644 \\u062c\\u062f\\u06cc\\u062f \\u0627\\u0632 {form_title}\",\"message\":\"{all_fields}\"}}');

-- --------------------------------------------------------

--
-- Table structure for table `wp_gf_form_revisions`
--

CREATE TABLE `wp_gf_form_revisions` (
  `id` bigint(10) UNSIGNED NOT NULL,
  `form_id` mediumint(10) UNSIGNED NOT NULL,
  `display_meta` longtext DEFAULT NULL,
  `date_created` datetime NOT NULL
) ENGINE=InnoDB DEFAULT CHARSET=utf8mb4 COLLATE=utf8mb4_unicode_520_ci;

--
-- Dumping data for table `wp_gf_form_revisions`
--

INSERT INTO `wp_gf_form_revisions` (`id`, `form_id`, `display_meta`, `date_created`) VALUES
(1, 2, '{\"title\":\"\\u0631\\u0632\\u0648\\u0645\\u0647 \\u0647\\u0627\",\"description\":\"\",\"labelPlacement\":\"top_label\",\"descriptionPlacement\":\"above\",\"button\":{\"type\":\"text\",\"text\":\"\\u0627\\u0631\\u0633\\u0627\\u0644 \\u062f\\u0631\\u062e\\u0648\\u0627\\u0633\\u062a\",\"imageUrl\":\"\",\"conditionalLogic\":null},\"fields\":[{\"type\":\"section\",\"id\":8,\"label\":\"\\u0627\\u0637\\u0644\\u0627\\u0639\\u0627\\u062a \\u0634\\u062e\\u0635\\u06cc \\u0634\\u0645\\u0627\",\"adminLabel\":\"\",\"isRequired\":false,\"size\":\"medium\",\"errorMessage\":\"\",\"inputs\":null,\"displayOnly\":true,\"description\":\"\",\"allowsPrepopulate\":false,\"inputMask\":false,\"inputMaskValue\":\"\",\"inputType\":\"\",\"labelPlacement\":\"\",\"descriptionPlacement\":\"\",\"subLabelPlacement\":\"\",\"placeholder\":\"\",\"cssClass\":\"\",\"inputName\":\"\",\"noDuplicates\":false,\"defaultValue\":\"\",\"choices\":\"\",\"conditionalLogic\":\"\",\"productField\":\"\",\"multipleFiles\":false,\"maxFiles\":\"\",\"calculationFormula\":\"\",\"calculationRounding\":\"\",\"enableCalculation\":\"\",\"disableQuantity\":false,\"displayAllCategories\":false,\"useRichTextEditor\":false,\"visibility\":\"visible\",\"fields\":\"\",\"inputMaskIsCustom\":\"\",\"maxLength\":\"\",\"layoutGroupId\":\"0fd84b02\",\"enableAutocomplete\":false,\"autocompleteAttribute\":\"\",\"pageNumber\":1,\"formId\":0},{\"type\":\"name\",\"id\":1,\"label\":\"\\u0644\\u0637\\u0641\\u0627 \\u0646\\u0627\\u0645 \\u062e\\u0648\\u062f \\u0631\\u0627 \\u0648\\u0627\\u0631\\u062f \\u06a9\\u0646\\u06cc\\u062f\",\"adminLabel\":\"\",\"isRequired\":false,\"size\":\"medium\",\"errorMessage\":\"\",\"nameFormat\":\"advanced\",\"inputs\":[{\"id\":\"1.2\",\"label\":\"\\u067e\\u06cc\\u0634\\u0648\\u0646\\u062f\",\"name\":\"\",\"autocompleteAttribute\":\"honorific-prefix\",\"choices\":[{\"text\":\"\\u0622\\u0642\\u0627\\u06cc.\",\"value\":\"Mr.\",\"isSelected\":false,\"price\":\"\"},{\"text\":\"\\u062e\\u0627\\u0646\\u0645.\",\"value\":\"Mrs.\",\"isSelected\":false,\"price\":\"\"},{\"text\":\"\\u062e\\u0627\\u0646\\u0645\",\"value\":\"Miss\",\"isSelected\":false,\"price\":\"\"},{\"text\":\"\\u062e\\u0627\\u0646\\u0645\",\"value\":\"Ms.\",\"isSelected\":false,\"price\":\"\"},{\"text\":\"\\u062f\\u06a9\\u062a\\u0631.\",\"value\":\"Dr.\",\"isSelected\":false,\"price\":\"\"},{\"text\":\"Prof.\",\"value\":\"Prof.\",\"isSelected\":false,\"price\":\"\"},{\"text\":\"\\u0631\\u0648\\u062d\\u0627\\u0646\\u06cc.\",\"value\":\"Rev.\",\"isSelected\":false,\"price\":\"\"}],\"isHidden\":true,\"inputType\":\"radio\",\"placeholder\":\"\"},{\"id\":\"1.3\",\"label\":\"\\u0627\\u0648\\u0644\",\"name\":\"\",\"placeholder\":\"\",\"autocompleteAttribute\":\"given-name\"},{\"id\":\"1.4\",\"label\":\"\\u0645\\u06cc\\u0627\\u0646\\u0647\",\"name\":\"\",\"autocompleteAttribute\":\"additional-name\",\"isHidden\":true},{\"id\":\"1.6\",\"label\":\"\\u0622\\u062e\\u0631\\u06cc\\u0646\",\"name\":\"\",\"placeholder\":\"\",\"autocompleteAttribute\":\"family-name\"},{\"id\":\"1.8\",\"label\":\"\\u067e\\u0633\\u0648\\u0646\\u062f\",\"name\":\"\",\"autocompleteAttribute\":\"honorific-suffix\",\"isHidden\":true}],\"description\":\"\",\"allowsPrepopulate\":false,\"inputMask\":false,\"inputMaskValue\":\"\",\"inputType\":\"\",\"labelPlacement\":\"\",\"descriptionPlacement\":\"\",\"subLabelPlacement\":\"\",\"placeholder\":\"\",\"cssClass\":\"\",\"inputName\":\"\",\"noDuplicates\":false,\"defaultValue\":\"\",\"choices\":\"\",\"conditionalLogic\":\"\",\"productField\":\"\",\"multipleFiles\":false,\"maxFiles\":\"\",\"calculationFormula\":\"\",\"calculationRounding\":\"\",\"enableCalculation\":\"\",\"disableQuantity\":false,\"displayAllCategories\":false,\"useRichTextEditor\":false,\"displayOnly\":\"\",\"visibility\":\"visible\",\"fields\":\"\",\"inputMaskIsCustom\":false,\"maxLength\":\"\",\"layoutGroupId\":\"5d413ccd\",\"enableAutocomplete\":true,\"autocompleteAttribute\":\"\",\"pageNumber\":1,\"formId\":0},{\"type\":\"email\",\"id\":2,\"label\":\"\\u0622\\u062f\\u0631\\u0633 \\u0627\\u06cc\\u0645\\u06cc\\u0644 \\u0634\\u0645\\u0627\",\"adminLabel\":\"\",\"isRequired\":false,\"size\":\"medium\",\"errorMessage\":\"\",\"inputs\":[{\"id\":\"2\",\"label\":\"\\u0627\\u06cc\\u0645\\u06cc\\u0644 \\u0631\\u0627 \\u0648\\u0627\\u0631\\u062f \\u06a9\\u0646\\u06cc\\u062f\",\"name\":\"\",\"placeholder\":\"\",\"autocompleteAttribute\":\"email\"},{\"id\":\"2.2\",\"label\":\"\\u062a\\u0627\\u06cc\\u06cc\\u062f \\u0627\\u06cc\\u0645\\u06cc\\u0644\",\"name\":\"\",\"placeholder\":\"\",\"autocompleteAttribute\":\"email\"}],\"description\":\"\",\"allowsPrepopulate\":false,\"inputMask\":false,\"inputMaskValue\":\"\",\"inputType\":\"\",\"labelPlacement\":\"\",\"descriptionPlacement\":\"\",\"subLabelPlacement\":\"\",\"placeholder\":\"\",\"cssClass\":\"\",\"inputName\":\"\",\"noDuplicates\":false,\"defaultValue\":\"\",\"choices\":\"\",\"conditionalLogic\":\"\",\"productField\":\"\",\"emailConfirmEnabled\":true,\"multipleFiles\":false,\"maxFiles\":\"\",\"calculationFormula\":\"\",\"calculationRounding\":\"\",\"enableCalculation\":\"\",\"disableQuantity\":false,\"displayAllCategories\":false,\"useRichTextEditor\":false,\"displayOnly\":\"\",\"visibility\":\"visible\",\"fields\":\"\",\"inputMaskIsCustom\":false,\"maxLength\":\"\",\"layoutGroupId\":\"83be58aa\",\"enableAutocomplete\":true,\"autocompleteAttribute\":\"email\",\"pageNumber\":1,\"formId\":0},{\"type\":\"address\",\"id\":21,\"label\":\"\\u0622\\u062f\\u0631\\u0633\",\"adminLabel\":\"\",\"isRequired\":false,\"size\":\"medium\",\"errorMessage\":\"\",\"visibility\":\"visible\",\"addressType\":\"international\",\"inputs\":[{\"id\":\"21.1\",\"label\":\"\\u0622\\u062f\\u0631\\u0633 \\u062e\\u06cc\\u0627\\u0628\\u0627\\u0646\",\"name\":\"\",\"autocompleteAttribute\":\"address-line1\"},{\"id\":\"21.2\",\"label\":\"\\u0622\\u062f\\u0631\\u0633 2\",\"name\":\"\",\"autocompleteAttribute\":\"address-line2\"},{\"id\":\"21.3\",\"label\":\"\\u0634\\u0647\\u0631\",\"name\":\"\",\"autocompleteAttribute\":\"address-level2\"},{\"id\":\"21.4\",\"label\":\"\\u0627\\u0633\\u062a\\u0627\\u0646\",\"name\":\"\",\"autocompleteAttribute\":\"address-level1\"},{\"id\":\"21.5\",\"label\":\"\\u06a9\\u062f \\u067e\\u0633\\u062a\\u06cc\",\"name\":\"\",\"autocompleteAttribute\":\"postal-code\"},{\"id\":\"21.6\",\"label\":\"\\u06a9\\u0634\\u0648\\u0631\",\"name\":\"\",\"autocompleteAttribute\":\"country-name\"}],\"description\":\"\",\"allowsPrepopulate\":false,\"inputMask\":false,\"inputMaskValue\":\"\",\"inputMaskIsCustom\":\"\",\"maxLength\":\"\",\"inputType\":\"\",\"labelPlacement\":\"\",\"descriptionPlacement\":\"\",\"subLabelPlacement\":\"\",\"placeholder\":\"\",\"cssClass\":\"\",\"inputName\":\"\",\"noDuplicates\":false,\"defaultValue\":\"\",\"choices\":\"\",\"conditionalLogic\":\"\",\"defaultCountry\":\"\",\"defaultProvince\":\"\",\"copyValuesOptionLabel\":\"\",\"productField\":\"\",\"hideCountry\":\"\",\"defaultState\":\"\",\"hideState\":\"\",\"hideAddress2\":\"\",\"enableCopyValuesOption\":\"\",\"copyValuesOptionDefault\":\"\",\"fields\":\"\",\"enableAutocomplete\":true,\"pageNumber\":1,\"formId\":0,\"autocompleteAttribute\":\"\"},{\"type\":\"phone\",\"id\":10,\"label\":\"\\u062a\\u0644\\u0641\\u0646 \\u0634\\u0645\\u0627\",\"adminLabel\":\"\",\"isRequired\":false,\"size\":\"medium\",\"errorMessage\":\"\",\"inputs\":null,\"phoneFormat\":\"standard\",\"description\":\"\",\"allowsPrepopulate\":false,\"inputMask\":false,\"inputMaskValue\":\"\",\"inputType\":\"\",\"labelPlacement\":\"\",\"descriptionPlacement\":\"\",\"subLabelPlacement\":\"\",\"placeholder\":\"\",\"cssClass\":\"\",\"inputName\":\"\",\"noDuplicates\":false,\"defaultValue\":\"\",\"choices\":\"\",\"conditionalLogic\":\"\",\"form_id\":\"\",\"productField\":\"\",\"multipleFiles\":false,\"maxFiles\":\"\",\"calculationFormula\":\"\",\"calculationRounding\":\"\",\"enableCalculation\":\"\",\"disableQuantity\":false,\"displayAllCategories\":false,\"useRichTextEditor\":false,\"displayOnly\":\"\",\"visibility\":\"visible\",\"fields\":\"\",\"inputMaskIsCustom\":false,\"maxLength\":\"\",\"layoutGroupId\":\"567d7e54\",\"enableAutocomplete\":true,\"autocompleteAttribute\":\"tel\",\"pageNumber\":1,\"formId\":0},{\"type\":\"select\",\"id\":14,\"label\":\"\\u0628\\u0647\\u062a\\u0631\\u06cc\\u0646 \\u0632\\u0645\\u0627\\u0646 \\u0628\\u0631\\u0627\\u06cc \\u062a\\u0645\\u0627\\u0633 \\u0628\\u0627 \\u0634\\u0645\\u0627\",\"adminLabel\":\"\",\"isRequired\":false,\"size\":\"medium\",\"errorMessage\":\"\",\"inputs\":null,\"choices\":[{\"text\":\"\\u0635\\u0628\\u062d\",\"value\":\"Mornings\",\"isSelected\":false,\"price\":\"\"},{\"text\":\"\\u062a\\u0645\\u062f\\u06cc\\u062f \\u0632\\u0648\\u062f\\u0647\\u0646\\u06af\\u0627\\u0645\",\"value\":\"Early Afternoon\",\"isSelected\":false,\"price\":\"\"},{\"text\":\"\\u0627\\u0648\\u0627\\u062e\\u0631 \\u0628\\u0639\\u062f \\u0627\\u0632 \\u0638\\u0647\\u0631\",\"value\":\"Late Afternoon\",\"isSelected\":false,\"price\":\"\"},{\"text\":\"\\u0627\\u0648\\u0627\\u06cc\\u0644 \\u0639\\u0635\\u0631\",\"value\":\"Early Evening\",\"isSelected\":false,\"price\":\"\"}],\"description\":\"\\u0628\\u0647\\u062a\\u0631\\u06cc\\u0646 \\u0632\\u0645\\u0627\\u0646 \\u0628\\u0631\\u0627\\u06cc \\u062a\\u0645\\u0627\\u0633 \\u0628\\u0627 \\u0634\\u0645\\u0627 \\u0627\\u0632 \\u0637\\u0631\\u06cc\\u0642 \\u062a\\u0644\\u0641\\u0646 \\u0686\\u0647 \\u0632\\u0645\\u0627\\u0646\\u06cc \\u0627\\u0633\\u062a\\u061f\",\"allowsPrepopulate\":false,\"inputMask\":false,\"inputMaskValue\":\"\",\"inputType\":\"\",\"labelPlacement\":\"\",\"descriptionPlacement\":\"above\",\"subLabelPlacement\":\"\",\"placeholder\":\"\",\"cssClass\":\"\",\"inputName\":\"\",\"noDuplicates\":false,\"defaultValue\":\"\",\"conditionalLogic\":\"\",\"productField\":\"\",\"enablePrice\":\"\",\"multipleFiles\":false,\"maxFiles\":\"\",\"calculationFormula\":\"\",\"calculationRounding\":\"\",\"enableCalculation\":\"\",\"disableQuantity\":false,\"displayAllCategories\":false,\"useRichTextEditor\":false,\"displayOnly\":\"\",\"visibility\":\"visible\",\"fields\":\"\",\"inputMaskIsCustom\":false,\"maxLength\":\"\",\"layoutGroupId\":\"8e11d091\",\"autocompleteAttribute\":\"\",\"enableAutocomplete\":false,\"pageNumber\":1,\"formId\":0},{\"type\":\"page\",\"id\":18,\"label\":\"\",\"adminLabel\":\"\",\"isRequired\":false,\"size\":\"medium\",\"errorMessage\":\"\",\"visibility\":\"visible\",\"inputs\":null,\"displayOnly\":true,\"nextButton\":{\"type\":\"text\",\"text\":\"\\u0628\\u0639\\u062f\\u06cc\",\"imageUrl\":\"\"},\"previousButton\":{\"type\":\"text\",\"text\":\"\\u0642\\u0628\\u0644\",\"imageUrl\":\"\"},\"description\":\"\",\"allowsPrepopulate\":false,\"inputMask\":false,\"inputMaskValue\":\"\",\"inputMaskIsCustom\":\"\",\"maxLength\":\"\",\"inputType\":\"\",\"labelPlacement\":\"\",\"descriptionPlacement\":\"\",\"subLabelPlacement\":\"\",\"placeholder\":\"\",\"cssClass\":\"\",\"inputName\":\"\",\"noDuplicates\":false,\"defaultValue\":\"\",\"choices\":\"\",\"conditionalLogic\":\"\",\"productField\":\"\",\"fields\":\"\",\"pageNumber\":2,\"formId\":0,\"enableAutocomplete\":false,\"autocompleteAttribute\":\"\"},{\"type\":\"section\",\"id\":7,\"label\":\"\\u0645\\u0648\\u0642\\u0639\\u06cc\\u062a\\u06cc \\u06a9\\u0647 \\u0628\\u0631\\u0627\\u06cc \\u0622\\u0646 \\u062f\\u0631\\u062e\\u0648\\u0627\\u0633\\u062a \\u0645\\u06cc \\u06a9\\u0646\\u06cc\\u062f\",\"adminLabel\":\"\",\"isRequired\":false,\"size\":\"medium\",\"errorMessage\":\"\",\"inputs\":null,\"displayOnly\":true,\"description\":\"\",\"allowsPrepopulate\":false,\"inputMask\":false,\"inputMaskValue\":\"\",\"inputType\":\"\",\"labelPlacement\":\"\",\"descriptionPlacement\":\"\",\"subLabelPlacement\":\"\",\"placeholder\":\"\",\"cssClass\":\"\",\"inputName\":\"\",\"noDuplicates\":false,\"defaultValue\":\"\",\"choices\":\"\",\"conditionalLogic\":\"\",\"productField\":\"\",\"multipleFiles\":false,\"maxFiles\":\"\",\"calculationFormula\":\"\",\"calculationRounding\":\"\",\"enableCalculation\":\"\",\"disableQuantity\":false,\"displayAllCategories\":false,\"useRichTextEditor\":false,\"visibility\":\"visible\",\"fields\":\"\",\"inputMaskIsCustom\":\"\",\"maxLength\":\"\",\"layoutGroupId\":\"76c4b57b\",\"enableAutocomplete\":false,\"autocompleteAttribute\":\"\",\"pageNumber\":2,\"formId\":0},{\"type\":\"radio\",\"id\":3,\"label\":\"\\u0645\\u0648\\u0642\\u0639\\u06cc\\u062a\\u06cc \\u06a9\\u0647 \\u0628\\u0631\\u0627\\u06cc \\u0622\\u0646 \\u062f\\u0631\\u062e\\u0648\\u0627\\u0633\\u062a \\u0645\\u06cc \\u06a9\\u0646\\u06cc\\u062f\",\"adminLabel\":\"\",\"isRequired\":false,\"size\":\"medium\",\"errorMessage\":\"\",\"inputs\":null,\"choices\":[{\"text\":\"\\u062a\\u0639\\u062f\\u0627\\u062f \\u0641\\u0631\\u0648\\u0634\",\"value\":\"Sales\",\"isSelected\":false,\"price\":\"\"},{\"text\":\"\\u0628\\u0627\\u0632\\u0627\\u0631 \\u06cc\\u0627\\u0628\\u06cc\",\"value\":\"Marketing\",\"isSelected\":false,\"price\":\"\"},{\"text\":\"\\u0645\\u0647\\u0646\\u062f\\u0633\\u06cc\",\"value\":\"Engineering\",\"isSelected\":false,\"price\":\"\"},{\"text\":\"\\u0627\\u0637\\u0644\\u0627\\u0639\\u0627\\u062a \\u062a\\u062e\\u0635\\u0635\\u06cc\",\"value\":\"IT\\/Technical\",\"isSelected\":false,\"price\":\"\"},{\"text\":\"\\u062f\\u0641\\u062a\\u0631\\u06cc \\/ \\u062d\\u0633\\u0627\\u0628\\u062f\\u0627\\u0631\\u06cc\",\"value\":\"Clerical\\/Accounting\",\"isSelected\":false,\"price\":\"\"},{\"text\":\"\\u062a\\u0639\\u0645\\u06cc\\u0631 \\u0648 \\u0646\\u06af\\u0647\\u062f\\u0627\\u0631\\u06cc \\u0627\\u0645\\u06a9\\u0627\\u0646\\u0627\\u062a\",\"value\":\"Facilities Maintenance\",\"isSelected\":false,\"price\":\"\"}],\"description\":\"\",\"allowsPrepopulate\":false,\"inputMask\":false,\"inputMaskValue\":\"\",\"inputType\":\"\",\"labelPlacement\":\"\",\"descriptionPlacement\":\"\",\"subLabelPlacement\":\"\",\"placeholder\":\"\",\"cssClass\":\"gf_list_2col\",\"inputName\":\"\",\"noDuplicates\":false,\"defaultValue\":\"\",\"conditionalLogic\":\"\",\"productField\":\"\",\"enableOtherChoice\":\"\",\"enablePrice\":\"\",\"multipleFiles\":false,\"maxFiles\":\"\",\"calculationFormula\":\"\",\"calculationRounding\":\"\",\"enableCalculation\":\"\",\"disableQuantity\":false,\"displayAllCategories\":false,\"useRichTextEditor\":false,\"displayOnly\":\"\",\"visibility\":\"visible\",\"fields\":\"\",\"inputMaskIsCustom\":\"\",\"maxLength\":\"\",\"layoutGroupId\":\"c7d66f06\",\"enableAutocomplete\":false,\"autocompleteAttribute\":\"\",\"pageNumber\":2,\"formId\":0},{\"type\":\"list\",\"id\":4,\"label\":\"\\u0633\\u0627\\u0639\\u0627\\u062a\\u06cc \\u06a9\\u0647 \\u0628\\u0631\\u0627\\u06cc \\u06a9\\u0627\\u0631 \\u062f\\u0631 \\u062f\\u0633\\u062a\\u0631\\u0633 \\u0647\\u0633\\u062a\\u06cc\\u062f\",\"adminLabel\":\"\",\"isRequired\":false,\"size\":\"medium\",\"errorMessage\":\"\",\"inputs\":null,\"description\":\"\\u0644\\u0637\\u0641\\u0627\\u064b \\u0628\\u0647 \\u0645\\u0627 \\u0628\\u06af\\u0648\\u06cc\\u06cc\\u062f \\u0686\\u0647 \\u0633\\u0627\\u0639\\u0627\\u062a\\u06cc \\u062f\\u0631 \\u0647\\u0631 \\u0631\\u0648\\u0632 \\u0647\\u0641\\u062a\\u0647 \\u0628\\u0631\\u0627\\u06cc \\u06a9\\u0627\\u0631 \\u062f\\u0631 \\u062f\\u0633\\u062a\\u0631\\u0633 \\u0647\\u0633\\u062a\\u06cc\\u062f.\",\"allowsPrepopulate\":false,\"inputMask\":false,\"inputMaskValue\":\"\",\"inputType\":\"\",\"labelPlacement\":\"\",\"descriptionPlacement\":\"above\",\"subLabelPlacement\":\"\",\"placeholder\":\"\",\"cssClass\":\"\",\"inputName\":\"\",\"noDuplicates\":false,\"defaultValue\":\"\",\"choices\":[{\"text\":\"\\u062f\\u0648\\u0634\\u0646\\u0628\\u0647\",\"value\":\"Monday\",\"isSelected\":false,\"price\":\"\"},{\"text\":\"\\u0633\\u0647 \\u0634\\u0646\\u0628\\u0647\",\"value\":\"Tuesday\",\"isSelected\":false,\"price\":\"\"},{\"text\":\"\\u0686\\u0647\\u0627\\u0631\\u0634\\u0646\\u0628\\u0647\",\"value\":\"Wednesday\",\"isSelected\":false,\"price\":\"\"},{\"text\":\"\\u067e\\u0646\\u062c \\u0634\\u0646\\u0628\\u0647\",\"value\":\"Thursday\",\"isSelected\":false,\"price\":\"\"},{\"text\":\"\\u062c\\u0645\\u0639\\u0647\",\"value\":\"Friday\",\"isSelected\":false,\"price\":\"\"}],\"conditionalLogic\":\"\",\"maxRows\":3,\"productField\":\"\",\"multipleFiles\":false,\"maxFiles\":\"\",\"calculationFormula\":\"\",\"calculationRounding\":\"\",\"enableCalculation\":\"\",\"disableQuantity\":false,\"displayAllCategories\":false,\"useRichTextEditor\":false,\"enableColumns\":true,\"displayOnly\":\"\",\"visibility\":\"visible\",\"fields\":\"\",\"inputMaskIsCustom\":false,\"maxLength\":\"\",\"layoutGroupId\":\"cb7f97e8\",\"autocompleteAttribute\":\"\",\"enableAutocomplete\":false,\"enablePrice\":\"\",\"pageNumber\":2,\"formId\":0},{\"type\":\"section\",\"id\":6,\"label\":\"\\u0627\\u0634\\u062a\\u063a\\u0627\\u0644 \\u0642\\u0628\\u0644\\u06cc\",\"adminLabel\":\"\",\"isRequired\":false,\"size\":\"medium\",\"errorMessage\":\"\",\"inputs\":null,\"displayOnly\":true,\"description\":\"\",\"allowsPrepopulate\":false,\"inputMask\":false,\"inputMaskValue\":\"\",\"inputType\":\"\",\"labelPlacement\":\"\",\"descriptionPlacement\":\"\",\"subLabelPlacement\":\"\",\"placeholder\":\"\",\"cssClass\":\"\",\"inputName\":\"\",\"noDuplicates\":false,\"defaultValue\":\"\",\"choices\":\"\",\"conditionalLogic\":\"\",\"productField\":\"\",\"multipleFiles\":false,\"maxFiles\":\"\",\"calculationFormula\":\"\",\"calculationRounding\":\"\",\"enableCalculation\":\"\",\"disableQuantity\":false,\"displayAllCategories\":false,\"useRichTextEditor\":false,\"visibility\":\"visible\",\"fields\":\"\",\"inputMaskIsCustom\":\"\",\"maxLength\":\"\",\"layoutGroupId\":\"5e459a52\",\"enableAutocomplete\":false,\"autocompleteAttribute\":\"\",\"pageNumber\":2,\"formId\":0},{\"type\":\"list\",\"id\":5,\"label\":\"\\u06a9\\u0627\\u0631\\u0641\\u0631\\u0645\\u0627\\u06cc\\u0627\\u0646 \\u0642\\u0628\\u0644\\u06cc \\u0634\\u0645\\u0627\",\"adminLabel\":\"\",\"isRequired\":false,\"size\":\"medium\",\"errorMessage\":\"\",\"inputs\":null,\"description\":\"\\u0644\\u0637\\u0641\\u0627 \\u06a9\\u0627\\u0631\\u0641\\u0631\\u0645\\u0627\\u06cc\\u0627\\u0646 \\u0642\\u0628\\u0644\\u06cc \\u062e\\u0648\\u062f\\u060c \\u062a\\u0627\\u0631\\u06cc\\u062e \\u0647\\u0627\\u06cc\\u06cc \\u06a9\\u0647 \\u06a9\\u0627\\u0631 \\u0645\\u06cc \\u06a9\\u0631\\u062f\\u06cc \\u0648 \\u0645\\u0648\\u0642\\u0639\\u06cc\\u062a\\u06cc \\u06a9\\u0647 \\u062f\\u0631 \\u062f\\u0633\\u062a \\u062f\\u0627\\u0634\\u062a\\u06cc \\u0631\\u0627 \\u0641\\u0647\\u0631\\u0633\\u062a \\u06a9\\u0646\\u06cc\\u062f\",\"allowsPrepopulate\":false,\"inputMask\":false,\"inputMaskValue\":\"\",\"inputType\":\"\",\"labelPlacement\":\"\",\"descriptionPlacement\":\"above\",\"subLabelPlacement\":\"\",\"placeholder\":\"\",\"cssClass\":\"\",\"inputName\":\"\",\"noDuplicates\":false,\"defaultValue\":\"\",\"choices\":[{\"text\":\"\\u06a9\\u0627\\u0631\\u0641\\u0631\\u0645\\u0627\",\"value\":\"Employer\",\"isSelected\":false,\"price\":\"\"},{\"text\":\"\\u062a\\u0627\\u0631\\u06cc\\u062e \\u0647\\u0627\",\"value\":\"Dates\",\"isSelected\":false,\"price\":\"\"},{\"text\":\"\\u0645\\u0648\\u0642\\u0639\\u06cc\\u062a\",\"value\":\"Position\",\"isSelected\":false,\"price\":\"\"},{\"text\":\"\\u062a\\u0644\\u0641\\u0646\",\"value\":\"Phone\",\"isSelected\":false,\"price\":\"\"}],\"conditionalLogic\":\"\",\"maxRows\":3,\"productField\":\"\",\"multipleFiles\":false,\"maxFiles\":\"\",\"calculationFormula\":\"\",\"calculationRounding\":\"\",\"enableCalculation\":\"\",\"disableQuantity\":false,\"displayAllCategories\":false,\"useRichTextEditor\":false,\"enableColumns\":true,\"displayOnly\":\"\",\"visibility\":\"visible\",\"fields\":\"\",\"inputMaskIsCustom\":false,\"maxLength\":\"\",\"layoutGroupId\":\"19b3651c\",\"autocompleteAttribute\":\"\",\"checkboxLabel\":\"\",\"enableAutocomplete\":false,\"enablePrice\":\"\",\"pageNumber\":2,\"formId\":0},{\"type\":\"page\",\"id\":20,\"label\":\"\",\"adminLabel\":\"\",\"isRequired\":false,\"size\":\"medium\",\"errorMessage\":\"\",\"visibility\":\"visible\",\"inputs\":null,\"displayOnly\":true,\"nextButton\":{\"type\":\"text\",\"text\":\"\\u0628\\u0639\\u062f\\u06cc\",\"imageUrl\":\"\"},\"previousButton\":{\"type\":\"text\",\"text\":\"\\u0642\\u0628\\u0644\",\"imageUrl\":\"\"},\"description\":\"\",\"allowsPrepopulate\":false,\"inputMask\":false,\"inputMaskValue\":\"\",\"inputMaskIsCustom\":\"\",\"maxLength\":\"\",\"inputType\":\"\",\"labelPlacement\":\"\",\"descriptionPlacement\":\"\",\"subLabelPlacement\":\"\",\"placeholder\":\"\",\"cssClass\":\"\",\"inputName\":\"\",\"noDuplicates\":false,\"defaultValue\":\"\",\"choices\":\"\",\"conditionalLogic\":\"\",\"productField\":\"\",\"fields\":\"\",\"pageNumber\":3,\"formId\":0,\"enableAutocomplete\":false,\"autocompleteAttribute\":\"\"},{\"type\":\"section\",\"id\":11,\"label\":\"\\u0628\\u06cc\\u0634\\u062a\\u0631 \\u062f\\u0631\\u0628\\u0627\\u0631\\u0647 \\u062a\\u0648\",\"adminLabel\":\"\",\"isRequired\":false,\"size\":\"medium\",\"errorMessage\":\"\",\"inputs\":null,\"displayOnly\":true,\"description\":\"\",\"allowsPrepopulate\":false,\"inputMask\":false,\"inputMaskValue\":\"\",\"inputType\":\"\",\"labelPlacement\":\"\",\"descriptionPlacement\":\"\",\"subLabelPlacement\":\"\",\"placeholder\":\"\",\"cssClass\":\"\",\"inputName\":\"\",\"noDuplicates\":false,\"defaultValue\":\"\",\"choices\":\"\",\"conditionalLogic\":\"\",\"productField\":\"\",\"multipleFiles\":false,\"maxFiles\":\"\",\"calculationFormula\":\"\",\"calculationRounding\":\"\",\"enableCalculation\":\"\",\"disableQuantity\":false,\"displayAllCategories\":false,\"useRichTextEditor\":false,\"visibility\":\"visible\",\"fields\":\"\",\"inputMaskIsCustom\":\"\",\"maxLength\":\"\",\"layoutGroupId\":\"f19a631f\",\"enableAutocomplete\":false,\"autocompleteAttribute\":\"\",\"pageNumber\":3,\"formId\":0},{\"type\":\"textarea\",\"id\":12,\"label\":\"\\u062f\\u0631\\u0628\\u0627\\u0631\\u0647 \\u062e\\u0648\\u062f\\u062a\\u0627\\u0646 \\u0628\\u0647 \\u0645\\u0627 \\u0628\\u06af\\u0648\\u06cc\\u06cc\\u062f\",\"adminLabel\":\"\",\"isRequired\":false,\"size\":\"medium\",\"errorMessage\":\"\",\"inputs\":null,\"description\":\"\",\"allowsPrepopulate\":false,\"inputMask\":false,\"inputMaskValue\":\"\",\"inputType\":\"\",\"labelPlacement\":\"\",\"descriptionPlacement\":\"\",\"subLabelPlacement\":\"\",\"placeholder\":\"\",\"cssClass\":\"\",\"inputName\":\"\",\"noDuplicates\":false,\"defaultValue\":\"\",\"choices\":\"\",\"conditionalLogic\":\"\",\"productField\":\"\",\"form_id\":\"\",\"useRichTextEditor\":false,\"multipleFiles\":false,\"maxFiles\":\"\",\"calculationFormula\":\"\",\"calculationRounding\":\"\",\"enableCalculation\":\"\",\"disableQuantity\":false,\"displayAllCategories\":false,\"displayOnly\":\"\",\"visibility\":\"visible\",\"fields\":\"\",\"inputMaskIsCustom\":false,\"maxLength\":\"\",\"layoutGroupId\":\"a9d1642a\",\"enableAutocomplete\":false,\"autocompleteAttribute\":\"\",\"pageNumber\":3,\"formId\":0},{\"type\":\"fileupload\",\"id\":13,\"label\":\"\\u0628\\u0627\\u0631\\u06af\\u0632\\u0627\\u0631\\u06cc \\u0631\\u0632\\u0648\\u0645\\u0647\",\"adminLabel\":\"\",\"isRequired\":false,\"size\":\"medium\",\"errorMessage\":\"\",\"inputs\":null,\"description\":\"\\u0631\\u0632\\u0648\\u0645\\u0647 \\u062e\\u0648\\u062f \\u0631\\u0627 \\u062f\\u0631 \\u0642\\u0627\\u0644\\u0628 .pdf\\u060c .doc \\u06cc\\u0627 .docx \\u0622\\u067e\\u0644\\u0648\\u062f \\u06a9\\u0646\\u06cc\\u062f\",\"allowsPrepopulate\":false,\"inputMask\":false,\"inputMaskValue\":\"\",\"inputType\":\"\",\"labelPlacement\":\"\",\"descriptionPlacement\":\"\",\"subLabelPlacement\":\"\",\"placeholder\":\"\",\"cssClass\":\"\",\"inputName\":\"\",\"noDuplicates\":false,\"defaultValue\":\"\",\"choices\":\"\",\"conditionalLogic\":\"\",\"maxFileSize\":25,\"maxFiles\":\"\",\"multipleFiles\":false,\"allowedExtensions\":\"pdf, doc, docx\",\"productField\":\"\",\"calculationFormula\":\"\",\"calculationRounding\":\"\",\"enableCalculation\":\"\",\"disableQuantity\":false,\"displayAllCategories\":false,\"useRichTextEditor\":false,\"displayOnly\":\"\",\"visibility\":\"visible\",\"fields\":\"\",\"inputMaskIsCustom\":false,\"maxLength\":\"\",\"layoutGroupId\":\"e4c38a69\",\"enableAutocomplete\":false,\"autocompleteAttribute\":\"\",\"pageNumber\":3,\"formId\":0},{\"type\":\"consent\",\"checked_indicator_url\":\"https:\\/\\/rcesd.ac.ir\\/wp-content\\/plugins\\/gravityforms\\/images\\/tick.png\",\"checked_indicator_markup\":\"<img src=\\\"https:\\/\\/rcesd.ac.ir\\/wp-content\\/plugins\\/gravityforms\\/images\\/tick.png\\\" \\/>\",\"id\":22,\"label\":\"\\u0634\\u0631\\u0627\\u06cc\\u0637 \\u0648 \\u0636\\u0648\\u0627\\u0628\\u0637\",\"adminLabel\":\"\",\"isRequired\":true,\"size\":\"large\",\"errorMessage\":\"\",\"visibility\":\"visible\",\"inputs\":[{\"id\":\"22.1\",\"label\":\"\\u0631\\u0636\\u0627\\u06cc\\u062a\",\"name\":\"\"},{\"id\":\"22.2\",\"label\":\"\\u0645\\u062a\\u0646\",\"name\":\"\",\"isHidden\":true},{\"id\":\"22.3\",\"label\":\"\\u062a\\u0648\\u0636\\u06cc\\u062d\\u0627\\u062a\",\"name\":\"\",\"isHidden\":true}],\"checkboxLabel\":\"<strong>\\u0634\\u0631\\u0627\\u06cc\\u0637 \\u0631\\u0627 \\u0642\\u0628\\u0648\\u0644 \\u062f\\u0627\\u0631\\u0645.<\\/strong>\",\"descriptionplaceholder\":\"\",\"choices\":[{\"text\":\"\\u0627\\u0646\\u062a\\u062e\\u0627\\u0628 \\u0634\\u062f\\u0647\",\"value\":\"1\",\"isSelected\":false,\"price\":\"\"}],\"description\":\"\\u0634\\u0631\\u0627\\u06cc\\u0637 \\u0648 \\u0636\\u0648\\u0627\\u0628\\u0637 placeholder.\",\"allowsPrepopulate\":false,\"inputMask\":false,\"inputMaskValue\":\"\",\"inputMaskIsCustom\":false,\"maxLength\":\"\",\"labelPlacement\":\"\",\"descriptionPlacement\":\"above\",\"subLabelPlacement\":\"\",\"placeholder\":\"\",\"cssClass\":\"\",\"inputName\":\"\",\"noDuplicates\":false,\"defaultValue\":\"\",\"enableAutocomplete\":false,\"autocompleteAttribute\":\"\",\"conditionalLogic\":\"\",\"productField\":\"\",\"layoutGridColumnSpan\":12,\"enableEnhancedUI\":0,\"layoutGroupId\":\"27e48dc9\",\"multipleFiles\":false,\"maxFiles\":\"\",\"calculationFormula\":\"\",\"calculationRounding\":\"\",\"enableCalculation\":\"\",\"disableQuantity\":false,\"displayAllCategories\":false,\"useRichTextEditor\":false,\"fields\":\"\",\"displayOnly\":\"\",\"inputType\":\"\",\"pageNumber\":3,\"validateState\":true,\"formId\":0}],\"version\":\"2.8.17\",\"useCurrentUserAsAuthor\":true,\"postContentTemplateEnabled\":false,\"postTitleTemplateEnabled\":false,\"postTitleTemplate\":\"\",\"postContentTemplate\":\"\",\"lastPageButton\":{\"type\":\"text\",\"text\":\"\\u0642\\u0628\\u0644\",\"imageUrl\":\"\"},\"pagination\":{\"type\":\"percentage\",\"pages\":[\"\",\"\",\"\"],\"style\":\"blue\",\"backgroundColor\":null,\"color\":null,\"display_progressbar_on_confirmation\":false,\"progressbar_completion_text\":null},\"firstPageCssClass\":\"\",\"subLabelPlacement\":\"above\",\"cssClass\":\"\",\"enableHoneypot\":false,\"enableAnimation\":false,\"save\":{\"enabled\":false,\"button\":{\"type\":\"link\",\"text\":\"\\u0630\\u062e\\u06cc\\u0631\\u0647 \\u06a9\\u0646\\u06cc\\u062f \\u0648 \\u0628\\u0639\\u062f\\u0627 \\u0627\\u062f\\u0627\\u0645\\u0647 \\u062f\\u0647\\u06cc\\u062f.\"}},\"limitEntries\":false,\"limitEntriesCount\":\"\",\"limitEntriesPeriod\":\"\",\"limitEntriesMessage\":\"\",\"scheduleForm\":false,\"scheduleStart\":\"\",\"scheduleStartHour\":\"\",\"scheduleStartMinute\":\"\",\"scheduleStartAmpm\":\"\",\"scheduleEnd\":\"\",\"scheduleEndHour\":\"\",\"scheduleEndMinute\":\"\",\"scheduleEndAmpm\":\"\",\"schedulePendingMessage\":\"\",\"scheduleMessage\":\"\",\"requireLogin\":false,\"requireLoginMessage\":\"\",\"nextFieldId\":23,\"markupVersion\":2,\"validationSummary\":\"1\",\"requiredIndicator\":\"text\",\"customRequiredIndicator\":\"\",\"delete_entry\":\"\",\"delete_entry_condition\":\"\",\"delete_entry_period\":\"\",\"delete_entry_units\":\"hour\",\"form_slug\":\"employment-application-form\",\"template_id\":\"employment\",\"id\":2}', '2024-11-03 09:26:15');

-- --------------------------------------------------------

--
-- Table structure for table `wp_gf_form_view`
--

CREATE TABLE `wp_gf_form_view` (
  `id` bigint(10) UNSIGNED NOT NULL,
  `form_id` mediumint(10) UNSIGNED NOT NULL,
  `date_created` datetime NOT NULL,
  `ip` char(15) DEFAULT NULL,
  `count` mediumint(10) UNSIGNED NOT NULL DEFAULT 1
) ENGINE=InnoDB DEFAULT CHARSET=utf8mb4 COLLATE=utf8mb4_unicode_520_ci;

--
-- Dumping data for table `wp_gf_form_view`
--

INSERT INTO `wp_gf_form_view` (`id`, `form_id`, `date_created`, `ip`, `count`) VALUES
(1, 1, '2024-09-30 11:20:58', '', 2),
(2, 1, '2024-10-02 17:07:26', '', 7),
(3, 1, '2024-10-05 04:30:13', '', 1),
(4, 1, '2024-10-06 10:59:50', '', 1),
(5, 1, '2024-10-08 11:00:27', '', 2),
(6, 1, '2024-10-12 06:50:18', '', 1),
(7, 1, '2024-10-13 07:25:44', '', 1),
(8, 1, '2024-10-14 09:53:32', '', 4),
(9, 1, '2024-10-16 03:05:32', '', 2),
(10, 1, '2024-10-19 05:18:15', '', 1),
(11, 1, '2024-10-20 05:46:01', '', 3),
(12, 1, '2024-10-21 06:57:20', '', 6),
(13, 1, '2024-10-22 10:36:34', '', 1),
(14, 1, '2024-10-25 16:36:09', '', 8),
(15, 1, '2024-10-26 17:47:18', '', 2),
(16, 1, '2024-10-28 07:18:28', '', 3),
(17, 1, '2024-10-30 07:10:02', '', 13),
(18, 1, '2024-10-31 08:04:25', '', 4),
(19, 1, '2024-11-01 11:17:48', '', 10),
(20, 1, '2024-11-02 12:45:12', '', 8),
(21, 3, '2024-11-03 09:50:19', '', 1),
(22, 2, '2024-11-03 09:57:23', '', 1),
(23, 1, '2024-11-03 13:47:32', '', 2),
(24, 2, '2024-11-04 11:00:21', '', 2),
(25, 1, '2024-11-05 04:16:29', '', 3),
(26, 1, '2024-11-06 04:29:53', '', 7),
(27, 2, '2024-11-07 01:17:01', '', 1),
(28, 1, '2024-11-08 10:53:17', '', 1),
(29, 1, '2024-11-10 10:05:12', '', 4),
(30, 1, '2024-11-12 03:21:03', '', 4),
(31, 2, '2024-11-12 07:32:50', '', 1),
(32, 1, '2024-11-13 11:12:16', '', 2),
(33, 2, '2024-11-15 09:11:30', '', 1),
(34, 1, '2024-11-15 18:00:05', '', 4),
(35, 1, '2024-11-16 21:08:04', '', 16),
(36, 2, '2024-11-16 22:44:22', '', 1),
(37, 1, '2024-11-18 09:48:28', '', 7),
(38, 2, '2024-11-18 20:52:03', '', 1),
(39, 1, '2024-11-25 22:57:48', '', 2),
(40, 2, '2024-11-26 11:57:55', '', 1),
(41, 1, '2024-11-30 08:10:57', '', 10),
(42, 1, '2024-12-02 09:22:35', '', 4),
(43, 2, '2024-12-04 01:17:11', '', 1),
(44, 1, '2024-12-04 07:48:06', '', 1),
(45, 1, '2024-12-07 11:12:31', '', 3),
(46, 2, '2024-12-07 22:07:11', '', 1);

-- --------------------------------------------------------

--
-- Table structure for table `wp_gglcptch_allowlist`
--

CREATE TABLE `wp_gglcptch_allowlist` (
  `id` int(10) UNSIGNED NOT NULL,
  `ip` char(31) NOT NULL,
  `ip_from_int` bigint(20) DEFAULT NULL,
  `ip_to_int` bigint(20) DEFAULT NULL,
  `add_time` datetime DEFAULT NULL
) ENGINE=InnoDB DEFAULT CHARSET=utf8 COLLATE=utf8_general_ci;

-- --------------------------------------------------------

--
-- Table structure for table `wp_gmedia`
--

CREATE TABLE `wp_gmedia` (
  `ID` bigint(20) UNSIGNED NOT NULL,
  `author` bigint(20) UNSIGNED NOT NULL DEFAULT 0,
  `date` datetime NOT NULL DEFAULT '0000-00-00 00:00:00',
  `description` longtext NOT NULL,
  `title` text NOT NULL,
  `gmuid` varchar(255) NOT NULL DEFAULT '',
  `link` varchar(255) NOT NULL DEFAULT '',
  `modified` datetime NOT NULL DEFAULT '0000-00-00 00:00:00',
  `mime_type` varchar(100) NOT NULL DEFAULT '',
  `status` varchar(20) NOT NULL DEFAULT 'publish',
  `post_id` bigint(20) UNSIGNED DEFAULT NULL
) ENGINE=InnoDB DEFAULT CHARSET=utf8mb4 COLLATE=utf8mb4_unicode_520_ci ROW_FORMAT=DYNAMIC;

-- --------------------------------------------------------

--
-- Table structure for table `wp_gmedia_log`
--

CREATE TABLE `wp_gmedia_log` (
  `log` varchar(200) NOT NULL DEFAULT '',
  `ID` bigint(20) UNSIGNED NOT NULL DEFAULT 0,
  `log_author` bigint(20) UNSIGNED NOT NULL DEFAULT 0,
  `log_date` datetime NOT NULL DEFAULT '0000-00-00 00:00:00',
  `log_data` longtext DEFAULT NULL,
  `ip_address` varchar(45) NOT NULL DEFAULT ''
) ENGINE=InnoDB DEFAULT CHARSET=utf8mb4 COLLATE=utf8mb4_unicode_520_ci ROW_FORMAT=DYNAMIC;

-- --------------------------------------------------------

--
-- Table structure for table `wp_gmedia_meta`
--

CREATE TABLE `wp_gmedia_meta` (
  `meta_id` bigint(20) UNSIGNED NOT NULL,
  `gmedia_id` bigint(20) UNSIGNED NOT NULL DEFAULT 0,
  `meta_key` varchar(255) DEFAULT NULL,
  `meta_value` longtext DEFAULT NULL
) ENGINE=InnoDB DEFAULT CHARSET=utf8mb4 COLLATE=utf8mb4_unicode_520_ci ROW_FORMAT=DYNAMIC;

-- --------------------------------------------------------

--
-- Table structure for table `wp_gmedia_term`
--

CREATE TABLE `wp_gmedia_term` (
  `term_id` bigint(20) UNSIGNED NOT NULL,
  `name` varchar(200) NOT NULL DEFAULT '',
  `taxonomy` varchar(32) NOT NULL DEFAULT '',
  `description` longtext NOT NULL,
  `global` bigint(20) UNSIGNED NOT NULL DEFAULT 0,
  `count` bigint(20) NOT NULL DEFAULT 0,
  `status` varchar(20) NOT NULL DEFAULT 'publish'
) ENGINE=InnoDB DEFAULT CHARSET=utf8mb4 COLLATE=utf8mb4_unicode_520_ci ROW_FORMAT=DYNAMIC;

-- --------------------------------------------------------

--
-- Table structure for table `wp_gmedia_term_meta`
--

CREATE TABLE `wp_gmedia_term_meta` (
  `meta_id` bigint(20) UNSIGNED NOT NULL,
  `gmedia_term_id` bigint(20) UNSIGNED NOT NULL DEFAULT 0,
  `meta_key` varchar(255) DEFAULT NULL,
  `meta_value` longtext DEFAULT NULL
) ENGINE=InnoDB DEFAULT CHARSET=utf8mb4 COLLATE=utf8mb4_unicode_520_ci ROW_FORMAT=DYNAMIC;

-- --------------------------------------------------------

--
-- Table structure for table `wp_gmedia_term_relationships`
--

CREATE TABLE `wp_gmedia_term_relationships` (
  `gmedia_id` bigint(20) UNSIGNED NOT NULL DEFAULT 0,
  `gmedia_term_id` bigint(20) UNSIGNED NOT NULL DEFAULT 0,
  `term_order` int(11) NOT NULL DEFAULT 0,
  `gmedia_order` int(11) NOT NULL DEFAULT 0
) ENGINE=InnoDB DEFAULT CHARSET=utf8mb4 COLLATE=utf8mb4_unicode_520_ci ROW_FORMAT=DYNAMIC;

-- --------------------------------------------------------

--
-- Table structure for table `wp_hmwp_blocked_ips`
--

CREATE TABLE `wp_hmwp_blocked_ips` (
  `id` int(11) UNSIGNED NOT NULL,
  `ip` varchar(25) NOT NULL,
  `source` varchar(255) DEFAULT NULL,
  `allow` tinyint(1) DEFAULT 0,
  `created` datetime NOT NULL
) ENGINE=MyISAM DEFAULT CHARSET=utf8 COLLATE=utf8_general_ci;

-- --------------------------------------------------------

--
-- Table structure for table `wp_hmwp_ip_countries`
--

CREATE TABLE `wp_hmwp_ip_countries` (
  `id` int(11) UNSIGNED NOT NULL,
  `ip` varchar(25) NOT NULL,
  `countryCode` varchar(25) NOT NULL,
  `created` datetime NOT NULL
) ENGINE=MyISAM DEFAULT CHARSET=utf8 COLLATE=utf8_general_ci;

--
-- Dumping data for table `wp_hmwp_ip_countries`
--

INSERT INTO `wp_hmwp_ip_countries` (`id`, `ip`, `countryCode`, `created`) VALUES
(1, '86.57.40.142', 'IR', '2024-10-02 17:17:24'),
(2, '89.42.139.182', 'IR', '2024-10-02 17:17:29'),
(3, '52.208.151.205', 'IE', '2024-10-02 18:40:57'),
(4, '91.107.252.61', 'IR', '2024-10-02 18:56:05'),
(5, '99.81.216.206', 'IE', '2024-10-03 09:46:18'),
(6, '86.57.22.177', 'IR', '2024-10-03 11:16:27'),
(7, '78.39.59.242', 'IR', '2024-10-05 04:28:43'),
(8, '86.57.41.87', 'IR', '2024-10-06 08:06:05'),
(9, '5.217.187.237', 'IR', '2024-10-06 13:30:32'),
(10, '54.217.83.13', 'IE', '2024-10-08 10:03:56'),
(11, '94.182.36.124', 'IR', '2024-10-09 08:45:23');

-- --------------------------------------------------------

--
-- Table structure for table `wp_hmwp_ms_intrusions`
--

CREATE TABLE `wp_hmwp_ms_intrusions` (
  `id` int(11) UNSIGNED NOT NULL,
  `name` varchar(128) NOT NULL,
  `value` text NOT NULL,
  `page` varchar(255) NOT NULL,
  `tags` varchar(50) NOT NULL,
  `ip` varchar(16) NOT NULL DEFAULT '0',
  `user_id` int(11) UNSIGNED NOT NULL,
  `total_impact` int(11) UNSIGNED NOT NULL,
  `impact` int(11) UNSIGNED NOT NULL,
  `origin` varchar(16) NOT NULL,
  `created` datetime NOT NULL
) ENGINE=MyISAM DEFAULT CHARSET=utf8 COLLATE=utf8_general_ci;

-- --------------------------------------------------------

--
-- Table structure for table `wp_jet_post_types`
--

CREATE TABLE `wp_jet_post_types` (
  `id` bigint(20) NOT NULL,
  `slug` text DEFAULT NULL,
  `status` text DEFAULT NULL,
  `labels` longtext DEFAULT NULL,
  `args` longtext DEFAULT NULL,
  `meta_fields` longtext DEFAULT NULL
) ENGINE=InnoDB DEFAULT CHARSET=utf8mb4 COLLATE=utf8mb4_unicode_520_ci;

--
-- Dumping data for table `wp_jet_post_types`
--

INSERT INTO `wp_jet_post_types` (`id`, `slug`, `status`, `labels`, `args`, `meta_fields`) VALUES
(1, 'resume', 'publish', 'a:20:{s:4:\"name\";s:10:\"رزومه\";s:13:\"singular_name\";s:10:\"رزومه\";s:9:\"menu_name\";s:15:\"رزومه ها\";s:14:\"name_admin_bar\";s:10:\"رزومه\";s:7:\"add_new\";s:32:\"افزودن رزومه جدید\";s:12:\"add_new_item\";s:32:\"افزودن رزومه جدید\";s:8:\"new_item\";s:32:\"افزودن رزومه جدید\";s:9:\"edit_item\";s:23:\"ویرایش رزومه\";s:9:\"view_item\";s:21:\"نمایش رزومه\";s:9:\"all_items\";s:22:\"همه رزومه ها\";s:12:\"search_items\";s:28:\"جستجوی رزومه ها\";s:9:\"not_found\";s:39:\"هیچ رزومه ای پیدا نشد.\";s:18:\"not_found_in_trash\";s:57:\"رزومه ای در زباله‌دان یافت نشد.\";s:14:\"featured_image\";s:19:\"تصویر شاخص\";s:18:\"set_featured_image\";s:55:\"قرار دادن به‌عنوان تصویر شاخص\";s:21:\"remove_featured_image\";s:35:\"پاک کردن تصویر شاخص\";s:18:\"use_featured_image\";s:52:\"استفاده به‌عنوان تصویر شاخص\";s:8:\"archives\";s:25:\"بایگانی رزومه\";s:16:\"insert_into_item\";s:22:\"درج در رزومه\";s:21:\"uploaded_to_this_item\";s:38:\"در این رزومه آپلود شد\";}', 'a:24:{s:6:\"public\";b:1;s:18:\"publicly_queryable\";b:1;s:7:\"show_ui\";b:1;s:12:\"show_in_menu\";b:1;s:17:\"show_in_nav_menus\";b:1;s:12:\"show_in_rest\";b:1;s:9:\"query_var\";b:1;s:7:\"rewrite\";b:1;s:12:\"map_meta_cap\";b:0;s:11:\"has_archive\";b:1;s:12:\"hierarchical\";b:1;s:19:\"exclude_from_search\";b:0;s:10:\"with_front\";b:0;s:14:\"show_edit_link\";b:0;s:14:\"custom_storage\";b:0;s:16:\"hide_field_names\";b:0;s:15:\"delete_metadata\";b:0;s:12:\"rewrite_slug\";s:6:\"resume\";s:15:\"capability_type\";s:4:\"post\";s:13:\"menu_position\";i:21;s:9:\"menu_icon\";s:19:\"dashicons-clipboard\";s:8:\"supports\";a:3:{i:0;s:5:\"title\";i:1;s:13:\"custom-fields\";i:2;s:9:\"revisions\";}s:13:\"admin_columns\";a:0:{}s:13:\"admin_filters\";a:0:{}}', 'a:9:{i:0;a:10:{s:5:\"title\";s:25:\"تصویر پروفایل\";s:4:\"name\";s:13:\"image-profile\";s:11:\"object_type\";s:5:\"field\";s:5:\"width\";s:4:\"100%\";s:7:\"options\";a:0:{}s:15:\"repeater-fields\";a:0:{}s:4:\"type\";s:5:\"media\";s:2:\"id\";i:1405;s:8:\"isNested\";b:0;s:14:\"options_source\";s:6:\"manual\";}i:1;a:10:{s:5:\"title\";s:33:\"نام و نام خانوادگی\";s:4:\"name\";s:4:\"name\";s:11:\"object_type\";s:5:\"field\";s:5:\"width\";s:4:\"100%\";s:7:\"options\";a:0:{}s:15:\"repeater-fields\";a:0:{}s:4:\"type\";s:4:\"text\";s:2:\"id\";i:6029;s:8:\"isNested\";b:0;s:14:\"options_source\";s:6:\"manual\";}i:2;a:10:{s:5:\"title\";s:21:\"مقطع تحصیلی\";s:4:\"name\";s:6:\"degree\";s:11:\"object_type\";s:5:\"field\";s:5:\"width\";s:4:\"100%\";s:7:\"options\";a:0:{}s:15:\"repeater-fields\";a:0:{}s:4:\"type\";s:4:\"text\";s:2:\"id\";i:5026;s:8:\"isNested\";b:0;s:14:\"options_source\";s:6:\"manual\";}i:3;a:10:{s:5:\"title\";s:15:\"سمت شغلی\";s:4:\"name\";s:3:\"job\";s:11:\"object_type\";s:5:\"field\";s:5:\"width\";s:4:\"100%\";s:7:\"options\";a:0:{}s:15:\"repeater-fields\";a:0:{}s:4:\"type\";s:4:\"text\";s:2:\"id\";i:3759;s:8:\"isNested\";b:0;s:14:\"options_source\";s:6:\"manual\";}i:4;a:10:{s:5:\"title\";s:10:\"ایمیل\";s:4:\"name\";s:5:\"email\";s:11:\"object_type\";s:5:\"field\";s:5:\"width\";s:4:\"100%\";s:7:\"options\";a:0:{}s:15:\"repeater-fields\";a:0:{}s:4:\"type\";s:4:\"text\";s:2:\"id\";i:4302;s:8:\"isNested\";b:0;s:14:\"options_source\";s:6:\"manual\";}i:5;a:10:{s:5:\"title\";s:21:\"شماره داخلی\";s:4:\"name\";s:6:\"number\";s:11:\"object_type\";s:5:\"field\";s:5:\"width\";s:4:\"100%\";s:7:\"options\";a:0:{}s:15:\"repeater-fields\";a:0:{}s:4:\"type\";s:6:\"number\";s:2:\"id\";i:8119;s:8:\"isNested\";b:0;s:14:\"options_source\";s:6:\"manual\";}i:6;a:12:{s:5:\"title\";s:14:\"فید scholar\";s:4:\"name\";s:7:\"scholar\";s:11:\"object_type\";s:5:\"field\";s:5:\"width\";s:4:\"100%\";s:7:\"options\";a:0:{}s:15:\"repeater-fields\";a:0:{}s:4:\"type\";s:4:\"text\";s:2:\"id\";i:1307;s:8:\"isNested\";b:0;s:14:\"options_source\";s:6:\"manual\";s:14:\"quick_editable\";b:1;s:16:\"revision_support\";b:1;}i:7;a:10:{s:5:\"title\";s:23:\"درباره کاربر\";s:4:\"name\";s:5:\"about\";s:11:\"object_type\";s:5:\"field\";s:5:\"width\";s:4:\"100%\";s:7:\"options\";a:0:{}s:15:\"repeater-fields\";a:0:{}s:4:\"type\";s:8:\"textarea\";s:2:\"id\";i:8738;s:8:\"isNested\";b:0;s:14:\"options_source\";s:6:\"manual\";}i:8;a:10:{s:5:\"title\";s:21:\"آپلود رزومه\";s:4:\"name\";s:6:\"upload\";s:11:\"object_type\";s:5:\"field\";s:5:\"width\";s:4:\"100%\";s:7:\"options\";a:0:{}s:15:\"repeater-fields\";a:0:{}s:4:\"type\";s:5:\"media\";s:2:\"id\";i:3180;s:8:\"isNested\";b:0;s:14:\"options_source\";s:6:\"manual\";}}'),
(2, 'gallery', 'publish', 'a:6:{s:4:\"name\";s:11:\"گالری1\";s:7:\"add_new\";s:32:\"افزودن گالری جدید\";s:12:\"add_new_item\";s:32:\"افزودن گالری جدید\";s:8:\"new_item\";s:19:\"گالری جدید\";s:9:\"edit_item\";s:23:\"ویرایش گالری\";s:9:\"view_item\";s:15:\"View گالری\";}', 'a:24:{s:6:\"public\";b:1;s:18:\"publicly_queryable\";b:1;s:7:\"show_ui\";b:1;s:12:\"show_in_menu\";b:1;s:17:\"show_in_nav_menus\";b:1;s:12:\"show_in_rest\";b:1;s:9:\"query_var\";b:1;s:7:\"rewrite\";b:1;s:12:\"map_meta_cap\";b:0;s:11:\"has_archive\";b:1;s:12:\"hierarchical\";b:0;s:19:\"exclude_from_search\";b:0;s:10:\"with_front\";b:0;s:14:\"show_edit_link\";b:0;s:14:\"custom_storage\";b:0;s:16:\"hide_field_names\";b:0;s:15:\"delete_metadata\";b:0;s:12:\"rewrite_slug\";s:7:\"gallery\";s:15:\"capability_type\";s:4:\"post\";s:13:\"menu_position\";i:11;s:9:\"menu_icon\";s:21:\"dashicons-images-alt2\";s:8:\"supports\";a:7:{i:0;s:5:\"title\";i:1;s:6:\"editor\";i:2;s:9:\"revisions\";i:3;s:6:\"author\";i:4;s:8:\"comments\";i:5;s:15:\"page-attributes\";i:6;s:9:\"thumbnail\";}s:13:\"admin_columns\";a:0:{}s:13:\"admin_filters\";a:0:{}}', 'a:1:{i:0;a:10:{s:5:\"title\";s:23:\"تصاویر گالری\";s:4:\"name\";s:13:\"image-gallery\";s:11:\"object_type\";s:5:\"field\";s:5:\"width\";s:4:\"100%\";s:7:\"options\";a:0:{}s:15:\"repeater-fields\";a:0:{}s:4:\"type\";s:7:\"gallery\";s:2:\"id\";i:8370;s:8:\"isNested\";b:0;s:14:\"options_source\";s:6:\"manual\";}}');

-- --------------------------------------------------------

--
-- Table structure for table `wp_jet_search_suggestions`
--

CREATE TABLE `wp_jet_search_suggestions` (
  `id` int(11) NOT NULL,
  `name` text DEFAULT NULL,
  `weight` bigint(20) DEFAULT NULL,
  `parent` text DEFAULT NULL,
  `term` text DEFAULT NULL
) ENGINE=InnoDB DEFAULT CHARSET=utf8mb4 COLLATE=utf8mb4_unicode_520_ci;

-- --------------------------------------------------------

--
-- Table structure for table `wp_jet_search_suggestions_sessions`
--

CREATE TABLE `wp_jet_search_suggestions_sessions` (
  `id` int(11) NOT NULL,
  `token` varchar(255) DEFAULT NULL,
  `created_at` timestamp NOT NULL DEFAULT current_timestamp()
) ENGINE=InnoDB DEFAULT CHARSET=utf8mb4 COLLATE=utf8mb4_unicode_520_ci;

-- --------------------------------------------------------

--
-- Table structure for table `wp_jet_taxonomies`
--

CREATE TABLE `wp_jet_taxonomies` (
  `id` bigint(20) NOT NULL,
  `slug` text DEFAULT NULL,
  `object_type` text DEFAULT NULL,
  `status` text DEFAULT NULL,
  `labels` longtext DEFAULT NULL,
  `args` longtext DEFAULT NULL,
  `meta_fields` longtext DEFAULT NULL
) ENGINE=InnoDB DEFAULT CHARSET=utf8mb4 COLLATE=utf8mb4_unicode_520_ci;

--
-- Dumping data for table `wp_jet_taxonomies`
--

INSERT INTO `wp_jet_taxonomies` (`id`, `slug`, `object_type`, `status`, `labels`, `args`, `meta_fields`) VALUES
(1, 'resume-category', 'a:1:{i:0;s:7:\"resume2\";}', 'publish', 'a:14:{s:4:\"name\";s:15:\"دسته‌ها\";s:13:\"singular_name\";s:8:\"دسته\";s:9:\"menu_name\";s:15:\"دسته‌ها\";s:9:\"all_items\";s:22:\"همه دسته‌ها\";s:9:\"edit_item\";s:21:\"ویرایش دسته\";s:9:\"view_item\";s:19:\"نمایش دسته\";s:11:\"update_item\";s:32:\"به‌روزرسانی دسته\";s:12:\"add_new_item\";s:30:\"افزودن دسته تازه\";s:13:\"new_item_name\";s:26:\"نام تازهٔ دسته\";s:11:\"parent_item\";s:19:\"دستهٔ مادر\";s:17:\"parent_item_colon\";s:20:\"دستهٔ مادر:\";s:12:\"search_items\";s:28:\"جستجوی دسته‌ها\";s:9:\"not_found\";s:39:\"هیچ دسته‌ای پیدا نشد.\";s:13:\"back_to_items\";s:36:\"&larr; رفتن به دسته‌ها\";}', 'a:17:{s:6:\"public\";b:1;s:18:\"publicly_queryable\";b:1;s:7:\"show_ui\";b:1;s:12:\"show_in_menu\";b:1;s:17:\"show_in_nav_menus\";b:1;s:12:\"show_in_rest\";b:1;s:7:\"rewrite\";b:1;s:12:\"hierarchical\";b:1;s:10:\"with_front\";b:1;s:14:\"show_edit_link\";b:0;s:16:\"hide_field_names\";b:0;s:15:\"delete_metadata\";b:0;s:20:\"rewrite_hierarchical\";b:1;s:9:\"query_var\";s:13:\"category_name\";s:12:\"rewrite_slug\";s:8:\"category\";s:15:\"capability_type\";s:0:\"\";s:11:\"description\";s:0:\"\";}', 'a:0:{}');

-- --------------------------------------------------------

--
-- Table structure for table `wp_links`
--

CREATE TABLE `wp_links` (
  `link_id` bigint(20) UNSIGNED NOT NULL,
  `link_url` varchar(255) NOT NULL DEFAULT '',
  `link_name` varchar(255) NOT NULL DEFAULT '',
  `link_image` varchar(255) NOT NULL DEFAULT '',
  `link_target` varchar(25) NOT NULL DEFAULT '',
  `link_description` varchar(255) NOT NULL DEFAULT '',
  `link_visible` varchar(20) NOT NULL DEFAULT 'Y',
  `link_owner` bigint(20) UNSIGNED NOT NULL DEFAULT 1,
  `link_rating` int(11) NOT NULL DEFAULT 0,
  `link_updated` datetime NOT NULL DEFAULT '0000-00-00 00:00:00',
  `link_rel` varchar(255) NOT NULL DEFAULT '',
  `link_notes` mediumtext NOT NULL,
  `link_rss` varchar(255) NOT NULL DEFAULT ''
) ENGINE=InnoDB DEFAULT CHARSET=utf8mb4 COLLATE=utf8mb4_unicode_520_ci;

-- --------------------------------------------------------

--
-- Table structure for table `wp_litespeed_url`
--

CREATE TABLE `wp_litespeed_url` (
  `id` bigint(20) NOT NULL,
  `url` varchar(500) NOT NULL,
  `cache_tags` varchar(1000) NOT NULL DEFAULT ''
) ENGINE=InnoDB DEFAULT CHARSET=utf8mb4 COLLATE=utf8mb4_unicode_520_ci;

-- --------------------------------------------------------

--
-- Table structure for table `wp_litespeed_url_file`
--

CREATE TABLE `wp_litespeed_url_file` (
  `id` bigint(20) NOT NULL,
  `url_id` bigint(20) NOT NULL,
  `vary` varchar(32) CHARACTER SET utf8mb4 COLLATE utf8mb4_unicode_ci NOT NULL DEFAULT '' COMMENT 'md5 of final vary',
  `filename` varchar(32) CHARACTER SET utf8mb4 COLLATE utf8mb4_unicode_ci NOT NULL DEFAULT '' COMMENT 'md5 of file content',
  `type` tinyint(4) NOT NULL COMMENT 'css=1,js=2,ccss=3,ucss=4',
  `mobile` tinyint(4) NOT NULL COMMENT 'mobile=1',
  `webp` tinyint(4) NOT NULL COMMENT 'webp=1',
  `expired` int(11) NOT NULL DEFAULT 0
) ENGINE=InnoDB DEFAULT CHARSET=utf8mb4 COLLATE=utf8mb4_unicode_520_ci;

-- --------------------------------------------------------

--
-- Table structure for table `wp_login_redirects`
--

CREATE TABLE `wp_login_redirects` (
  `id` bigint(20) NOT NULL,
  `rul_type` varchar(100) NOT NULL,
  `rul_value` varchar(191) DEFAULT NULL,
  `rul_url` longtext DEFAULT NULL,
  `rul_url_logout` longtext DEFAULT NULL,
  `rul_order` int(2) NOT NULL DEFAULT 0,
  `meta_data` longtext DEFAULT NULL
) ENGINE=InnoDB DEFAULT CHARSET=latin1 COLLATE=latin1_swedish_ci;

--
-- Dumping data for table `wp_login_redirects`
--

INSERT INTO `wp_login_redirects` (`id`, `rul_type`, `rul_value`, `rul_url`, `rul_url_logout`, `rul_order`, `meta_data`) VALUES
(1, 'all', NULL, 'https://atlasnic.ir/uni2/my-account/', '', 0, NULL),
(2, 'register', NULL, 'https://atlasnic.ir/uni2/create-resume/', NULL, 0, NULL),
(3, 'role', 'customer', 'https://atlasnic.ir/uni2/my-account/', 'https://atlasnic.ir/uni2/create-resume/', 0, '{\"first_login_condition\":{\"value\":\"\",\"date\":\"2024-10-21 05:51:15\"}}');

-- --------------------------------------------------------

--
-- Table structure for table `wp_mihanpanelfields`
--

CREATE TABLE `wp_mihanpanelfields` (
  `id` mediumint(9) NOT NULL,
  `slug` tinytext NOT NULL,
  `label` tinytext NOT NULL,
  `required` tinytext NOT NULL,
  `type` tinytext NOT NULL,
  `priority` smallint(6) NOT NULL,
  `meta` longtext NOT NULL
) ENGINE=InnoDB DEFAULT CHARSET=utf8mb4 COLLATE=utf8mb4_unicode_520_ci;

-- --------------------------------------------------------

--
-- Table structure for table `wp_mihanpaneltabs`
--

CREATE TABLE `wp_mihanpaneltabs` (
  `id` mediumint(9) NOT NULL,
  `name` tinytext NOT NULL,
  `content` text NOT NULL,
  `icon` tinytext NOT NULL,
  `link` tinytext NOT NULL,
  `priority` smallint(6) NOT NULL,
  `meta` longtext NOT NULL
) ENGINE=InnoDB DEFAULT CHARSET=utf8mb4 COLLATE=utf8mb4_unicode_520_ci;

--
-- Dumping data for table `wp_mihanpaneltabs`
--

INSERT INTO `wp_mihanpaneltabs` (`id`, `name`, `content`, `icon`, `link`, `priority`, `meta`) VALUES
(1, 'دانلود محصولات', '[mihanpanel_woo_downloads]', 'fas fa-download', '', 1, ''),
(2, 'فایل های خریداری شده', '[mp_woocommerce_orders]', 'fas fa-list', '', 1, ''),
(3, 'پشتیبانی تلگرامی', '', 'fab fa-telegram', 'http://t.me/mihanwp', 4, '');

-- --------------------------------------------------------

--
-- Table structure for table `wp_mihanpanel_guard_blocked_ip`
--

CREATE TABLE `wp_mihanpanel_guard_blocked_ip` (
  `id` bigint(20) NOT NULL,
  `ip_address` varchar(15) NOT NULL,
  `failed_attempts_count` int(11) NOT NULL,
  `created_at` datetime NOT NULL DEFAULT current_timestamp(),
  `updated_at` datetime NOT NULL DEFAULT current_timestamp()
) ENGINE=InnoDB DEFAULT CHARSET=utf8mb4 COLLATE=utf8mb4_unicode_520_ci;

-- --------------------------------------------------------

--
-- Table structure for table `wp_mihanpanel_sessions`
--

CREATE TABLE `wp_mihanpanel_sessions` (
  `session_key` varchar(32) NOT NULL,
  `session_value` longtext NOT NULL,
  `session_expiration` datetime NOT NULL DEFAULT current_timestamp()
) ENGINE=InnoDB DEFAULT CHARSET=utf8mb4 COLLATE=utf8mb4_unicode_520_ci;

--
-- Dumping data for table `wp_mihanpanel_sessions`
--

INSERT INTO `wp_mihanpanel_sessions` (`session_key`, `session_value`, `session_expiration`) VALUES
('f1879d42b102afbafc1d345408b6d3f6', '', '2024-10-22 07:17:30');

-- --------------------------------------------------------

--
-- Table structure for table `wp_ngg_album`
--

CREATE TABLE `wp_ngg_album` (
  `id` bigint(20) NOT NULL,
  `name` varchar(255) NOT NULL,
  `slug` varchar(255) NOT NULL,
  `previewpic` bigint(20) NOT NULL DEFAULT 0,
  `albumdesc` mediumtext DEFAULT NULL,
  `sortorder` longtext NOT NULL,
  `pageid` bigint(20) NOT NULL DEFAULT 0,
  `extras_post_id` bigint(20) NOT NULL DEFAULT 0
) ENGINE=InnoDB DEFAULT CHARSET=utf8mb4 COLLATE=utf8mb4_unicode_520_ci;

--
-- Dumping data for table `wp_ngg_album`
--

INSERT INTO `wp_ngg_album` (`id`, `name`, `slug`, `previewpic`, `albumdesc`, `sortorder`, `pageid`, `extras_post_id`) VALUES
(1, 'تست', '%d8%aa%d8%b3%d8%aa', 0, '', 'W10=', 0, 7809);

-- --------------------------------------------------------

--
-- Table structure for table `wp_ngg_gallery`
--

CREATE TABLE `wp_ngg_gallery` (
  `gid` bigint(20) NOT NULL,
  `name` varchar(255) NOT NULL,
  `slug` varchar(255) NOT NULL,
  `path` mediumtext DEFAULT NULL,
  `title` mediumtext DEFAULT NULL,
  `galdesc` mediumtext DEFAULT NULL,
  `pageid` bigint(20) NOT NULL DEFAULT 0,
  `previewpic` bigint(20) NOT NULL DEFAULT 0,
  `author` bigint(20) NOT NULL DEFAULT 0,
  `extras_post_id` bigint(20) NOT NULL DEFAULT 0
) ENGINE=InnoDB DEFAULT CHARSET=utf8mb4 COLLATE=utf8mb4_unicode_520_ci;

-- --------------------------------------------------------

--
-- Table structure for table `wp_ngg_pictures`
--

CREATE TABLE `wp_ngg_pictures` (
  `pid` bigint(20) NOT NULL,
  `image_slug` varchar(255) NOT NULL,
  `post_id` bigint(20) NOT NULL DEFAULT 0,
  `galleryid` bigint(20) NOT NULL DEFAULT 0,
  `filename` varchar(255) NOT NULL,
  `description` mediumtext DEFAULT NULL,
  `alttext` mediumtext DEFAULT NULL,
  `imagedate` datetime NOT NULL DEFAULT '0000-00-00 00:00:00',
  `exclude` tinyint(4) DEFAULT 0,
  `sortorder` bigint(20) NOT NULL DEFAULT 0,
  `meta_data` longtext DEFAULT NULL,
  `extras_post_id` bigint(20) NOT NULL DEFAULT 0,
  `updated_at` bigint(20) DEFAULT NULL
) ENGINE=InnoDB DEFAULT CHARSET=utf8mb4 COLLATE=utf8mb4_unicode_520_ci;

-- --------------------------------------------------------

--
-- Table structure for table `wp_options`
--

CREATE TABLE `wp_options` (
  `option_id` bigint(20) UNSIGNED NOT NULL,
  `option_name` varchar(191) NOT NULL DEFAULT '',
  `option_value` longtext NOT NULL,
  `autoload` varchar(20) NOT NULL DEFAULT 'yes'
) ENGINE=InnoDB DEFAULT CHARSET=utf8mb4 COLLATE=utf8mb4_unicode_520_ci;

--
-- Dumping data for table `wp_options`
--

INSERT INTO `wp_options` (`option_id`, `option_name`, `option_value`, `autoload`) VALUES
(1, 'cron', 'a:44:{i:1734178525;a:1:{s:26:\"action_scheduler_run_queue\";a:1:{s:32:\"0d04ed39571b55704c122d726248bbac\";a:3:{s:8:\"schedule\";s:12:\"every_minute\";s:4:\"args\";a:1:{i:0;s:7:\"WP Cron\";}s:8:\"interval\";i:60;}}}i:1734179058;a:1:{s:27:\"wpseo_indexable_index_batch\";a:1:{s:32:\"40cd750bba9870f18aada2478b24840a\";a:3:{s:8:\"schedule\";s:15:\"fifteen_minutes\";s:4:\"args\";a:0:{}s:8:\"interval\";i:900;}}}i:1734179521;a:2:{s:20:\"jetpack_clean_nonces\";a:1:{s:32:\"40cd750bba9870f18aada2478b24840a\";a:3:{s:8:\"schedule\";s:6:\"hourly\";s:4:\"args\";a:0:{}s:8:\"interval\";i:3600;}}s:33:\"wc_admin_process_orders_milestone\";a:1:{s:32:\"40cd750bba9870f18aada2478b24840a\";a:3:{s:8:\"schedule\";s:6:\"hourly\";s:4:\"args\";a:0:{}s:8:\"interval\";i:3600;}}}i:1734179549;a:1:{s:29:\"wc_admin_unsnooze_admin_notes\";a:1:{s:32:\"40cd750bba9870f18aada2478b24840a\";a:3:{s:8:\"schedule\";s:6:\"hourly\";s:4:\"args\";a:0:{}s:8:\"interval\";i:3600;}}}i:1734180086;a:1:{s:26:\"rediscache_discard_metrics\";a:1:{s:32:\"40cd750bba9870f18aada2478b24840a\";a:3:{s:8:\"schedule\";s:6:\"hourly\";s:4:\"args\";a:0:{}s:8:\"interval\";i:3600;}}}i:1734181046;a:1:{s:32:\"woocommerce_cancel_unpaid_orders\";a:1:{s:32:\"40cd750bba9870f18aada2478b24840a\";a:2:{s:8:\"schedule\";b:0;s:4:\"args\";a:0:{}}}}i:1734181884;a:1:{s:34:\"wp_privacy_delete_old_export_files\";a:1:{s:32:\"40cd750bba9870f18aada2478b24840a\";a:3:{s:8:\"schedule\";s:6:\"hourly\";s:4:\"args\";a:0:{}s:8:\"interval\";i:3600;}}}i:1734184280;a:1:{s:35:\"rank_math/content-ai/update_prompts\";a:1:{s:32:\"40cd750bba9870f18aada2478b24840a\";a:3:{s:8:\"schedule\";s:5:\"daily\";s:4:\"args\";a:0:{}s:8:\"interval\";i:86400;}}}i:1734187943;a:2:{s:26:\"wp_statistics_dbmaint_hook\";a:1:{s:32:\"40cd750bba9870f18aada2478b24840a\";a:3:{s:8:\"schedule\";s:5:\"daily\";s:4:\"args\";a:0:{}s:8:\"interval\";i:86400;}}s:28:\"wp_statistics_add_visit_hook\";a:1:{s:32:\"40cd750bba9870f18aada2478b24840a\";a:3:{s:8:\"schedule\";s:5:\"daily\";s:4:\"args\";a:0:{}s:8:\"interval\";i:86400;}}}i:1734188084;a:1:{s:17:\"gravityforms_cron\";a:1:{s:32:\"40cd750bba9870f18aada2478b24840a\";a:3:{s:8:\"schedule\";s:5:\"daily\";s:4:\"args\";a:0:{}s:8:\"interval\";i:86400;}}}i:1734188246;a:2:{s:24:\"woocommerce_cleanup_logs\";a:1:{s:32:\"40cd750bba9870f18aada2478b24840a\";a:3:{s:8:\"schedule\";s:5:\"daily\";s:4:\"args\";a:0:{}s:8:\"interval\";i:86400;}}s:31:\"woocommerce_cleanup_rate_limits\";a:1:{s:32:\"40cd750bba9870f18aada2478b24840a\";a:3:{s:8:\"schedule\";s:5:\"daily\";s:4:\"args\";a:0:{}s:8:\"interval\";i:86400;}}}i:1734199046;a:1:{s:28:\"woocommerce_cleanup_sessions\";a:1:{s:32:\"40cd750bba9870f18aada2478b24840a\";a:3:{s:8:\"schedule\";s:10:\"twicedaily\";s:4:\"args\";a:0:{}s:8:\"interval\";i:43200;}}}i:1734202978;a:1:{s:40:\"puc_cron_check_updates-wp-toolbar-editor\";a:1:{s:32:\"40cd750bba9870f18aada2478b24840a\";a:3:{s:8:\"schedule\";s:10:\"twicedaily\";s:4:\"args\";a:0:{}s:8:\"interval\";i:43200;}}}i:1734203833;a:1:{s:44:\"puc_cron_check_updates-admin-menu-editor-pro\";a:1:{s:32:\"40cd750bba9870f18aada2478b24840a\";a:3:{s:8:\"schedule\";s:10:\"twicedaily\";s:4:\"args\";a:0:{}s:8:\"interval\";i:43200;}}}i:1734207096;a:1:{s:21:\"wp_update_user_counts\";a:1:{s:32:\"40cd750bba9870f18aada2478b24840a\";a:3:{s:8:\"schedule\";s:10:\"twicedaily\";s:4:\"args\";a:0:{}s:8:\"interval\";i:43200;}}}i:1734208186;a:1:{s:13:\"rsmAutoUpdate\";a:1:{s:32:\"40cd750bba9870f18aada2478b24840a\";a:3:{s:8:\"schedule\";s:10:\"twicedaily\";s:4:\"args\";a:0:{}s:8:\"interval\";i:43200;}}}i:1734210000;a:1:{s:27:\"woocommerce_scheduled_sales\";a:1:{s:32:\"40cd750bba9870f18aada2478b24840a\";a:3:{s:8:\"schedule\";s:5:\"daily\";s:4:\"args\";a:0:{}s:8:\"interval\";i:86400;}}}i:1734210380;a:1:{s:37:\"rocket_preload_revert_old_failed_rows\";a:1:{s:32:\"40cd750bba9870f18aada2478b24840a\";a:3:{s:8:\"schedule\";s:29:\"rocket_revert_old_failed_rows\";s:4:\"args\";a:0:{}s:8:\"interval\";i:43200;}}}i:1734210678;a:1:{s:16:\"wp_version_check\";a:1:{s:32:\"40cd750bba9870f18aada2478b24840a\";a:3:{s:8:\"schedule\";s:10:\"twicedaily\";s:4:\"args\";a:0:{}s:8:\"interval\";i:43200;}}}i:1734212478;a:1:{s:17:\"wp_update_plugins\";a:1:{s:32:\"40cd750bba9870f18aada2478b24840a\";a:3:{s:8:\"schedule\";s:10:\"twicedaily\";s:4:\"args\";a:0:{}s:8:\"interval\";i:43200;}}}i:1734214278;a:1:{s:16:\"wp_update_themes\";a:1:{s:32:\"40cd750bba9870f18aada2478b24840a\";a:3:{s:8:\"schedule\";s:10:\"twicedaily\";s:4:\"args\";a:0:{}s:8:\"interval\";i:43200;}}}i:1734220800;a:2:{s:35:\"rank_math/redirection/clean_trashed\";a:1:{s:32:\"40cd750bba9870f18aada2478b24840a\";a:3:{s:8:\"schedule\";s:5:\"daily\";s:4:\"args\";a:0:{}s:8:\"interval\";i:86400;}}s:30:\"rank_math/links/internal_links\";a:1:{s:32:\"40cd750bba9870f18aada2478b24840a\";a:3:{s:8:\"schedule\";s:5:\"daily\";s:4:\"args\";a:0:{}s:8:\"interval\";i:86400;}}}i:1734244319;a:1:{s:14:\"wc_admin_daily\";a:1:{s:32:\"40cd750bba9870f18aada2478b24840a\";a:3:{s:8:\"schedule\";s:5:\"daily\";s:4:\"args\";a:0:{}s:8:\"interval\";i:86400;}}}i:1734244321;a:1:{s:20:\"jetpack_v2_heartbeat\";a:1:{s:32:\"40cd750bba9870f18aada2478b24840a\";a:3:{s:8:\"schedule\";s:5:\"daily\";s:4:\"args\";a:0:{}s:8:\"interval\";i:86400;}}}i:1734250186;a:1:{s:35:\"wp_statistics_check_licenses_status\";a:1:{s:32:\"40cd750bba9870f18aada2478b24840a\";a:3:{s:8:\"schedule\";s:6:\"weekly\";s:4:\"args\";a:0:{}s:8:\"interval\";i:604800;}}}i:1734250284;a:1:{s:32:\"recovery_mode_clean_expired_keys\";a:1:{s:32:\"40cd750bba9870f18aada2478b24840a\";a:3:{s:8:\"schedule\";s:5:\"daily\";s:4:\"args\";a:0:{}s:8:\"interval\";i:86400;}}}i:1734250296;a:2:{s:19:\"wp_scheduled_delete\";a:1:{s:32:\"40cd750bba9870f18aada2478b24840a\";a:3:{s:8:\"schedule\";s:5:\"daily\";s:4:\"args\";a:0:{}s:8:\"interval\";i:86400;}}s:25:\"delete_expired_transients\";a:1:{s:32:\"40cd750bba9870f18aada2478b24840a\";a:3:{s:8:\"schedule\";s:5:\"daily\";s:4:\"args\";a:0:{}s:8:\"interval\";i:86400;}}}i:1734250299;a:1:{s:30:\"wp_scheduled_auto_draft_delete\";a:1:{s:32:\"40cd750bba9870f18aada2478b24840a\";a:3:{s:8:\"schedule\";s:5:\"daily\";s:4:\"args\";a:0:{}s:8:\"interval\";i:86400;}}}i:1734253520;a:1:{s:32:\"rocket_performance_hints_cleanup\";a:1:{s:32:\"40cd750bba9870f18aada2478b24840a\";a:3:{s:8:\"schedule\";s:5:\"daily\";s:4:\"args\";a:0:{}s:8:\"interval\";i:86400;}}}i:1734258044;a:2:{s:13:\"wpseo-reindex\";a:1:{s:32:\"40cd750bba9870f18aada2478b24840a\";a:3:{s:8:\"schedule\";s:5:\"daily\";s:4:\"args\";a:0:{}s:8:\"interval\";i:86400;}}s:31:\"wpseo_permalink_structure_check\";a:1:{s:32:\"40cd750bba9870f18aada2478b24840a\";a:3:{s:8:\"schedule\";s:5:\"daily\";s:4:\"args\";a:0:{}s:8:\"interval\";i:86400;}}}i:1734258526;a:1:{s:29:\"cozmos_wppb_plugin_optin_sync\";a:1:{s:32:\"40cd750bba9870f18aada2478b24840a\";a:3:{s:8:\"schedule\";s:6:\"weekly\";s:4:\"args\";a:0:{}s:8:\"interval\";i:604800;}}}i:1734258528;a:1:{s:17:\"wppb_review_check\";a:1:{s:32:\"40cd750bba9870f18aada2478b24840a\";a:3:{s:8:\"schedule\";s:5:\"daily\";s:4:\"args\";a:0:{}s:8:\"interval\";i:86400;}}}i:1734261856;a:1:{s:30:\"wpseo_start_cleanup_indexables\";a:1:{s:32:\"40cd750bba9870f18aada2478b24840a\";a:2:{s:8:\"schedule\";b:0;s:4:\"args\";a:0:{}}}}i:1734263180;a:1:{s:28:\"elementor/tracker/send_event\";a:1:{s:32:\"40cd750bba9870f18aada2478b24840a\";a:3:{s:8:\"schedule\";s:5:\"daily\";s:4:\"args\";a:0:{}s:8:\"interval\";i:86400;}}}i:1734263856;a:2:{s:33:\"woocommerce_cleanup_personal_data\";a:1:{s:32:\"40cd750bba9870f18aada2478b24840a\";a:3:{s:8:\"schedule\";s:5:\"daily\";s:4:\"args\";a:0:{}s:8:\"interval\";i:86400;}}s:30:\"woocommerce_tracker_send_event\";a:1:{s:32:\"40cd750bba9870f18aada2478b24840a\";a:3:{s:8:\"schedule\";s:5:\"daily\";s:4:\"args\";a:0:{}s:8:\"interval\";i:86400;}}}i:1734466186;a:1:{s:31:\"wp_statistics_referrals_db_hook\";a:1:{s:32:\"40cd750bba9870f18aada2478b24840a\";a:3:{s:8:\"schedule\";s:7:\"monthly\";s:4:\"args\";a:0:{}s:8:\"interval\";i:2635200;}}}i:1734534891;a:1:{s:27:\"acf_update_site_health_data\";a:1:{s:32:\"40cd750bba9870f18aada2478b24840a\";a:3:{s:8:\"schedule\";s:6:\"weekly\";s:4:\"args\";a:0:{}s:8:\"interval\";i:604800;}}}i:1734542244;a:1:{s:25:\"hmwp_update_ips_to_server\";a:1:{s:32:\"40cd750bba9870f18aada2478b24840a\";a:3:{s:8:\"schedule\";s:6:\"weekly\";s:4:\"args\";a:0:{}s:8:\"interval\";i:604800;}}}i:1734595916;a:1:{s:30:\"wp_delete_temp_updater_backups\";a:1:{s:32:\"40cd750bba9870f18aada2478b24840a\";a:3:{s:8:\"schedule\";s:6:\"weekly\";s:4:\"args\";a:0:{}s:8:\"interval\";i:604800;}}}i:1734682284;a:1:{s:30:\"wp_site_health_scheduled_check\";a:1:{s:32:\"40cd750bba9870f18aada2478b24840a\";a:3:{s:8:\"schedule\";s:6:\"weekly\";s:4:\"args\";a:0:{}s:8:\"interval\";i:604800;}}}i:1734771920;a:1:{s:27:\"rocket_update_dynamic_lists\";a:1:{s:32:\"40cd750bba9870f18aada2478b24840a\";a:3:{s:8:\"schedule\";s:6:\"weekly\";s:4:\"args\";a:0:{}s:8:\"interval\";i:604800;}}}i:1734772520;a:1:{s:36:\"rocket_preload_clean_rows_time_event\";a:1:{s:32:\"40cd750bba9870f18aada2478b24840a\";a:3:{s:8:\"schedule\";s:6:\"weekly\";s:4:\"args\";a:0:{}s:8:\"interval\";i:604800;}}}i:1735473506;a:1:{s:25:\"woocommerce_geoip_updater\";a:1:{s:32:\"40cd750bba9870f18aada2478b24840a\";a:3:{s:8:\"schedule\";s:11:\"fifteendays\";s:4:\"args\";a:0:{}s:8:\"interval\";i:1296000;}}}s:7:\"version\";i:2;}', 'on'),
(2, 'siteurl', 'https://rcesd.ac.ir', 'on'),
(3, 'home', 'https://rcesd.ac.ir', 'on'),
(4, 'blogname', 'پژوهشکده محیط زیست و توسعه پایدار', 'on'),
(5, 'blogdescription', 'پژوهشکده', 'on'),
(6, 'users_can_register', '1', 'on'),
(7, 'admin_email', 'se7n12@gmail.com', 'on'),
(8, 'start_of_week', '6', 'on'),
(9, 'use_balanceTags', '0', 'on'),
(10, 'use_smilies', '1', 'on'),
(11, 'require_name_email', '1', 'on'),
(12, 'comments_notify', '1', 'on'),
(13, 'posts_per_rss', '10', 'on'),
(14, 'rss_use_excerpt', '0', 'on'),
(15, 'mailserver_url', '', 'on'),
(16, 'mailserver_login', '', 'on'),
(17, 'mailserver_pass', '', 'on'),
(18, 'mailserver_port', '0', 'on'),
(19, 'default_category', '9', 'on'),
(20, 'default_comment_status', 'open', 'on'),
(21, 'default_ping_status', 'open', 'on'),
(22, 'default_pingback_flag', '0', 'on'),
(23, 'posts_per_page', '10', 'on'),
(24, 'date_format', 'F j, Y', 'on'),
(25, 'time_format', 'g:i a', 'on'),
(26, 'links_updated_date_format', 'F j, Y g:i a', 'on'),
(27, 'comment_moderation', '0', 'on'),
(28, 'moderation_notify', '1', 'on'),
(29, 'permalink_structure', '/%postname%/', 'on'),
(31, 'hack_file', '0', 'on'),
(32, 'blog_charset', 'UTF-8', 'on'),
(33, 'moderation_keys', '', 'off'),
(34, 'active_plugins', 'a:16:{i:0;s:29:\"RTL-CareUnit/RTL-CareUnit.php\";i:1;s:34:\"advanced-custom-fields-pro/acf.php\";i:2;s:33:\"classic-editor/classic-editor.php\";i:3;s:47:\"droit-elementor-addons-pro/droit-addons-pro.php\";i:4;s:34:\"droit-elementor-addons/plugins.php\";i:5;s:31:\"elementor-pro/elementor-pro.php\";i:6;s:23:\"elementor/elementor.php\";i:7;s:29:\"jet-elements/jet-elements.php\";i:8;s:25:\"jet-engine/jet-engine.php\";i:9;s:25:\"jet-search/jet-search.php\";i:10;s:31:\"pars-elements/pars-elements.php\";i:11;s:39:\"persian-elementor/persian-elementor.php\";i:12;s:43:\"persian-woocommerce/woocommerce-persian.php\";i:13;s:67:\"unlimited-elements-for-elementor-premium/unlimited-elements-pro.php\";i:14;s:27:\"woocommerce/woocommerce.php\";i:15;s:31:\"wp-statistics/wp-statistics.php\";}', 'on'),
(35, 'category_base', '', 'on'),
(36, 'ping_sites', 'http://rpc.pingomatic.com/', 'on'),
(37, 'comment_max_links', '2', 'on'),
(38, 'gmt_offset', '3.5', 'on'),
(39, 'default_email_category', '9', 'on'),
(40, 'recently_edited', 'a:5:{i:0;s:64:\"/home2/rcesdac/public_html/wp-content/themes/rcesd/functions.php\";i:1;s:60:\"/home2/rcesdac/public_html/wp-content/themes/rcesd/style.css\";i:2;s:76:\"/home2/rcesdac/public_html/wp-content/themes/rcesd/template-parts/single.php\";i:3;s:71:\"/home/atlasnicir/public_html/uni2/wp-content/themes/rcesd/functions.php\";i:4;s:67:\"/home/atlasnicir/public_html/uni2/wp-content/themes/rcesd/style.css\";}', 'off'),
(41, 'template', 'rcesd', 'on'),
(42, 'stylesheet', 'rcesd', 'on'),
(43, 'comment_registration', '0', 'on'),
(44, 'html_type', 'text/html', 'on'),
(45, 'use_trackback', '0', 'on'),
(46, 'default_role', 'subscriber', 'on'),
(47, 'db_version', '58975', 'on'),
(48, 'uploads_use_yearmonth_folders', '1', 'on'),
(49, 'upload_path', '', 'on'),
(50, 'blog_public', '1', 'on'),
(51, 'default_link_category', '0', 'on'),
(52, 'show_on_front', 'page', 'on'),
(53, 'tag_base', '', 'on'),
(54, 'show_avatars', '1', 'on'),
(55, 'avatar_rating', 'G', 'on'),
(56, 'upload_url_path', '', 'on'),
(57, 'thumbnail_size_w', '150', 'on'),
(58, 'thumbnail_size_h', '150', 'on'),
(59, 'thumbnail_crop', '1', 'on'),
(60, 'medium_size_w', '300', 'on'),
(61, 'medium_size_h', '300', 'on'),
(62, 'avatar_default', 'mystery', 'on'),
(63, 'large_size_w', '1024', 'on'),
(64, 'large_size_h', '1024', 'on'),
(65, 'image_default_link_type', 'none', 'on'),
(66, 'image_default_size', '', 'on'),
(67, 'image_default_align', '', 'on'),
(68, 'close_comments_for_old_posts', '0', 'on'),
(69, 'close_comments_days_old', '14', 'on'),
(70, 'thread_comments', '1', 'on'),
(71, 'thread_comments_depth', '5', 'on'),
(72, 'page_comments', '0', 'on'),
(73, 'comments_per_page', '50', 'on'),
(74, 'default_comments_page', 'newest', 'on'),
(75, 'comment_order', 'asc', 'on'),
(76, 'sticky_posts', 'a:0:{}', 'on'),
(77, 'widget_categories', 'a:2:{i:1;a:0:{}s:12:\"_multiwidget\";i:1;}', 'auto'),
(78, 'widget_text', 'a:2:{i:1;a:0:{}s:12:\"_multiwidget\";i:1;}', 'auto'),
(79, 'widget_rss', 'a:2:{i:1;a:0:{}s:12:\"_multiwidget\";i:1;}', 'auto'),
(80, 'uninstall_plugins', 'a:7:{s:23:\"elementor/elementor.php\";a:2:{i:0;s:21:\"Elementor\\Maintenance\";i:1;s:9:\"uninstall\";}s:21:\"wp-reset/wp-reset.php\";a:2:{i:0;s:8:\"WP_Reset\";i:1;s:9:\"uninstall\";}s:53:\"advanced-database-cleaner-pro/advanced-db-cleaner.php\";a:2:{i:0;s:28:\"ADBC_Advanced_DB_Cleaner_Pro\";i:1;s:14:\"aDBc_uninstall\";}s:31:\"media-deduper/media-deduper.php\";a:2:{i:0;s:13:\"Media_Deduper\";i:1;s:9:\"uninstall\";}s:24:\"wordpress-seo/wp-seo.php\";s:14:\"__return_false\";s:33:\"google-captcha/google-captcha.php\";s:23:\"gglcptch_delete_options\";s:35:\"litespeed-cache/litespeed-cache.php\";s:47:\"LiteSpeed\\Activation::uninstall_litespeed_cache\";}', 'off'),
(81, 'timezone_string', '', 'on'),
(82, 'page_for_posts', '0', 'on'),
(83, 'page_on_front', '2', 'on'),
(84, 'default_post_format', '0', 'on'),
(85, 'link_manager_enabled', '0', 'on'),
(86, 'finished_splitting_shared_terms', '1', 'on'),
(87, 'site_icon', '7549', 'on'),
(88, 'medium_large_size_w', '768', 'on'),
(89, 'medium_large_size_h', '0', 'on'),
(90, 'wp_page_for_privacy_policy', '3', 'on'),
(91, 'show_comments_cookies_opt_in', '1', 'on'),
(92, 'admin_email_lifespan', '1734433821', 'on'),
(93, 'disallowed_keys', '', 'off'),
(94, 'comment_previously_approved', '1', 'on'),
(95, 'auto_plugin_theme_update_emails', 'a:1:{s:29:\"gravityforms/gravityforms.php\";s:6:\"2.8.18\";}', 'off'),
(96, 'auto_update_core_dev', 'enabled', 'on'),
(97, 'auto_update_core_minor', 'enabled', 'on'),
(98, 'auto_update_core_major', 'enabled', 'on'),
(99, 'wp_force_deactivated_plugins', 'a:0:{}', 'off'),
(100, 'wp_attachment_pages_enabled', '0', 'on'),
(101, 'initial_db_version', '57155', 'on'),
(102, 'wp_user_roles', 'a:11:{s:13:\"administrator\";a:2:{s:4:\"name\";s:13:\"Administrator\";s:12:\"capabilities\";a:155:{s:13:\"switch_themes\";b:1;s:11:\"edit_themes\";b:1;s:16:\"activate_plugins\";b:1;s:12:\"edit_plugins\";b:1;s:10:\"edit_users\";b:1;s:10:\"edit_files\";b:1;s:14:\"manage_options\";b:1;s:17:\"moderate_comments\";b:1;s:17:\"manage_categories\";b:1;s:12:\"manage_links\";b:1;s:12:\"upload_files\";b:1;s:6:\"import\";b:1;s:15:\"unfiltered_html\";b:1;s:10:\"edit_posts\";b:1;s:17:\"edit_others_posts\";b:1;s:20:\"edit_published_posts\";b:1;s:13:\"publish_posts\";b:1;s:10:\"edit_pages\";b:1;s:4:\"read\";b:1;s:8:\"level_10\";b:1;s:7:\"level_9\";b:1;s:7:\"level_8\";b:1;s:7:\"level_7\";b:1;s:7:\"level_6\";b:1;s:7:\"level_5\";b:1;s:7:\"level_4\";b:1;s:7:\"level_3\";b:1;s:7:\"level_2\";b:1;s:7:\"level_1\";b:1;s:7:\"level_0\";b:1;s:17:\"edit_others_pages\";b:1;s:20:\"edit_published_pages\";b:1;s:13:\"publish_pages\";b:1;s:12:\"delete_pages\";b:1;s:19:\"delete_others_pages\";b:1;s:22:\"delete_published_pages\";b:1;s:12:\"delete_posts\";b:1;s:19:\"delete_others_posts\";b:1;s:22:\"delete_published_posts\";b:1;s:20:\"delete_private_posts\";b:1;s:18:\"edit_private_posts\";b:1;s:18:\"read_private_posts\";b:1;s:20:\"delete_private_pages\";b:1;s:18:\"edit_private_pages\";b:1;s:18:\"read_private_pages\";b:1;s:12:\"delete_users\";b:1;s:12:\"create_users\";b:1;s:17:\"unfiltered_upload\";b:1;s:14:\"edit_dashboard\";b:1;s:14:\"update_plugins\";b:1;s:14:\"delete_plugins\";b:1;s:15:\"install_plugins\";b:1;s:13:\"update_themes\";b:1;s:14:\"install_themes\";b:1;s:11:\"update_core\";b:1;s:10:\"list_users\";b:1;s:12:\"remove_users\";b:1;s:13:\"promote_users\";b:1;s:18:\"edit_theme_options\";b:1;s:13:\"delete_themes\";b:1;s:6:\"export\";b:1;s:15:\"edit_custom_css\";b:1;s:15:\"read_custom_css\";b:1;s:17:\"delete_custom_css\";b:1;s:16:\"edit_custom_csss\";b:1;s:23:\"edit_others_custom_csss\";b:1;s:19:\"publish_custom_csss\";b:1;s:18:\"delete_custom_csss\";b:1;s:28:\"delete_published_custom_csss\";b:1;s:25:\"delete_others_custom_csss\";b:1;s:26:\"edit_published_custom_csss\";b:1;s:18:\"manage_woocommerce\";b:1;s:24:\"view_woocommerce_reports\";b:1;s:12:\"edit_product\";b:1;s:12:\"read_product\";b:1;s:14:\"delete_product\";b:1;s:13:\"edit_products\";b:1;s:20:\"edit_others_products\";b:1;s:16:\"publish_products\";b:1;s:21:\"read_private_products\";b:1;s:15:\"delete_products\";b:1;s:23:\"delete_private_products\";b:1;s:25:\"delete_published_products\";b:1;s:22:\"delete_others_products\";b:1;s:21:\"edit_private_products\";b:1;s:23:\"edit_published_products\";b:1;s:20:\"manage_product_terms\";b:1;s:18:\"edit_product_terms\";b:1;s:20:\"delete_product_terms\";b:1;s:20:\"assign_product_terms\";b:1;s:15:\"edit_shop_order\";b:1;s:15:\"read_shop_order\";b:1;s:17:\"delete_shop_order\";b:1;s:16:\"edit_shop_orders\";b:1;s:23:\"edit_others_shop_orders\";b:1;s:19:\"publish_shop_orders\";b:1;s:24:\"read_private_shop_orders\";b:1;s:18:\"delete_shop_orders\";b:1;s:26:\"delete_private_shop_orders\";b:1;s:28:\"delete_published_shop_orders\";b:1;s:25:\"delete_others_shop_orders\";b:1;s:24:\"edit_private_shop_orders\";b:1;s:26:\"edit_published_shop_orders\";b:1;s:23:\"manage_shop_order_terms\";b:1;s:21:\"edit_shop_order_terms\";b:1;s:23:\"delete_shop_order_terms\";b:1;s:23:\"assign_shop_order_terms\";b:1;s:16:\"edit_shop_coupon\";b:1;s:16:\"read_shop_coupon\";b:1;s:18:\"delete_shop_coupon\";b:1;s:17:\"edit_shop_coupons\";b:1;s:24:\"edit_others_shop_coupons\";b:1;s:20:\"publish_shop_coupons\";b:1;s:25:\"read_private_shop_coupons\";b:1;s:19:\"delete_shop_coupons\";b:1;s:27:\"delete_private_shop_coupons\";b:1;s:29:\"delete_published_shop_coupons\";b:1;s:26:\"delete_others_shop_coupons\";b:1;s:25:\"edit_private_shop_coupons\";b:1;s:27:\"edit_published_shop_coupons\";b:1;s:24:\"manage_shop_coupon_terms\";b:1;s:22:\"edit_shop_coupon_terms\";b:1;s:24:\"delete_shop_coupon_terms\";b:1;s:24:\"assign_shop_coupon_terms\";b:1;s:23:\"rank_math_edit_htaccess\";b:1;s:16:\"rank_math_titles\";b:1;s:17:\"rank_math_general\";b:1;s:17:\"rank_math_sitemap\";b:1;s:21:\"rank_math_404_monitor\";b:1;s:22:\"rank_math_link_builder\";b:1;s:22:\"rank_math_redirections\";b:1;s:22:\"rank_math_role_manager\";b:1;s:19:\"rank_math_analytics\";b:1;s:23:\"rank_math_site_analysis\";b:1;s:25:\"rank_math_onpage_analysis\";b:1;s:24:\"rank_math_onpage_general\";b:1;s:25:\"rank_math_onpage_advanced\";b:1;s:24:\"rank_math_onpage_snippet\";b:1;s:23:\"rank_math_onpage_social\";b:1;s:20:\"rank_math_content_ai\";b:1;s:19:\"rank_math_admin_bar\";b:1;s:20:\"wpseo_manage_options\";b:1;s:18:\"hide_my_wp_trusted\";b:1;s:24:\"NextGEN Attach Interface\";b:1;s:22:\"NextGEN Change options\";b:1;s:20:\"NextGEN Change style\";b:1;s:18:\"NextGEN Edit album\";b:1;s:24:\"NextGEN Gallery overview\";b:1;s:22:\"NextGEN Manage gallery\";b:1;s:29:\"NextGEN Manage others gallery\";b:1;s:19:\"NextGEN Manage tags\";b:1;s:21:\"NextGEN Upload images\";b:1;s:19:\"NextGEN Use TinyMCE\";b:1;s:22:\"wpseo_manage_redirects\";b:1;s:10:\"loco_admin\";b:1;}}s:6:\"editor\";a:2:{s:4:\"name\";s:6:\"Editor\";s:12:\"capabilities\";a:42:{s:17:\"moderate_comments\";b:1;s:17:\"manage_categories\";b:1;s:12:\"manage_links\";b:1;s:12:\"upload_files\";b:1;s:15:\"unfiltered_html\";b:1;s:10:\"edit_posts\";b:1;s:17:\"edit_others_posts\";b:1;s:20:\"edit_published_posts\";b:1;s:13:\"publish_posts\";b:1;s:10:\"edit_pages\";b:1;s:4:\"read\";b:1;s:7:\"level_7\";b:1;s:7:\"level_6\";b:1;s:7:\"level_5\";b:1;s:7:\"level_4\";b:1;s:7:\"level_3\";b:1;s:7:\"level_2\";b:1;s:7:\"level_1\";b:1;s:7:\"level_0\";b:1;s:17:\"edit_others_pages\";b:1;s:20:\"edit_published_pages\";b:1;s:13:\"publish_pages\";b:1;s:12:\"delete_pages\";b:1;s:19:\"delete_others_pages\";b:1;s:22:\"delete_published_pages\";b:1;s:12:\"delete_posts\";b:1;s:19:\"delete_others_posts\";b:1;s:22:\"delete_published_posts\";b:1;s:20:\"delete_private_posts\";b:1;s:18:\"edit_private_posts\";b:1;s:18:\"read_private_posts\";b:1;s:20:\"delete_private_pages\";b:1;s:18:\"edit_private_pages\";b:1;s:18:\"read_private_pages\";b:1;s:23:\"rank_math_site_analysis\";b:1;s:25:\"rank_math_onpage_analysis\";b:1;s:24:\"rank_math_onpage_general\";b:1;s:24:\"rank_math_onpage_snippet\";b:1;s:23:\"rank_math_onpage_social\";b:1;s:15:\"wpseo_bulk_edit\";b:1;s:28:\"wpseo_edit_advanced_metadata\";b:1;s:22:\"wpseo_manage_redirects\";b:1;}}s:6:\"author\";a:2:{s:4:\"name\";s:6:\"Author\";s:12:\"capabilities\";a:14:{s:12:\"upload_files\";b:1;s:10:\"edit_posts\";b:1;s:20:\"edit_published_posts\";b:1;s:13:\"publish_posts\";b:1;s:4:\"read\";b:1;s:7:\"level_2\";b:1;s:7:\"level_1\";b:1;s:7:\"level_0\";b:1;s:12:\"delete_posts\";b:1;s:22:\"delete_published_posts\";b:1;s:25:\"rank_math_onpage_analysis\";b:1;s:24:\"rank_math_onpage_general\";b:1;s:24:\"rank_math_onpage_snippet\";b:1;s:23:\"rank_math_onpage_social\";b:1;}}s:11:\"contributor\";a:2:{s:4:\"name\";s:11:\"Contributor\";s:12:\"capabilities\";a:5:{s:10:\"edit_posts\";b:1;s:4:\"read\";b:1;s:7:\"level_1\";b:1;s:7:\"level_0\";b:1;s:12:\"delete_posts\";b:1;}}s:10:\"subscriber\";a:2:{s:4:\"name\";s:10:\"Subscriber\";s:12:\"capabilities\";a:2:{s:4:\"read\";b:1;s:7:\"level_0\";b:1;}}s:15:\"css_js_designer\";a:2:{s:4:\"name\";s:17:\"طراح سایت\";s:12:\"capabilities\";a:10:{s:15:\"edit_custom_css\";b:1;s:15:\"read_custom_css\";b:1;s:17:\"delete_custom_css\";b:1;s:16:\"edit_custom_csss\";b:1;s:23:\"edit_others_custom_csss\";b:1;s:19:\"publish_custom_csss\";b:1;s:18:\"delete_custom_csss\";b:1;s:28:\"delete_published_custom_csss\";b:1;s:25:\"delete_others_custom_csss\";b:1;s:26:\"edit_published_custom_csss\";b:1;}}s:8:\"customer\";a:2:{s:4:\"name\";s:8:\"Customer\";s:12:\"capabilities\";a:1:{s:4:\"read\";b:1;}}s:12:\"shop_manager\";a:2:{s:4:\"name\";s:12:\"Shop manager\";s:12:\"capabilities\";a:92:{s:7:\"level_9\";b:1;s:7:\"level_8\";b:1;s:7:\"level_7\";b:1;s:7:\"level_6\";b:1;s:7:\"level_5\";b:1;s:7:\"level_4\";b:1;s:7:\"level_3\";b:1;s:7:\"level_2\";b:1;s:7:\"level_1\";b:1;s:7:\"level_0\";b:1;s:4:\"read\";b:1;s:18:\"read_private_pages\";b:1;s:18:\"read_private_posts\";b:1;s:10:\"edit_posts\";b:1;s:10:\"edit_pages\";b:1;s:20:\"edit_published_posts\";b:1;s:20:\"edit_published_pages\";b:1;s:18:\"edit_private_pages\";b:1;s:18:\"edit_private_posts\";b:1;s:17:\"edit_others_posts\";b:1;s:17:\"edit_others_pages\";b:1;s:13:\"publish_posts\";b:1;s:13:\"publish_pages\";b:1;s:12:\"delete_posts\";b:1;s:12:\"delete_pages\";b:1;s:20:\"delete_private_pages\";b:1;s:20:\"delete_private_posts\";b:1;s:22:\"delete_published_pages\";b:1;s:22:\"delete_published_posts\";b:1;s:19:\"delete_others_posts\";b:1;s:19:\"delete_others_pages\";b:1;s:17:\"manage_categories\";b:1;s:12:\"manage_links\";b:1;s:17:\"moderate_comments\";b:1;s:12:\"upload_files\";b:1;s:6:\"export\";b:1;s:6:\"import\";b:1;s:10:\"list_users\";b:1;s:18:\"edit_theme_options\";b:1;s:18:\"manage_woocommerce\";b:1;s:24:\"view_woocommerce_reports\";b:1;s:12:\"edit_product\";b:1;s:12:\"read_product\";b:1;s:14:\"delete_product\";b:1;s:13:\"edit_products\";b:1;s:20:\"edit_others_products\";b:1;s:16:\"publish_products\";b:1;s:21:\"read_private_products\";b:1;s:15:\"delete_products\";b:1;s:23:\"delete_private_products\";b:1;s:25:\"delete_published_products\";b:1;s:22:\"delete_others_products\";b:1;s:21:\"edit_private_products\";b:1;s:23:\"edit_published_products\";b:1;s:20:\"manage_product_terms\";b:1;s:18:\"edit_product_terms\";b:1;s:20:\"delete_product_terms\";b:1;s:20:\"assign_product_terms\";b:1;s:15:\"edit_shop_order\";b:1;s:15:\"read_shop_order\";b:1;s:17:\"delete_shop_order\";b:1;s:16:\"edit_shop_orders\";b:1;s:23:\"edit_others_shop_orders\";b:1;s:19:\"publish_shop_orders\";b:1;s:24:\"read_private_shop_orders\";b:1;s:18:\"delete_shop_orders\";b:1;s:26:\"delete_private_shop_orders\";b:1;s:28:\"delete_published_shop_orders\";b:1;s:25:\"delete_others_shop_orders\";b:1;s:24:\"edit_private_shop_orders\";b:1;s:26:\"edit_published_shop_orders\";b:1;s:23:\"manage_shop_order_terms\";b:1;s:21:\"edit_shop_order_terms\";b:1;s:23:\"delete_shop_order_terms\";b:1;s:23:\"assign_shop_order_terms\";b:1;s:16:\"edit_shop_coupon\";b:1;s:16:\"read_shop_coupon\";b:1;s:18:\"delete_shop_coupon\";b:1;s:17:\"edit_shop_coupons\";b:1;s:24:\"edit_others_shop_coupons\";b:1;s:20:\"publish_shop_coupons\";b:1;s:25:\"read_private_shop_coupons\";b:1;s:19:\"delete_shop_coupons\";b:1;s:27:\"delete_private_shop_coupons\";b:1;s:29:\"delete_published_shop_coupons\";b:1;s:26:\"delete_others_shop_coupons\";b:1;s:25:\"edit_private_shop_coupons\";b:1;s:27:\"edit_published_shop_coupons\";b:1;s:24:\"manage_shop_coupon_terms\";b:1;s:22:\"edit_shop_coupon_terms\";b:1;s:24:\"delete_shop_coupon_terms\";b:1;s:24:\"assign_shop_coupon_terms\";b:1;}}s:13:\"wpseo_manager\";a:2:{s:4:\"name\";s:11:\"SEO Manager\";s:12:\"capabilities\";a:44:{s:17:\"moderate_comments\";b:1;s:17:\"manage_categories\";b:1;s:12:\"manage_links\";b:1;s:12:\"upload_files\";b:1;s:15:\"unfiltered_html\";b:1;s:10:\"edit_posts\";b:1;s:17:\"edit_others_posts\";b:1;s:20:\"edit_published_posts\";b:1;s:13:\"publish_posts\";b:1;s:10:\"edit_pages\";b:1;s:4:\"read\";b:1;s:7:\"level_7\";b:1;s:7:\"level_6\";b:1;s:7:\"level_5\";b:1;s:7:\"level_4\";b:1;s:7:\"level_3\";b:1;s:7:\"level_2\";b:1;s:7:\"level_1\";b:1;s:7:\"level_0\";b:1;s:17:\"edit_others_pages\";b:1;s:20:\"edit_published_pages\";b:1;s:13:\"publish_pages\";b:1;s:12:\"delete_pages\";b:1;s:19:\"delete_others_pages\";b:1;s:22:\"delete_published_pages\";b:1;s:12:\"delete_posts\";b:1;s:19:\"delete_others_posts\";b:1;s:22:\"delete_published_posts\";b:1;s:20:\"delete_private_posts\";b:1;s:18:\"edit_private_posts\";b:1;s:18:\"read_private_posts\";b:1;s:20:\"delete_private_pages\";b:1;s:18:\"edit_private_pages\";b:1;s:18:\"read_private_pages\";b:1;s:23:\"rank_math_site_analysis\";b:1;s:25:\"rank_math_onpage_analysis\";b:1;s:24:\"rank_math_onpage_general\";b:1;s:24:\"rank_math_onpage_snippet\";b:1;s:23:\"rank_math_onpage_social\";b:1;s:15:\"wpseo_bulk_edit\";b:1;s:28:\"wpseo_edit_advanced_metadata\";b:1;s:20:\"wpseo_manage_options\";b:1;s:23:\"view_site_health_checks\";b:1;s:22:\"wpseo_manage_redirects\";b:1;}}s:12:\"wpseo_editor\";a:2:{s:4:\"name\";s:10:\"SEO Editor\";s:12:\"capabilities\";a:42:{s:17:\"moderate_comments\";b:1;s:17:\"manage_categories\";b:1;s:12:\"manage_links\";b:1;s:12:\"upload_files\";b:1;s:15:\"unfiltered_html\";b:1;s:10:\"edit_posts\";b:1;s:17:\"edit_others_posts\";b:1;s:20:\"edit_published_posts\";b:1;s:13:\"publish_posts\";b:1;s:10:\"edit_pages\";b:1;s:4:\"read\";b:1;s:7:\"level_7\";b:1;s:7:\"level_6\";b:1;s:7:\"level_5\";b:1;s:7:\"level_4\";b:1;s:7:\"level_3\";b:1;s:7:\"level_2\";b:1;s:7:\"level_1\";b:1;s:7:\"level_0\";b:1;s:17:\"edit_others_pages\";b:1;s:20:\"edit_published_pages\";b:1;s:13:\"publish_pages\";b:1;s:12:\"delete_pages\";b:1;s:19:\"delete_others_pages\";b:1;s:22:\"delete_published_pages\";b:1;s:12:\"delete_posts\";b:1;s:19:\"delete_others_posts\";b:1;s:22:\"delete_published_posts\";b:1;s:20:\"delete_private_posts\";b:1;s:18:\"edit_private_posts\";b:1;s:18:\"read_private_posts\";b:1;s:20:\"delete_private_pages\";b:1;s:18:\"edit_private_pages\";b:1;s:18:\"read_private_pages\";b:1;s:23:\"rank_math_site_analysis\";b:1;s:25:\"rank_math_onpage_analysis\";b:1;s:24:\"rank_math_onpage_general\";b:1;s:24:\"rank_math_onpage_snippet\";b:1;s:23:\"rank_math_onpage_social\";b:1;s:15:\"wpseo_bulk_edit\";b:1;s:28:\"wpseo_edit_advanced_metadata\";b:1;s:22:\"wpseo_manage_redirects\";b:1;}}s:10:\"translator\";a:2:{s:4:\"name\";s:10:\"Translator\";s:12:\"capabilities\";a:2:{s:4:\"read\";b:1;s:10:\"loco_admin\";b:1;}}}', 'auto'),
(103, 'fresh_site', '0', 'off'),
(104, 'WPLANG', 'fa_IR', 'auto'),
(105, 'user_count', '1', 'off'),
(106, 'widget_block', 'a:6:{i:2;a:1:{s:7:\"content\";s:19:\"<!-- wp:search /-->\";}i:3;a:1:{s:7:\"content\";s:170:\"<!-- wp:group --><div class=\"wp-block-group\"><!-- wp:heading --><h2>نوشته‌های تازه</h2><!-- /wp:heading --><!-- wp:latest-posts /--></div><!-- /wp:group -->\";}i:4;a:1:{s:7:\"content\";s:242:\"<!-- wp:group --><div class=\"wp-block-group\"><!-- wp:heading --><h2>آخرین دیدگاه‌ها</h2><!-- /wp:heading --><!-- wp:latest-comments {\"displayAvatar\":false,\"displayDate\":false,\"displayExcerpt\":false} /--></div><!-- /wp:group -->\";}i:5;a:1:{s:7:\"content\";s:159:\"<!-- wp:group --><div class=\"wp-block-group\"><!-- wp:heading --><h2>بایگانی‌ها</h2><!-- /wp:heading --><!-- wp:archives /--></div><!-- /wp:group -->\";}i:6;a:1:{s:7:\"content\";s:155:\"<!-- wp:group --><div class=\"wp-block-group\"><!-- wp:heading --><h2>دسته‌ها</h2><!-- /wp:heading --><!-- wp:categories /--></div><!-- /wp:group -->\";}s:12:\"_multiwidget\";i:1;}', 'auto'),
(107, 'sidebars_widgets', 'a:2:{s:19:\"wp_inactive_widgets\";a:5:{i:0;s:7:\"block-2\";i:1;s:7:\"block-3\";i:2;s:7:\"block-4\";i:3;s:7:\"block-5\";i:4;s:7:\"block-6\";}s:13:\"array_version\";i:3;}', 'auto'),
(108, 'widget_pages', 'a:1:{s:12:\"_multiwidget\";i:1;}', 'auto'),
(109, 'widget_calendar', 'a:1:{s:12:\"_multiwidget\";i:1;}', 'auto'),
(110, 'widget_archives', 'a:1:{s:12:\"_multiwidget\";i:1;}', 'auto'),
(111, 'widget_media_audio', 'a:1:{s:12:\"_multiwidget\";i:1;}', 'auto'),
(112, 'widget_media_image', 'a:1:{s:12:\"_multiwidget\";i:1;}', 'auto'),
(113, 'widget_media_gallery', 'a:1:{s:12:\"_multiwidget\";i:1;}', 'auto'),
(114, 'widget_media_video', 'a:1:{s:12:\"_multiwidget\";i:1;}', 'auto'),
(115, 'widget_meta', 'a:1:{s:12:\"_multiwidget\";i:1;}', 'auto'),
(116, 'widget_search', 'a:1:{s:12:\"_multiwidget\";i:1;}', 'auto'),
(117, 'widget_recent-posts', 'a:1:{s:12:\"_multiwidget\";i:1;}', 'auto'),
(118, 'widget_recent-comments', 'a:1:{s:12:\"_multiwidget\";i:1;}', 'auto'),
(119, 'widget_tag_cloud', 'a:1:{s:12:\"_multiwidget\";i:1;}', 'auto'),
(120, 'widget_nav_menu', 'a:1:{s:12:\"_multiwidget\";i:1;}', 'auto'),
(121, 'widget_custom_html', 'a:1:{s:12:\"_multiwidget\";i:1;}', 'auto');
INSERT INTO `wp_options` (`option_id`, `option_name`, `option_value`, `autoload`) VALUES
(122, '_transient_wp_core_block_css_files', 'a:2:{s:7:\"version\";s:5:\"6.6.2\";s:5:\"files\";a:496:{i:0;s:23:\"archives/editor-rtl.css\";i:1;s:27:\"archives/editor-rtl.min.css\";i:2;s:19:\"archives/editor.css\";i:3;s:23:\"archives/editor.min.css\";i:4;s:22:\"archives/style-rtl.css\";i:5;s:26:\"archives/style-rtl.min.css\";i:6;s:18:\"archives/style.css\";i:7;s:22:\"archives/style.min.css\";i:8;s:20:\"audio/editor-rtl.css\";i:9;s:24:\"audio/editor-rtl.min.css\";i:10;s:16:\"audio/editor.css\";i:11;s:20:\"audio/editor.min.css\";i:12;s:19:\"audio/style-rtl.css\";i:13;s:23:\"audio/style-rtl.min.css\";i:14;s:15:\"audio/style.css\";i:15;s:19:\"audio/style.min.css\";i:16;s:19:\"audio/theme-rtl.css\";i:17;s:23:\"audio/theme-rtl.min.css\";i:18;s:15:\"audio/theme.css\";i:19;s:19:\"audio/theme.min.css\";i:20;s:21:\"avatar/editor-rtl.css\";i:21;s:25:\"avatar/editor-rtl.min.css\";i:22;s:17:\"avatar/editor.css\";i:23;s:21:\"avatar/editor.min.css\";i:24;s:20:\"avatar/style-rtl.css\";i:25;s:24:\"avatar/style-rtl.min.css\";i:26;s:16:\"avatar/style.css\";i:27;s:20:\"avatar/style.min.css\";i:28;s:21:\"button/editor-rtl.css\";i:29;s:25:\"button/editor-rtl.min.css\";i:30;s:17:\"button/editor.css\";i:31;s:21:\"button/editor.min.css\";i:32;s:20:\"button/style-rtl.css\";i:33;s:24:\"button/style-rtl.min.css\";i:34;s:16:\"button/style.css\";i:35;s:20:\"button/style.min.css\";i:36;s:22:\"buttons/editor-rtl.css\";i:37;s:26:\"buttons/editor-rtl.min.css\";i:38;s:18:\"buttons/editor.css\";i:39;s:22:\"buttons/editor.min.css\";i:40;s:21:\"buttons/style-rtl.css\";i:41;s:25:\"buttons/style-rtl.min.css\";i:42;s:17:\"buttons/style.css\";i:43;s:21:\"buttons/style.min.css\";i:44;s:22:\"calendar/style-rtl.css\";i:45;s:26:\"calendar/style-rtl.min.css\";i:46;s:18:\"calendar/style.css\";i:47;s:22:\"calendar/style.min.css\";i:48;s:25:\"categories/editor-rtl.css\";i:49;s:29:\"categories/editor-rtl.min.css\";i:50;s:21:\"categories/editor.css\";i:51;s:25:\"categories/editor.min.css\";i:52;s:24:\"categories/style-rtl.css\";i:53;s:28:\"categories/style-rtl.min.css\";i:54;s:20:\"categories/style.css\";i:55;s:24:\"categories/style.min.css\";i:56;s:19:\"code/editor-rtl.css\";i:57;s:23:\"code/editor-rtl.min.css\";i:58;s:15:\"code/editor.css\";i:59;s:19:\"code/editor.min.css\";i:60;s:18:\"code/style-rtl.css\";i:61;s:22:\"code/style-rtl.min.css\";i:62;s:14:\"code/style.css\";i:63;s:18:\"code/style.min.css\";i:64;s:18:\"code/theme-rtl.css\";i:65;s:22:\"code/theme-rtl.min.css\";i:66;s:14:\"code/theme.css\";i:67;s:18:\"code/theme.min.css\";i:68;s:22:\"columns/editor-rtl.css\";i:69;s:26:\"columns/editor-rtl.min.css\";i:70;s:18:\"columns/editor.css\";i:71;s:22:\"columns/editor.min.css\";i:72;s:21:\"columns/style-rtl.css\";i:73;s:25:\"columns/style-rtl.min.css\";i:74;s:17:\"columns/style.css\";i:75;s:21:\"columns/style.min.css\";i:76;s:29:\"comment-content/style-rtl.css\";i:77;s:33:\"comment-content/style-rtl.min.css\";i:78;s:25:\"comment-content/style.css\";i:79;s:29:\"comment-content/style.min.css\";i:80;s:30:\"comment-template/style-rtl.css\";i:81;s:34:\"comment-template/style-rtl.min.css\";i:82;s:26:\"comment-template/style.css\";i:83;s:30:\"comment-template/style.min.css\";i:84;s:42:\"comments-pagination-numbers/editor-rtl.css\";i:85;s:46:\"comments-pagination-numbers/editor-rtl.min.css\";i:86;s:38:\"comments-pagination-numbers/editor.css\";i:87;s:42:\"comments-pagination-numbers/editor.min.css\";i:88;s:34:\"comments-pagination/editor-rtl.css\";i:89;s:38:\"comments-pagination/editor-rtl.min.css\";i:90;s:30:\"comments-pagination/editor.css\";i:91;s:34:\"comments-pagination/editor.min.css\";i:92;s:33:\"comments-pagination/style-rtl.css\";i:93;s:37:\"comments-pagination/style-rtl.min.css\";i:94;s:29:\"comments-pagination/style.css\";i:95;s:33:\"comments-pagination/style.min.css\";i:96;s:29:\"comments-title/editor-rtl.css\";i:97;s:33:\"comments-title/editor-rtl.min.css\";i:98;s:25:\"comments-title/editor.css\";i:99;s:29:\"comments-title/editor.min.css\";i:100;s:23:\"comments/editor-rtl.css\";i:101;s:27:\"comments/editor-rtl.min.css\";i:102;s:19:\"comments/editor.css\";i:103;s:23:\"comments/editor.min.css\";i:104;s:22:\"comments/style-rtl.css\";i:105;s:26:\"comments/style-rtl.min.css\";i:106;s:18:\"comments/style.css\";i:107;s:22:\"comments/style.min.css\";i:108;s:20:\"cover/editor-rtl.css\";i:109;s:24:\"cover/editor-rtl.min.css\";i:110;s:16:\"cover/editor.css\";i:111;s:20:\"cover/editor.min.css\";i:112;s:19:\"cover/style-rtl.css\";i:113;s:23:\"cover/style-rtl.min.css\";i:114;s:15:\"cover/style.css\";i:115;s:19:\"cover/style.min.css\";i:116;s:22:\"details/editor-rtl.css\";i:117;s:26:\"details/editor-rtl.min.css\";i:118;s:18:\"details/editor.css\";i:119;s:22:\"details/editor.min.css\";i:120;s:21:\"details/style-rtl.css\";i:121;s:25:\"details/style-rtl.min.css\";i:122;s:17:\"details/style.css\";i:123;s:21:\"details/style.min.css\";i:124;s:20:\"embed/editor-rtl.css\";i:125;s:24:\"embed/editor-rtl.min.css\";i:126;s:16:\"embed/editor.css\";i:127;s:20:\"embed/editor.min.css\";i:128;s:19:\"embed/style-rtl.css\";i:129;s:23:\"embed/style-rtl.min.css\";i:130;s:15:\"embed/style.css\";i:131;s:19:\"embed/style.min.css\";i:132;s:19:\"embed/theme-rtl.css\";i:133;s:23:\"embed/theme-rtl.min.css\";i:134;s:15:\"embed/theme.css\";i:135;s:19:\"embed/theme.min.css\";i:136;s:19:\"file/editor-rtl.css\";i:137;s:23:\"file/editor-rtl.min.css\";i:138;s:15:\"file/editor.css\";i:139;s:19:\"file/editor.min.css\";i:140;s:18:\"file/style-rtl.css\";i:141;s:22:\"file/style-rtl.min.css\";i:142;s:14:\"file/style.css\";i:143;s:18:\"file/style.min.css\";i:144;s:23:\"footnotes/style-rtl.css\";i:145;s:27:\"footnotes/style-rtl.min.css\";i:146;s:19:\"footnotes/style.css\";i:147;s:23:\"footnotes/style.min.css\";i:148;s:23:\"freeform/editor-rtl.css\";i:149;s:27:\"freeform/editor-rtl.min.css\";i:150;s:19:\"freeform/editor.css\";i:151;s:23:\"freeform/editor.min.css\";i:152;s:22:\"gallery/editor-rtl.css\";i:153;s:26:\"gallery/editor-rtl.min.css\";i:154;s:18:\"gallery/editor.css\";i:155;s:22:\"gallery/editor.min.css\";i:156;s:21:\"gallery/style-rtl.css\";i:157;s:25:\"gallery/style-rtl.min.css\";i:158;s:17:\"gallery/style.css\";i:159;s:21:\"gallery/style.min.css\";i:160;s:21:\"gallery/theme-rtl.css\";i:161;s:25:\"gallery/theme-rtl.min.css\";i:162;s:17:\"gallery/theme.css\";i:163;s:21:\"gallery/theme.min.css\";i:164;s:20:\"group/editor-rtl.css\";i:165;s:24:\"group/editor-rtl.min.css\";i:166;s:16:\"group/editor.css\";i:167;s:20:\"group/editor.min.css\";i:168;s:19:\"group/style-rtl.css\";i:169;s:23:\"group/style-rtl.min.css\";i:170;s:15:\"group/style.css\";i:171;s:19:\"group/style.min.css\";i:172;s:19:\"group/theme-rtl.css\";i:173;s:23:\"group/theme-rtl.min.css\";i:174;s:15:\"group/theme.css\";i:175;s:19:\"group/theme.min.css\";i:176;s:21:\"heading/style-rtl.css\";i:177;s:25:\"heading/style-rtl.min.css\";i:178;s:17:\"heading/style.css\";i:179;s:21:\"heading/style.min.css\";i:180;s:19:\"html/editor-rtl.css\";i:181;s:23:\"html/editor-rtl.min.css\";i:182;s:15:\"html/editor.css\";i:183;s:19:\"html/editor.min.css\";i:184;s:20:\"image/editor-rtl.css\";i:185;s:24:\"image/editor-rtl.min.css\";i:186;s:16:\"image/editor.css\";i:187;s:20:\"image/editor.min.css\";i:188;s:19:\"image/style-rtl.css\";i:189;s:23:\"image/style-rtl.min.css\";i:190;s:15:\"image/style.css\";i:191;s:19:\"image/style.min.css\";i:192;s:19:\"image/theme-rtl.css\";i:193;s:23:\"image/theme-rtl.min.css\";i:194;s:15:\"image/theme.css\";i:195;s:19:\"image/theme.min.css\";i:196;s:29:\"latest-comments/style-rtl.css\";i:197;s:33:\"latest-comments/style-rtl.min.css\";i:198;s:25:\"latest-comments/style.css\";i:199;s:29:\"latest-comments/style.min.css\";i:200;s:27:\"latest-posts/editor-rtl.css\";i:201;s:31:\"latest-posts/editor-rtl.min.css\";i:202;s:23:\"latest-posts/editor.css\";i:203;s:27:\"latest-posts/editor.min.css\";i:204;s:26:\"latest-posts/style-rtl.css\";i:205;s:30:\"latest-posts/style-rtl.min.css\";i:206;s:22:\"latest-posts/style.css\";i:207;s:26:\"latest-posts/style.min.css\";i:208;s:18:\"list/style-rtl.css\";i:209;s:22:\"list/style-rtl.min.css\";i:210;s:14:\"list/style.css\";i:211;s:18:\"list/style.min.css\";i:212;s:25:\"media-text/editor-rtl.css\";i:213;s:29:\"media-text/editor-rtl.min.css\";i:214;s:21:\"media-text/editor.css\";i:215;s:25:\"media-text/editor.min.css\";i:216;s:24:\"media-text/style-rtl.css\";i:217;s:28:\"media-text/style-rtl.min.css\";i:218;s:20:\"media-text/style.css\";i:219;s:24:\"media-text/style.min.css\";i:220;s:19:\"more/editor-rtl.css\";i:221;s:23:\"more/editor-rtl.min.css\";i:222;s:15:\"more/editor.css\";i:223;s:19:\"more/editor.min.css\";i:224;s:30:\"navigation-link/editor-rtl.css\";i:225;s:34:\"navigation-link/editor-rtl.min.css\";i:226;s:26:\"navigation-link/editor.css\";i:227;s:30:\"navigation-link/editor.min.css\";i:228;s:29:\"navigation-link/style-rtl.css\";i:229;s:33:\"navigation-link/style-rtl.min.css\";i:230;s:25:\"navigation-link/style.css\";i:231;s:29:\"navigation-link/style.min.css\";i:232;s:33:\"navigation-submenu/editor-rtl.css\";i:233;s:37:\"navigation-submenu/editor-rtl.min.css\";i:234;s:29:\"navigation-submenu/editor.css\";i:235;s:33:\"navigation-submenu/editor.min.css\";i:236;s:25:\"navigation/editor-rtl.css\";i:237;s:29:\"navigation/editor-rtl.min.css\";i:238;s:21:\"navigation/editor.css\";i:239;s:25:\"navigation/editor.min.css\";i:240;s:24:\"navigation/style-rtl.css\";i:241;s:28:\"navigation/style-rtl.min.css\";i:242;s:20:\"navigation/style.css\";i:243;s:24:\"navigation/style.min.css\";i:244;s:23:\"nextpage/editor-rtl.css\";i:245;s:27:\"nextpage/editor-rtl.min.css\";i:246;s:19:\"nextpage/editor.css\";i:247;s:23:\"nextpage/editor.min.css\";i:248;s:24:\"page-list/editor-rtl.css\";i:249;s:28:\"page-list/editor-rtl.min.css\";i:250;s:20:\"page-list/editor.css\";i:251;s:24:\"page-list/editor.min.css\";i:252;s:23:\"page-list/style-rtl.css\";i:253;s:27:\"page-list/style-rtl.min.css\";i:254;s:19:\"page-list/style.css\";i:255;s:23:\"page-list/style.min.css\";i:256;s:24:\"paragraph/editor-rtl.css\";i:257;s:28:\"paragraph/editor-rtl.min.css\";i:258;s:20:\"paragraph/editor.css\";i:259;s:24:\"paragraph/editor.min.css\";i:260;s:23:\"paragraph/style-rtl.css\";i:261;s:27:\"paragraph/style-rtl.min.css\";i:262;s:19:\"paragraph/style.css\";i:263;s:23:\"paragraph/style.min.css\";i:264;s:25:\"post-author/style-rtl.css\";i:265;s:29:\"post-author/style-rtl.min.css\";i:266;s:21:\"post-author/style.css\";i:267;s:25:\"post-author/style.min.css\";i:268;s:33:\"post-comments-form/editor-rtl.css\";i:269;s:37:\"post-comments-form/editor-rtl.min.css\";i:270;s:29:\"post-comments-form/editor.css\";i:271;s:33:\"post-comments-form/editor.min.css\";i:272;s:32:\"post-comments-form/style-rtl.css\";i:273;s:36:\"post-comments-form/style-rtl.min.css\";i:274;s:28:\"post-comments-form/style.css\";i:275;s:32:\"post-comments-form/style.min.css\";i:276;s:27:\"post-content/editor-rtl.css\";i:277;s:31:\"post-content/editor-rtl.min.css\";i:278;s:23:\"post-content/editor.css\";i:279;s:27:\"post-content/editor.min.css\";i:280;s:23:\"post-date/style-rtl.css\";i:281;s:27:\"post-date/style-rtl.min.css\";i:282;s:19:\"post-date/style.css\";i:283;s:23:\"post-date/style.min.css\";i:284;s:27:\"post-excerpt/editor-rtl.css\";i:285;s:31:\"post-excerpt/editor-rtl.min.css\";i:286;s:23:\"post-excerpt/editor.css\";i:287;s:27:\"post-excerpt/editor.min.css\";i:288;s:26:\"post-excerpt/style-rtl.css\";i:289;s:30:\"post-excerpt/style-rtl.min.css\";i:290;s:22:\"post-excerpt/style.css\";i:291;s:26:\"post-excerpt/style.min.css\";i:292;s:34:\"post-featured-image/editor-rtl.css\";i:293;s:38:\"post-featured-image/editor-rtl.min.css\";i:294;s:30:\"post-featured-image/editor.css\";i:295;s:34:\"post-featured-image/editor.min.css\";i:296;s:33:\"post-featured-image/style-rtl.css\";i:297;s:37:\"post-featured-image/style-rtl.min.css\";i:298;s:29:\"post-featured-image/style.css\";i:299;s:33:\"post-featured-image/style.min.css\";i:300;s:34:\"post-navigation-link/style-rtl.css\";i:301;s:38:\"post-navigation-link/style-rtl.min.css\";i:302;s:30:\"post-navigation-link/style.css\";i:303;s:34:\"post-navigation-link/style.min.css\";i:304;s:28:\"post-template/editor-rtl.css\";i:305;s:32:\"post-template/editor-rtl.min.css\";i:306;s:24:\"post-template/editor.css\";i:307;s:28:\"post-template/editor.min.css\";i:308;s:27:\"post-template/style-rtl.css\";i:309;s:31:\"post-template/style-rtl.min.css\";i:310;s:23:\"post-template/style.css\";i:311;s:27:\"post-template/style.min.css\";i:312;s:24:\"post-terms/style-rtl.css\";i:313;s:28:\"post-terms/style-rtl.min.css\";i:314;s:20:\"post-terms/style.css\";i:315;s:24:\"post-terms/style.min.css\";i:316;s:24:\"post-title/style-rtl.css\";i:317;s:28:\"post-title/style-rtl.min.css\";i:318;s:20:\"post-title/style.css\";i:319;s:24:\"post-title/style.min.css\";i:320;s:26:\"preformatted/style-rtl.css\";i:321;s:30:\"preformatted/style-rtl.min.css\";i:322;s:22:\"preformatted/style.css\";i:323;s:26:\"preformatted/style.min.css\";i:324;s:24:\"pullquote/editor-rtl.css\";i:325;s:28:\"pullquote/editor-rtl.min.css\";i:326;s:20:\"pullquote/editor.css\";i:327;s:24:\"pullquote/editor.min.css\";i:328;s:23:\"pullquote/style-rtl.css\";i:329;s:27:\"pullquote/style-rtl.min.css\";i:330;s:19:\"pullquote/style.css\";i:331;s:23:\"pullquote/style.min.css\";i:332;s:23:\"pullquote/theme-rtl.css\";i:333;s:27:\"pullquote/theme-rtl.min.css\";i:334;s:19:\"pullquote/theme.css\";i:335;s:23:\"pullquote/theme.min.css\";i:336;s:39:\"query-pagination-numbers/editor-rtl.css\";i:337;s:43:\"query-pagination-numbers/editor-rtl.min.css\";i:338;s:35:\"query-pagination-numbers/editor.css\";i:339;s:39:\"query-pagination-numbers/editor.min.css\";i:340;s:31:\"query-pagination/editor-rtl.css\";i:341;s:35:\"query-pagination/editor-rtl.min.css\";i:342;s:27:\"query-pagination/editor.css\";i:343;s:31:\"query-pagination/editor.min.css\";i:344;s:30:\"query-pagination/style-rtl.css\";i:345;s:34:\"query-pagination/style-rtl.min.css\";i:346;s:26:\"query-pagination/style.css\";i:347;s:30:\"query-pagination/style.min.css\";i:348;s:25:\"query-title/style-rtl.css\";i:349;s:29:\"query-title/style-rtl.min.css\";i:350;s:21:\"query-title/style.css\";i:351;s:25:\"query-title/style.min.css\";i:352;s:20:\"query/editor-rtl.css\";i:353;s:24:\"query/editor-rtl.min.css\";i:354;s:16:\"query/editor.css\";i:355;s:20:\"query/editor.min.css\";i:356;s:19:\"quote/style-rtl.css\";i:357;s:23:\"quote/style-rtl.min.css\";i:358;s:15:\"quote/style.css\";i:359;s:19:\"quote/style.min.css\";i:360;s:19:\"quote/theme-rtl.css\";i:361;s:23:\"quote/theme-rtl.min.css\";i:362;s:15:\"quote/theme.css\";i:363;s:19:\"quote/theme.min.css\";i:364;s:23:\"read-more/style-rtl.css\";i:365;s:27:\"read-more/style-rtl.min.css\";i:366;s:19:\"read-more/style.css\";i:367;s:23:\"read-more/style.min.css\";i:368;s:18:\"rss/editor-rtl.css\";i:369;s:22:\"rss/editor-rtl.min.css\";i:370;s:14:\"rss/editor.css\";i:371;s:18:\"rss/editor.min.css\";i:372;s:17:\"rss/style-rtl.css\";i:373;s:21:\"rss/style-rtl.min.css\";i:374;s:13:\"rss/style.css\";i:375;s:17:\"rss/style.min.css\";i:376;s:21:\"search/editor-rtl.css\";i:377;s:25:\"search/editor-rtl.min.css\";i:378;s:17:\"search/editor.css\";i:379;s:21:\"search/editor.min.css\";i:380;s:20:\"search/style-rtl.css\";i:381;s:24:\"search/style-rtl.min.css\";i:382;s:16:\"search/style.css\";i:383;s:20:\"search/style.min.css\";i:384;s:20:\"search/theme-rtl.css\";i:385;s:24:\"search/theme-rtl.min.css\";i:386;s:16:\"search/theme.css\";i:387;s:20:\"search/theme.min.css\";i:388;s:24:\"separator/editor-rtl.css\";i:389;s:28:\"separator/editor-rtl.min.css\";i:390;s:20:\"separator/editor.css\";i:391;s:24:\"separator/editor.min.css\";i:392;s:23:\"separator/style-rtl.css\";i:393;s:27:\"separator/style-rtl.min.css\";i:394;s:19:\"separator/style.css\";i:395;s:23:\"separator/style.min.css\";i:396;s:23:\"separator/theme-rtl.css\";i:397;s:27:\"separator/theme-rtl.min.css\";i:398;s:19:\"separator/theme.css\";i:399;s:23:\"separator/theme.min.css\";i:400;s:24:\"shortcode/editor-rtl.css\";i:401;s:28:\"shortcode/editor-rtl.min.css\";i:402;s:20:\"shortcode/editor.css\";i:403;s:24:\"shortcode/editor.min.css\";i:404;s:24:\"site-logo/editor-rtl.css\";i:405;s:28:\"site-logo/editor-rtl.min.css\";i:406;s:20:\"site-logo/editor.css\";i:407;s:24:\"site-logo/editor.min.css\";i:408;s:23:\"site-logo/style-rtl.css\";i:409;s:27:\"site-logo/style-rtl.min.css\";i:410;s:19:\"site-logo/style.css\";i:411;s:23:\"site-logo/style.min.css\";i:412;s:27:\"site-tagline/editor-rtl.css\";i:413;s:31:\"site-tagline/editor-rtl.min.css\";i:414;s:23:\"site-tagline/editor.css\";i:415;s:27:\"site-tagline/editor.min.css\";i:416;s:25:\"site-title/editor-rtl.css\";i:417;s:29:\"site-title/editor-rtl.min.css\";i:418;s:21:\"site-title/editor.css\";i:419;s:25:\"site-title/editor.min.css\";i:420;s:24:\"site-title/style-rtl.css\";i:421;s:28:\"site-title/style-rtl.min.css\";i:422;s:20:\"site-title/style.css\";i:423;s:24:\"site-title/style.min.css\";i:424;s:26:\"social-link/editor-rtl.css\";i:425;s:30:\"social-link/editor-rtl.min.css\";i:426;s:22:\"social-link/editor.css\";i:427;s:26:\"social-link/editor.min.css\";i:428;s:27:\"social-links/editor-rtl.css\";i:429;s:31:\"social-links/editor-rtl.min.css\";i:430;s:23:\"social-links/editor.css\";i:431;s:27:\"social-links/editor.min.css\";i:432;s:26:\"social-links/style-rtl.css\";i:433;s:30:\"social-links/style-rtl.min.css\";i:434;s:22:\"social-links/style.css\";i:435;s:26:\"social-links/style.min.css\";i:436;s:21:\"spacer/editor-rtl.css\";i:437;s:25:\"spacer/editor-rtl.min.css\";i:438;s:17:\"spacer/editor.css\";i:439;s:21:\"spacer/editor.min.css\";i:440;s:20:\"spacer/style-rtl.css\";i:441;s:24:\"spacer/style-rtl.min.css\";i:442;s:16:\"spacer/style.css\";i:443;s:20:\"spacer/style.min.css\";i:444;s:20:\"table/editor-rtl.css\";i:445;s:24:\"table/editor-rtl.min.css\";i:446;s:16:\"table/editor.css\";i:447;s:20:\"table/editor.min.css\";i:448;s:19:\"table/style-rtl.css\";i:449;s:23:\"table/style-rtl.min.css\";i:450;s:15:\"table/style.css\";i:451;s:19:\"table/style.min.css\";i:452;s:19:\"table/theme-rtl.css\";i:453;s:23:\"table/theme-rtl.min.css\";i:454;s:15:\"table/theme.css\";i:455;s:19:\"table/theme.min.css\";i:456;s:23:\"tag-cloud/style-rtl.css\";i:457;s:27:\"tag-cloud/style-rtl.min.css\";i:458;s:19:\"tag-cloud/style.css\";i:459;s:23:\"tag-cloud/style.min.css\";i:460;s:28:\"template-part/editor-rtl.css\";i:461;s:32:\"template-part/editor-rtl.min.css\";i:462;s:24:\"template-part/editor.css\";i:463;s:28:\"template-part/editor.min.css\";i:464;s:27:\"template-part/theme-rtl.css\";i:465;s:31:\"template-part/theme-rtl.min.css\";i:466;s:23:\"template-part/theme.css\";i:467;s:27:\"template-part/theme.min.css\";i:468;s:30:\"term-description/style-rtl.css\";i:469;s:34:\"term-description/style-rtl.min.css\";i:470;s:26:\"term-description/style.css\";i:471;s:30:\"term-description/style.min.css\";i:472;s:27:\"text-columns/editor-rtl.css\";i:473;s:31:\"text-columns/editor-rtl.min.css\";i:474;s:23:\"text-columns/editor.css\";i:475;s:27:\"text-columns/editor.min.css\";i:476;s:26:\"text-columns/style-rtl.css\";i:477;s:30:\"text-columns/style-rtl.min.css\";i:478;s:22:\"text-columns/style.css\";i:479;s:26:\"text-columns/style.min.css\";i:480;s:19:\"verse/style-rtl.css\";i:481;s:23:\"verse/style-rtl.min.css\";i:482;s:15:\"verse/style.css\";i:483;s:19:\"verse/style.min.css\";i:484;s:20:\"video/editor-rtl.css\";i:485;s:24:\"video/editor-rtl.min.css\";i:486;s:16:\"video/editor.css\";i:487;s:20:\"video/editor.min.css\";i:488;s:19:\"video/style-rtl.css\";i:489;s:23:\"video/style-rtl.min.css\";i:490;s:15:\"video/style.css\";i:491;s:19:\"video/style.min.css\";i:492;s:19:\"video/theme-rtl.css\";i:493;s:23:\"video/theme-rtl.min.css\";i:494;s:15:\"video/theme.css\";i:495;s:19:\"video/theme.min.css\";}}', 'on'),
(126, 'recovery_keys', 'a:0:{}', 'off'),
(127, 'theme_mods_twentytwentyfour', 'a:4:{s:18:\"custom_css_post_id\";i:7819;s:16:\"sidebars_widgets\";a:2:{s:4:\"time\";i:1729424462;s:4:\"data\";a:3:{s:19:\"wp_inactive_widgets\";a:0:{}s:9:\"sidebar-1\";a:3:{i:0;s:7:\"block-2\";i:1;s:7:\"block-3\";i:2;s:7:\"block-4\";}s:9:\"sidebar-2\";a:2:{i:0;s:7:\"block-5\";i:1;s:7:\"block-6\";}}}s:19:\"wp_classic_sidebars\";a:0:{}s:18:\"nav_menu_locations\";a:0:{}}', 'off'),
(160, 'current_theme', 'Atlasnic version 1.0', 'auto'),
(161, 'theme_mods_hello-elementor', 'a:4:{i:0;b:0;s:18:\"nav_menu_locations\";a:0:{}s:18:\"custom_css_post_id\";i:6946;s:16:\"sidebars_widgets\";a:2:{s:4:\"time\";i:1734175498;s:4:\"data\";a:1:{s:19:\"wp_inactive_widgets\";a:5:{i:0;s:7:\"block-2\";i:1;s:7:\"block-3\";i:2;s:7:\"block-4\";i:3;s:7:\"block-5\";i:4;s:7:\"block-6\";}}}}', 'off'),
(162, 'theme_switched', '', 'auto'),
(163, 'hello_theme_version', '3.1.1', 'auto'),
(168, 'finished_updating_comment_type', '1', 'auto'),
(169, '_site_transient_wp_plugin_dependencies_plugin_data', 'a:0:{}', 'off'),
(170, 'recently_activated', 'a:1:{s:33:\"resume-builder/resume-builder.php\";i:1734163348;}', 'off'),
(171, 'elementor_active_kit', '9947', 'auto'),
(172, 'elementor_font_display', 'swap', 'auto'),
(175, 'elementor_version', '3.25.10', 'auto'),
(176, 'elementor_install_history', 'a:5:{s:6:\"3.23.4\";i:1727338546;s:6:\"3.24.4\";i:1727365734;s:6:\"3.24.6\";i:1728802654;s:6:\"3.24.7\";i:1729422983;s:7:\"3.25.10\";i:1733605294;}', 'auto'),
(177, 'elementor_events_db_version', '1.0.0', 'off'),
(179, 'elementor_onboarded', '1', 'auto'),
(180, '_elementor_installed_time', '1727338553', 'auto');
INSERT INTO `wp_options` (`option_id`, `option_name`, `option_value`, `autoload`) VALUES
(181, 'elementor_remote_info_library', 'a:3:{s:10:\"types_data\";a:4:{s:5:\"block\";a:2:{s:10:\"categories\";a:28:{i:0;s:8:\"404 page\";i:1;s:5:\"about\";i:2;s:7:\"archive\";i:3;s:8:\"Benefits\";i:4;s:14:\"call to action\";i:5;s:7:\"clients\";i:6;s:7:\"contact\";i:7;s:4:\"Data\";i:8;s:3:\"faq\";i:9;s:8:\"features\";i:10;s:6:\"footer\";i:11;s:7:\"Gallery\";i:12;s:6:\"header\";i:13;s:4:\"hero\";i:14;s:11:\"Link in Bio\";i:15;s:9:\"portfolio\";i:16;s:7:\"pricing\";i:17;s:15:\"product archive\";i:18;s:5:\"Quote\";i:19;s:15:\"Service Details\";i:20;s:8:\"services\";i:21;s:11:\"single page\";i:22;s:11:\"single post\";i:23;s:14:\"single product\";i:24;s:5:\"stats\";i:25;s:9:\"subscribe\";i:26;s:4:\"team\";i:27;s:12:\"testimonials\";}s:4:\"sets\";a:5:{i:0;s:11:\"Boxing Club\";i:1;s:19:\"Business Consultant\";i:2;s:16:\"Marketing Agency\";i:3;s:9:\"Wireframe\";i:4;s:15:\"Workshop Center\";}}s:5:\"popup\";a:1:{s:10:\"categories\";a:6:{i:0;s:10:\"bottom bar\";i:1;s:7:\"classic\";i:2;s:6:\"fly-in\";i:3;s:11:\"full screen\";i:4;s:9:\"hello bar\";i:5;s:8:\"slide-in\";}}s:2:\"lp\";a:1:{s:10:\"categories\";a:15:{i:0;s:8:\"Business\";i:1;s:16:\"Coming Soon Page\";i:2;s:9:\"eCommerce\";i:3;s:9:\"Education\";i:4;s:6:\"Events\";i:5;s:18:\"Health and Fitness\";i:6;s:3:\"NFT\";i:7;s:14:\"Online Service\";i:8;s:7:\"Product\";i:9;s:11:\"Real Estate\";i:10;s:18:\"Social Involvement\";i:11;s:14:\"Thank You Page\";i:12;s:6:\"Travel\";i:13;s:18:\"Under Construction\";i:14;s:9:\"Wireframe\";}}s:2:\"lb\";a:1:{s:10:\"categories\";a:2:{i:0;s:4:\"post\";i:1;s:7:\"product\";}}}s:10:\"categories\";a:28:{i:0;s:8:\"404 page\";i:1;s:5:\"about\";i:2;s:7:\"archive\";i:3;s:8:\"Benefits\";i:4;s:14:\"call to action\";i:5;s:7:\"clients\";i:6;s:7:\"contact\";i:7;s:4:\"Data\";i:8;s:3:\"faq\";i:9;s:8:\"features\";i:10;s:6:\"footer\";i:11;s:7:\"Gallery\";i:12;s:6:\"header\";i:13;s:4:\"hero\";i:14;s:11:\"Link in Bio\";i:15;s:9:\"portfolio\";i:16;s:7:\"pricing\";i:17;s:15:\"product archive\";i:18;s:5:\"Quote\";i:19;s:15:\"Service Details\";i:20;s:8:\"services\";i:21;s:11:\"single page\";i:22;s:11:\"single post\";i:23;s:14:\"single product\";i:24;s:5:\"stats\";i:25;s:9:\"subscribe\";i:26;s:4:\"team\";i:27;s:12:\"testimonials\";}s:9:\"templates\";a:823:{i:0;a:19:{s:4:\"tmpl\";i:1280;s:2:\"id\";i:22403;s:5:\"title\";s:40:\"Hello Bar | Subscribe | Aesthetic Clinic\";s:9:\"thumbnail\";s:80:\"https://library.elementor.com/wp-content/uploads/2022/03/aesthetic-clinic-19.jpg\";s:12:\"tmpl_created\";i:1647354307;s:6:\"author\";s:9:\"Elementor\";s:3:\"url\";s:142:\"https://library.elementor.com/popups/hello-bar-subscribe-aesthetic-clinic/?utm_source=template-library&utm_medium=wp-dash&utm_campaign=preview\";s:4:\"type\";s:5:\"popup\";s:11:\"access_tier\";s:9:\"essential\";s:7:\"subtype\";s:9:\"hello bar\";s:4:\"tags\";s:48:\"[\"Barbershop\",\"Business\",\"Discount\",\"Marketing\"]\";s:10:\"menu_order\";i:0;s:16:\"popularity_index\";i:-1;s:11:\"trend_index\";i:-1;s:18:\"editor_layout_type\";s:0:\"\";s:15:\"minimum_version\";s:5:\"0.0.0\";s:17:\"has_page_settings\";s:1:\"1\";s:6:\"is_pro\";s:1:\"1\";s:12:\"access_level\";i:1;}i:1;a:19:{s:4:\"tmpl\";i:1281;s:2:\"id\";i:22410;s:5:\"title\";s:32:\"Fly-In | Discount | Hair Stylist\";s:9:\"thumbnail\";s:76:\"https://library.elementor.com/wp-content/uploads/2022/03/hair-stylist-20.jpg\";s:12:\"tmpl_created\";i:1647354614;s:6:\"author\";s:9:\"Elementor\";s:3:\"url\";s:134:\"https://library.elementor.com/popups/fly-in-discount-hair-stylist/?utm_source=template-library&utm_medium=wp-dash&utm_campaign=preview\";s:4:\"type\";s:5:\"popup\";s:11:\"access_tier\";s:9:\"essential\";s:7:\"subtype\";s:6:\"fly-in\";s:4:\"tags\";s:32:\"[\"Barbershop\",\"Discount\",\"Hair\"]\";s:10:\"menu_order\";i:0;s:16:\"popularity_index\";i:-1;s:11:\"trend_index\";i:-1;s:18:\"editor_layout_type\";s:0:\"\";s:15:\"minimum_version\";s:5:\"0.0.0\";s:17:\"has_page_settings\";s:1:\"1\";s:6:\"is_pro\";s:1:\"1\";s:12:\"access_level\";i:1;}i:2;a:19:{s:4:\"tmpl\";i:1285;s:2:\"id\";i:22440;s:5:\"title\";s:32:\"Classic | Subscribe | Shoe Store\";s:9:\"thumbnail\";s:75:\"https://library.elementor.com/wp-content/uploads/2022/03/shoes-store-21.jpg\";s:12:\"tmpl_created\";i:1647418620;s:6:\"author\";s:9:\"Elementor\";s:3:\"url\";s:134:\"https://library.elementor.com/popups/classic-subscribe-shoe-store/?utm_source=template-library&utm_medium=wp-dash&utm_campaign=preview\";s:4:\"type\";s:5:\"popup\";s:11:\"access_tier\";s:9:\"essential\";s:7:\"subtype\";s:7:\"classic\";s:4:\"tags\";s:37:\"[\"Ecommerce\",\"Marketing\",\"Subscribe\"]\";s:10:\"menu_order\";i:0;s:16:\"popularity_index\";i:-1;s:11:\"trend_index\";i:-1;s:18:\"editor_layout_type\";s:0:\"\";s:15:\"minimum_version\";s:5:\"0.0.0\";s:17:\"has_page_settings\";s:1:\"1\";s:6:\"is_pro\";s:1:\"1\";s:12:\"access_level\";i:1;}i:3;a:19:{s:4:\"tmpl\";i:1286;s:2:\"id\";i:22446;s:5:\"title\";s:37:\"Full Screen | Subscribe | Denim Store\";s:9:\"thumbnail\";s:75:\"https://library.elementor.com/wp-content/uploads/2022/03/denim-store-22.jpg\";s:12:\"tmpl_created\";i:1647419614;s:6:\"author\";s:9:\"Elementor\";s:3:\"url\";s:139:\"https://library.elementor.com/popups/full-screen-subscribe-denim-store/?utm_source=template-library&utm_medium=wp-dash&utm_campaign=preview\";s:4:\"type\";s:5:\"popup\";s:11:\"access_tier\";s:9:\"essential\";s:7:\"subtype\";s:11:\"full screen\";s:4:\"tags\";s:35:\"[\"Ecommerce\",\"Fashion\",\"Marketing\"]\";s:10:\"menu_order\";i:0;s:16:\"popularity_index\";i:-1;s:11:\"trend_index\";i:-1;s:18:\"editor_layout_type\";s:0:\"\";s:15:\"minimum_version\";s:5:\"0.0.0\";s:17:\"has_page_settings\";s:1:\"1\";s:6:\"is_pro\";s:1:\"1\";s:12:\"access_level\";i:1;}i:4;a:19:{s:4:\"tmpl\";i:1287;s:2:\"id\";i:22452;s:5:\"title\";s:37:\"Fly-In | Subscribe | Pizza Restaurant\";s:9:\"thumbnail\";s:80:\"https://library.elementor.com/wp-content/uploads/2022/03/pizza-restaurant-23.jpg\";s:12:\"tmpl_created\";i:1647420733;s:6:\"author\";s:9:\"Elementor\";s:3:\"url\";s:139:\"https://library.elementor.com/popups/fly-in-subscribe-pizza-restaurant/?utm_source=template-library&utm_medium=wp-dash&utm_campaign=preview\";s:4:\"type\";s:5:\"popup\";s:11:\"access_tier\";s:9:\"essential\";s:7:\"subtype\";s:6:\"fly-in\";s:4:\"tags\";s:19:\"[\"Business\",\"Food\"]\";s:10:\"menu_order\";i:0;s:16:\"popularity_index\";i:-1;s:11:\"trend_index\";i:-1;s:18:\"editor_layout_type\";s:0:\"\";s:15:\"minimum_version\";s:5:\"0.0.0\";s:17:\"has_page_settings\";s:1:\"1\";s:6:\"is_pro\";s:1:\"1\";s:12:\"access_level\";i:1;}i:5;a:19:{s:4:\"tmpl\";i:1288;s:2:\"id\";i:22458;s:5:\"title\";s:38:\"Full Screen | Subscribe | Fashion Shop\";s:9:\"thumbnail\";s:76:\"https://library.elementor.com/wp-content/uploads/2022/03/fashion-shop-24.jpg\";s:12:\"tmpl_created\";i:1647426379;s:6:\"author\";s:9:\"Elementor\";s:3:\"url\";s:140:\"https://library.elementor.com/popups/full-screen-subscribe-fashion-shop/?utm_source=template-library&utm_medium=wp-dash&utm_campaign=preview\";s:4:\"type\";s:5:\"popup\";s:11:\"access_tier\";s:9:\"essential\";s:7:\"subtype\";s:11:\"full screen\";s:4:\"tags\";s:31:\"[\"Ecommerce\",\"Fashion\",\"Sales\"]\";s:10:\"menu_order\";i:0;s:16:\"popularity_index\";i:-1;s:11:\"trend_index\";i:-1;s:18:\"editor_layout_type\";s:0:\"\";s:15:\"minimum_version\";s:5:\"0.0.0\";s:17:\"has_page_settings\";s:1:\"1\";s:6:\"is_pro\";s:1:\"1\";s:12:\"access_level\";i:1;}i:6;a:19:{s:4:\"tmpl\";i:1289;s:2:\"id\";i:22464;s:5:\"title\";s:32:\"Fly-In | Contact | Makeup Studio\";s:9:\"thumbnail\";s:77:\"https://library.elementor.com/wp-content/uploads/2022/03/makeup-studio-25.jpg\";s:12:\"tmpl_created\";i:1647427026;s:6:\"author\";s:9:\"Elementor\";s:3:\"url\";s:134:\"https://library.elementor.com/popups/fly-in-contact-makeup-studio/?utm_source=template-library&utm_medium=wp-dash&utm_campaign=preview\";s:4:\"type\";s:5:\"popup\";s:11:\"access_tier\";s:9:\"essential\";s:7:\"subtype\";s:6:\"fly-in\";s:4:\"tags\";s:22:\"[\"Business\",\"Contact\"]\";s:10:\"menu_order\";i:0;s:16:\"popularity_index\";i:-1;s:11:\"trend_index\";i:-1;s:18:\"editor_layout_type\";s:0:\"\";s:15:\"minimum_version\";s:5:\"0.0.0\";s:17:\"has_page_settings\";s:1:\"1\";s:6:\"is_pro\";s:1:\"1\";s:12:\"access_level\";i:1;}i:7;a:19:{s:4:\"tmpl\";i:1290;s:2:\"id\";i:22470;s:5:\"title\";s:32:\"Fly-In | Contact | Design Studio\";s:9:\"thumbnail\";s:77:\"https://library.elementor.com/wp-content/uploads/2022/03/design-studio-26.jpg\";s:12:\"tmpl_created\";i:1647428250;s:6:\"author\";s:9:\"Elementor\";s:3:\"url\";s:134:\"https://library.elementor.com/popups/fly-in-contact-design-studio/?utm_source=template-library&utm_medium=wp-dash&utm_campaign=preview\";s:4:\"type\";s:5:\"popup\";s:11:\"access_tier\";s:9:\"essential\";s:7:\"subtype\";s:6:\"fly-in\";s:4:\"tags\";s:39:\"[\"Business\",\"Contact\",\"Digital Agency\"]\";s:10:\"menu_order\";i:0;s:16:\"popularity_index\";i:-1;s:11:\"trend_index\";i:-1;s:18:\"editor_layout_type\";s:0:\"\";s:15:\"minimum_version\";s:5:\"0.0.0\";s:17:\"has_page_settings\";s:1:\"1\";s:6:\"is_pro\";s:1:\"1\";s:12:\"access_level\";i:1;}i:8;a:19:{s:4:\"tmpl\";i:1291;s:2:\"id\";i:22480;s:5:\"title\";s:27:\"Classic | CTA | MasterClass\";s:9:\"thumbnail\";s:76:\"https://library.elementor.com/wp-content/uploads/2022/03/master-class-27.jpg\";s:12:\"tmpl_created\";i:1647428474;s:6:\"author\";s:9:\"Elementor\";s:3:\"url\";s:129:\"https://library.elementor.com/popups/classic-cta-masterclass/?utm_source=template-library&utm_medium=wp-dash&utm_campaign=preview\";s:4:\"type\";s:5:\"popup\";s:11:\"access_tier\";s:9:\"essential\";s:7:\"subtype\";s:7:\"classic\";s:4:\"tags\";s:29:\"[\"cta\",\"Magazine\",\"Services\"]\";s:10:\"menu_order\";i:0;s:16:\"popularity_index\";i:-1;s:11:\"trend_index\";i:-1;s:18:\"editor_layout_type\";s:0:\"\";s:15:\"minimum_version\";s:5:\"0.0.0\";s:17:\"has_page_settings\";s:1:\"1\";s:6:\"is_pro\";s:1:\"1\";s:12:\"access_level\";i:1;}i:9;a:19:{s:4:\"tmpl\";i:1292;s:2:\"id\";i:22489;s:5:\"title\";s:29:\"Classic | CTA | Music Concert\";s:9:\"thumbnail\";s:77:\"https://library.elementor.com/wp-content/uploads/2022/03/music-concert-29.jpg\";s:12:\"tmpl_created\";i:1647429738;s:6:\"author\";s:9:\"Elementor\";s:3:\"url\";s:131:\"https://library.elementor.com/popups/classic-cta-music-concert/?utm_source=template-library&utm_medium=wp-dash&utm_campaign=preview\";s:4:\"type\";s:5:\"popup\";s:11:\"access_tier\";s:9:\"essential\";s:7:\"subtype\";s:7:\"classic\";s:4:\"tags\";s:34:\"[\"cta\",\"Landing Pages\",\"Magazine\"]\";s:10:\"menu_order\";i:0;s:16:\"popularity_index\";i:-1;s:11:\"trend_index\";i:-1;s:18:\"editor_layout_type\";s:0:\"\";s:15:\"minimum_version\";s:5:\"0.0.0\";s:17:\"has_page_settings\";s:1:\"1\";s:6:\"is_pro\";s:1:\"1\";s:12:\"access_level\";i:1;}i:10;a:19:{s:4:\"tmpl\";i:1293;s:2:\"id\";i:22495;s:5:\"title\";s:27:\"Classic | CTA | Music Album\";s:9:\"thumbnail\";s:75:\"https://library.elementor.com/wp-content/uploads/2022/03/music-album-30.jpg\";s:12:\"tmpl_created\";i:1647430056;s:6:\"author\";s:9:\"Elementor\";s:3:\"url\";s:129:\"https://library.elementor.com/popups/classic-cta-music-album/?utm_source=template-library&utm_medium=wp-dash&utm_campaign=preview\";s:4:\"type\";s:5:\"popup\";s:11:\"access_tier\";s:9:\"essential\";s:7:\"subtype\";s:7:\"classic\";s:4:\"tags\";s:34:\"[\"Ba\",\"Landing Pages\",\"Marketing\"]\";s:10:\"menu_order\";i:0;s:16:\"popularity_index\";i:-1;s:11:\"trend_index\";i:-1;s:18:\"editor_layout_type\";s:0:\"\";s:15:\"minimum_version\";s:5:\"0.0.0\";s:17:\"has_page_settings\";s:1:\"1\";s:6:\"is_pro\";s:1:\"1\";s:12:\"access_level\";i:1;}i:11;a:19:{s:4:\"tmpl\";i:1294;s:2:\"id\";i:22501;s:5:\"title\";s:37:\"Fly-In | CTA | Photography Exhibition\";s:9:\"thumbnail\";s:86:\"https://library.elementor.com/wp-content/uploads/2022/03/photography-exhibition-31.jpg\";s:12:\"tmpl_created\";i:1647430512;s:6:\"author\";s:9:\"Elementor\";s:3:\"url\";s:139:\"https://library.elementor.com/popups/fly-in-cta-photography-exhibition/?utm_source=template-library&utm_medium=wp-dash&utm_campaign=preview\";s:4:\"type\";s:5:\"popup\";s:11:\"access_tier\";s:9:\"essential\";s:7:\"subtype\";s:6:\"fly-in\";s:4:\"tags\";s:33:\"[\"cta\",\"Photography\",\"Portfolio\"]\";s:10:\"menu_order\";i:0;s:16:\"popularity_index\";i:-1;s:11:\"trend_index\";i:-1;s:18:\"editor_layout_type\";s:0:\"\";s:15:\"minimum_version\";s:5:\"0.0.0\";s:17:\"has_page_settings\";s:1:\"1\";s:6:\"is_pro\";s:1:\"1\";s:12:\"access_level\";i:1;}i:12;a:19:{s:4:\"tmpl\";i:1295;s:2:\"id\";i:22507;s:5:\"title\";s:34:\"Classic | CTA | Clothing Shop Sale\";s:9:\"thumbnail\";s:82:\"https://library.elementor.com/wp-content/uploads/2022/03/clothing-shop-sale-32.jpg\";s:12:\"tmpl_created\";i:1647430774;s:6:\"author\";s:9:\"Elementor\";s:3:\"url\";s:136:\"https://library.elementor.com/popups/classic-cta-clothing-shop-sale/?utm_source=template-library&utm_medium=wp-dash&utm_campaign=preview\";s:4:\"type\";s:5:\"popup\";s:11:\"access_tier\";s:9:\"essential\";s:7:\"subtype\";s:7:\"classic\";s:4:\"tags\";s:35:\"[\"Ecommerce\",\"Fashion\",\"Marketing\"]\";s:10:\"menu_order\";i:0;s:16:\"popularity_index\";i:-1;s:11:\"trend_index\";i:-1;s:18:\"editor_layout_type\";s:0:\"\";s:15:\"minimum_version\";s:5:\"0.0.0\";s:17:\"has_page_settings\";s:1:\"1\";s:6:\"is_pro\";s:1:\"1\";s:12:\"access_level\";i:1;}i:13;a:19:{s:4:\"tmpl\";i:1296;s:2:\"id\";i:22486;s:5:\"title\";s:30:\"Classic | CTA | Shop Promotion\";s:9:\"thumbnail\";s:78:\"https://library.elementor.com/wp-content/uploads/2022/03/shop-promotion-28.jpg\";s:12:\"tmpl_created\";i:1647430951;s:6:\"author\";s:9:\"Elementor\";s:3:\"url\";s:132:\"https://library.elementor.com/popups/classic-cta-shop-promotion/?utm_source=template-library&utm_medium=wp-dash&utm_campaign=preview\";s:4:\"type\";s:5:\"popup\";s:11:\"access_tier\";s:9:\"essential\";s:7:\"subtype\";s:7:\"classic\";s:4:\"tags\";s:32:\"[\"cta\",\"Magazine\",\"Photography\"]\";s:10:\"menu_order\";i:0;s:16:\"popularity_index\";i:-1;s:11:\"trend_index\";i:-1;s:18:\"editor_layout_type\";s:0:\"\";s:15:\"minimum_version\";s:5:\"0.0.0\";s:17:\"has_page_settings\";s:1:\"1\";s:6:\"is_pro\";s:1:\"1\";s:12:\"access_level\";i:1;}i:14;a:19:{s:4:\"tmpl\";i:1297;s:2:\"id\";i:22516;s:5:\"title\";s:32:\"Fly-In | CTA | Glasses Shop Sale\";s:9:\"thumbnail\";s:81:\"https://library.elementor.com/wp-content/uploads/2022/03/glasses-shop-sale-33.jpg\";s:12:\"tmpl_created\";i:1647431136;s:6:\"author\";s:9:\"Elementor\";s:3:\"url\";s:134:\"https://library.elementor.com/popups/fly-in-cta-glasses-shop-sale/?utm_source=template-library&utm_medium=wp-dash&utm_campaign=preview\";s:4:\"type\";s:5:\"popup\";s:11:\"access_tier\";s:9:\"essential\";s:7:\"subtype\";s:6:\"fly-in\";s:4:\"tags\";s:30:\"[\"Business\",\"cta\",\"Marketing\"]\";s:10:\"menu_order\";i:0;s:16:\"popularity_index\";i:-1;s:11:\"trend_index\";i:-1;s:18:\"editor_layout_type\";s:0:\"\";s:15:\"minimum_version\";s:5:\"0.0.0\";s:17:\"has_page_settings\";s:1:\"1\";s:6:\"is_pro\";s:1:\"1\";s:12:\"access_level\";i:1;}i:15;a:19:{s:4:\"tmpl\";i:1298;s:2:\"id\";i:22522;s:5:\"title\";s:30:\"Fly-In | Discount | Skate Shop\";s:9:\"thumbnail\";s:83:\"https://library.elementor.com/wp-content/uploads/2022/03/50-skate-shop-Discount.jpg\";s:12:\"tmpl_created\";i:1647434058;s:6:\"author\";s:9:\"Elementor\";s:3:\"url\";s:132:\"https://library.elementor.com/popups/fly-in-discount-skate-shop/?utm_source=template-library&utm_medium=wp-dash&utm_campaign=preview\";s:4:\"type\";s:5:\"popup\";s:11:\"access_tier\";s:9:\"essential\";s:7:\"subtype\";s:6:\"fly-in\";s:4:\"tags\";s:32:\"[\"Discount\",\"Ecommerce\",\"Sales\"]\";s:10:\"menu_order\";i:0;s:16:\"popularity_index\";i:-1;s:11:\"trend_index\";i:-1;s:18:\"editor_layout_type\";s:0:\"\";s:15:\"minimum_version\";s:5:\"0.0.0\";s:17:\"has_page_settings\";s:1:\"1\";s:6:\"is_pro\";s:1:\"1\";s:12:\"access_level\";i:1;}i:16;a:19:{s:4:\"tmpl\";i:1299;s:2:\"id\";i:22532;s:5:\"title\";s:43:\"Classic | Subscription | Basketball Academy\";s:9:\"thumbnail\";s:95:\"https://library.elementor.com/wp-content/uploads/2022/03/21-basketball-academy-Subscription.jpg\";s:12:\"tmpl_created\";i:1647434608;s:6:\"author\";s:9:\"Elementor\";s:3:\"url\";s:145:\"https://library.elementor.com/popups/classic-subscription-basketball-academy/?utm_source=template-library&utm_medium=wp-dash&utm_campaign=preview\";s:4:\"type\";s:5:\"popup\";s:11:\"access_tier\";s:9:\"essential\";s:7:\"subtype\";s:7:\"classic\";s:4:\"tags\";s:33:\"[\"Education\",\"Marketing\",\"Sport\"]\";s:10:\"menu_order\";i:0;s:16:\"popularity_index\";i:-1;s:11:\"trend_index\";i:-1;s:18:\"editor_layout_type\";s:0:\"\";s:15:\"minimum_version\";s:5:\"0.0.0\";s:17:\"has_page_settings\";s:1:\"1\";s:6:\"is_pro\";s:1:\"1\";s:12:\"access_level\";i:1;}i:17;a:19:{s:4:\"tmpl\";i:1300;s:2:\"id\";i:22543;s:5:\"title\";s:38:\"Classic | Discount | Veterinary Clinic\";s:9:\"thumbnail\";s:84:\"https://library.elementor.com/wp-content/uploads/2022/03/veterinery-clinic-small.jpg\";s:12:\"tmpl_created\";i:1647435581;s:6:\"author\";s:9:\"Elementor\";s:3:\"url\";s:140:\"https://library.elementor.com/popups/classic-discount-veterinary-clinic/?utm_source=template-library&utm_medium=wp-dash&utm_campaign=preview\";s:4:\"type\";s:5:\"popup\";s:11:\"access_tier\";s:9:\"essential\";s:7:\"subtype\";s:7:\"classic\";s:4:\"tags\";s:19:\"[\"Discount\",\"Pets\"]\";s:10:\"menu_order\";i:0;s:16:\"popularity_index\";i:-1;s:11:\"trend_index\";i:-1;s:18:\"editor_layout_type\";s:0:\"\";s:15:\"minimum_version\";s:5:\"0.0.0\";s:17:\"has_page_settings\";s:1:\"1\";s:6:\"is_pro\";s:1:\"1\";s:12:\"access_level\";i:1;}i:18;a:19:{s:4:\"tmpl\";i:1301;s:2:\"id\";i:22553;s:5:\"title\";s:39:\"Classic | Contact | Business Consulting\";s:9:\"thumbnail\";s:94:\"https://library.elementor.com/wp-content/uploads/2022/03/27-business-consulting-Contact-Us.jpg\";s:12:\"tmpl_created\";i:1647439935;s:6:\"author\";s:9:\"Elementor\";s:3:\"url\";s:141:\"https://library.elementor.com/popups/classic-contact-business-consulting/?utm_source=template-library&utm_medium=wp-dash&utm_campaign=preview\";s:4:\"type\";s:5:\"popup\";s:11:\"access_tier\";s:9:\"essential\";s:7:\"subtype\";s:7:\"classic\";s:4:\"tags\";s:22:\"[\"Business\",\"Contact\"]\";s:10:\"menu_order\";i:0;s:16:\"popularity_index\";i:-1;s:11:\"trend_index\";i:-1;s:18:\"editor_layout_type\";s:0:\"\";s:15:\"minimum_version\";s:5:\"0.0.0\";s:17:\"has_page_settings\";s:1:\"1\";s:6:\"is_pro\";s:1:\"1\";s:12:\"access_level\";i:1;}i:19;a:19:{s:4:\"tmpl\";i:1302;s:2:\"id\";i:22562;s:5:\"title\";s:28:\"Classic | Contact | Handyman\";s:9:\"thumbnail\";s:75:\"https://library.elementor.com/wp-content/uploads/2022/03/handyman-small.jpg\";s:12:\"tmpl_created\";i:1647440333;s:6:\"author\";s:9:\"Elementor\";s:3:\"url\";s:130:\"https://library.elementor.com/popups/classic-contact-handyman/?utm_source=template-library&utm_medium=wp-dash&utm_campaign=preview\";s:4:\"type\";s:5:\"popup\";s:11:\"access_tier\";s:9:\"essential\";s:7:\"subtype\";s:7:\"classic\";s:4:\"tags\";s:33:\"[\"Business\",\"Contact\",\"Services\"]\";s:10:\"menu_order\";i:0;s:16:\"popularity_index\";i:-1;s:11:\"trend_index\";i:-1;s:18:\"editor_layout_type\";s:0:\"\";s:15:\"minimum_version\";s:5:\"0.0.0\";s:17:\"has_page_settings\";s:1:\"1\";s:6:\"is_pro\";s:1:\"1\";s:12:\"access_level\";i:1;}i:20;a:19:{s:4:\"tmpl\";i:1303;s:2:\"id\";i:22573;s:5:\"title\";s:40:\"Classic | Discount | Online Fashion Shop\";s:9:\"thumbnail\";s:92:\"https://library.elementor.com/wp-content/uploads/2022/03/31-online-fashion-shop-Discount.jpg\";s:12:\"tmpl_created\";i:1647462549;s:6:\"author\";s:9:\"Elementor\";s:3:\"url\";s:142:\"https://library.elementor.com/popups/classic-discount-online-fashion-shop/?utm_source=template-library&utm_medium=wp-dash&utm_campaign=preview\";s:4:\"type\";s:5:\"popup\";s:11:\"access_tier\";s:9:\"essential\";s:7:\"subtype\";s:7:\"classic\";s:4:\"tags\";s:32:\"[\"Discount\",\"Ecommerce\",\"Sales\"]\";s:10:\"menu_order\";i:0;s:16:\"popularity_index\";i:-1;s:11:\"trend_index\";i:-1;s:18:\"editor_layout_type\";s:0:\"\";s:15:\"minimum_version\";s:5:\"0.0.0\";s:17:\"has_page_settings\";s:1:\"1\";s:6:\"is_pro\";s:1:\"1\";s:12:\"access_level\";i:1;}i:21;a:19:{s:4:\"tmpl\";i:1304;s:2:\"id\";i:22583;s:5:\"title\";s:36:\"Fly-In | Discount | Personal Trainer\";s:9:\"thumbnail\";s:83:\"https://library.elementor.com/wp-content/uploads/2022/03/personal-trainer-small.jpg\";s:12:\"tmpl_created\";i:1647503781;s:6:\"author\";s:9:\"Elementor\";s:3:\"url\";s:138:\"https://library.elementor.com/popups/fly-in-discount-personal-trainer/?utm_source=template-library&utm_medium=wp-dash&utm_campaign=preview\";s:4:\"type\";s:5:\"popup\";s:11:\"access_tier\";s:9:\"essential\";s:7:\"subtype\";s:6:\"fly-in\";s:4:\"tags\";s:31:\"[\"Discount\",\"Sport\",\"Training\"]\";s:10:\"menu_order\";i:0;s:16:\"popularity_index\";i:-1;s:11:\"trend_index\";i:-1;s:18:\"editor_layout_type\";s:0:\"\";s:15:\"minimum_version\";s:5:\"0.0.0\";s:17:\"has_page_settings\";s:1:\"1\";s:6:\"is_pro\";s:1:\"1\";s:12:\"access_level\";i:1;}i:22;a:19:{s:4:\"tmpl\";i:1305;s:2:\"id\";i:22592;s:5:\"title\";s:41:\"Classic | Contact | Illustrator Portfolio\";s:9:\"thumbnail\";s:88:\"https://library.elementor.com/wp-content/uploads/2022/03/illustrator-protfolio-small.jpg\";s:12:\"tmpl_created\";i:1647504218;s:6:\"author\";s:9:\"Elementor\";s:3:\"url\";s:143:\"https://library.elementor.com/popups/classic-contact-illustrator-portfolio/?utm_source=template-library&utm_medium=wp-dash&utm_campaign=preview\";s:4:\"type\";s:5:\"popup\";s:11:\"access_tier\";s:9:\"essential\";s:7:\"subtype\";s:7:\"classic\";s:4:\"tags\";s:49:\"[\"Contact\",\"Creative Portfolio\",\"Digital Agency\"]\";s:10:\"menu_order\";i:0;s:16:\"popularity_index\";i:-1;s:11:\"trend_index\";i:-1;s:18:\"editor_layout_type\";s:0:\"\";s:15:\"minimum_version\";s:5:\"0.0.0\";s:17:\"has_page_settings\";s:1:\"1\";s:6:\"is_pro\";s:1:\"1\";s:12:\"access_level\";i:1;}i:23;a:19:{s:4:\"tmpl\";i:1306;s:2:\"id\";i:22602;s:5:\"title\";s:46:\"Bottom Bar | Discount | Handmade Ceramics Shop\";s:9:\"thumbnail\";s:91:\"https://library.elementor.com/wp-content/uploads/2022/03/handmade-ceramic-shop-36-small.jpg\";s:12:\"tmpl_created\";i:1647507007;s:6:\"author\";s:9:\"Elementor\";s:3:\"url\";s:148:\"https://library.elementor.com/popups/bottom-bar-discount-handmade-ceramics-shop/?utm_source=template-library&utm_medium=wp-dash&utm_campaign=preview\";s:4:\"type\";s:5:\"popup\";s:11:\"access_tier\";s:9:\"essential\";s:7:\"subtype\";s:10:\"bottom bar\";s:4:\"tags\";s:48:\"[\"Business\",\"cta\",\"Ecommerce\",\"Interior Design\"]\";s:10:\"menu_order\";i:0;s:16:\"popularity_index\";i:-1;s:11:\"trend_index\";i:-1;s:18:\"editor_layout_type\";s:0:\"\";s:15:\"minimum_version\";s:5:\"0.0.0\";s:17:\"has_page_settings\";s:1:\"1\";s:6:\"is_pro\";s:1:\"1\";s:12:\"access_level\";i:1;}i:24;a:19:{s:4:\"tmpl\";i:1307;s:2:\"id\";i:22612;s:5:\"title\";s:51:\"Classic | Contact | Classic Car Restoration Company\";s:9:\"thumbnail\";s:90:\"https://library.elementor.com/wp-content/uploads/2022/03/restoration-car-shop-37-small.jpg\";s:12:\"tmpl_created\";i:1647507310;s:6:\"author\";s:9:\"Elementor\";s:3:\"url\";s:153:\"https://library.elementor.com/popups/classic-contact-classic-car-restoration-company/?utm_source=template-library&utm_medium=wp-dash&utm_campaign=preview\";s:4:\"type\";s:5:\"popup\";s:11:\"access_tier\";s:9:\"essential\";s:7:\"subtype\";s:7:\"classic\";s:4:\"tags\";s:32:\"[\"Booking\",\"Contact\",\"Services\"]\";s:10:\"menu_order\";i:0;s:16:\"popularity_index\";i:-1;s:11:\"trend_index\";i:-1;s:18:\"editor_layout_type\";s:0:\"\";s:15:\"minimum_version\";s:5:\"0.0.0\";s:17:\"has_page_settings\";s:1:\"1\";s:6:\"is_pro\";s:1:\"1\";s:12:\"access_level\";i:1;}i:25;a:19:{s:4:\"tmpl\";i:1308;s:2:\"id\";i:22621;s:5:\"title\";s:30:\"Classic | Booking | Life Coach\";s:9:\"thumbnail\";s:82:\"https://library.elementor.com/wp-content/uploads/2022/03/38-life-coach-Booking.jpg\";s:12:\"tmpl_created\";i:1647508596;s:6:\"author\";s:9:\"Elementor\";s:3:\"url\";s:132:\"https://library.elementor.com/popups/classic-booking-life-coach/?utm_source=template-library&utm_medium=wp-dash&utm_campaign=preview\";s:4:\"type\";s:5:\"popup\";s:11:\"access_tier\";s:9:\"essential\";s:7:\"subtype\";s:7:\"classic\";s:4:\"tags\";s:33:\"[\"Booking\",\"Business\",\"Services\"]\";s:10:\"menu_order\";i:0;s:16:\"popularity_index\";i:-1;s:11:\"trend_index\";i:-1;s:18:\"editor_layout_type\";s:0:\"\";s:15:\"minimum_version\";s:5:\"0.0.0\";s:17:\"has_page_settings\";s:1:\"1\";s:6:\"is_pro\";s:1:\"1\";s:12:\"access_level\";i:1;}i:26;a:19:{s:4:\"tmpl\";i:1309;s:2:\"id\";i:22632;s:5:\"title\";s:42:\"Classic |  Subscription | Merchandise Shop\";s:9:\"thumbnail\";s:86:\"https://library.elementor.com/wp-content/uploads/2022/03/Merchandise-Shop-39-small.jpg\";s:12:\"tmpl_created\";i:1647509196;s:6:\"author\";s:9:\"Elementor\";s:3:\"url\";s:143:\"https://library.elementor.com/popups/classic-subscription-merchandise-shop/?utm_source=template-library&utm_medium=wp-dash&utm_campaign=preview\";s:4:\"type\";s:5:\"popup\";s:11:\"access_tier\";s:9:\"essential\";s:7:\"subtype\";s:7:\"classic\";s:4:\"tags\";s:32:\"[\"Ecommerce\",\"Marketing\",\"Shop\"]\";s:10:\"menu_order\";i:0;s:16:\"popularity_index\";i:-1;s:11:\"trend_index\";i:-1;s:18:\"editor_layout_type\";s:0:\"\";s:15:\"minimum_version\";s:5:\"0.0.0\";s:17:\"has_page_settings\";s:1:\"1\";s:6:\"is_pro\";s:1:\"1\";s:12:\"access_level\";i:1;}i:27;a:19:{s:4:\"tmpl\";i:1310;s:2:\"id\";i:22643;s:5:\"title\";s:48:\"Fly-In | Contact | Non-Governmental Organization\";s:9:\"thumbnail\";s:73:\"https://library.elementor.com/wp-content/uploads/2022/03/NGO-41-small.jpg\";s:12:\"tmpl_created\";i:1647509528;s:6:\"author\";s:9:\"Elementor\";s:3:\"url\";s:150:\"https://library.elementor.com/popups/fly-in-contact-non-governmental-organization/?utm_source=template-library&utm_medium=wp-dash&utm_campaign=preview\";s:4:\"type\";s:5:\"popup\";s:11:\"access_tier\";s:9:\"essential\";s:7:\"subtype\";s:6:\"fly-in\";s:4:\"tags\";s:11:\"[\"Contact\"]\";s:10:\"menu_order\";i:0;s:16:\"popularity_index\";i:-1;s:11:\"trend_index\";i:-1;s:18:\"editor_layout_type\";s:0:\"\";s:15:\"minimum_version\";s:5:\"0.0.0\";s:17:\"has_page_settings\";s:1:\"1\";s:6:\"is_pro\";s:1:\"1\";s:12:\"access_level\";i:1;}i:28;a:19:{s:4:\"tmpl\";i:1311;s:2:\"id\";i:22654;s:5:\"title\";s:35:\"Hello Bar | Contact | Family Doctor\";s:9:\"thumbnail\";s:83:\"https://library.elementor.com/wp-content/uploads/2022/03/family-doctor-44-small.jpg\";s:12:\"tmpl_created\";i:1647509732;s:6:\"author\";s:9:\"Elementor\";s:3:\"url\";s:137:\"https://library.elementor.com/popups/hello-bar-contact-family-doctor/?utm_source=template-library&utm_medium=wp-dash&utm_campaign=preview\";s:4:\"type\";s:5:\"popup\";s:11:\"access_tier\";s:9:\"essential\";s:7:\"subtype\";s:9:\"hello bar\";s:4:\"tags\";s:31:\"[\"Contact\",\"Health\",\"Services\"]\";s:10:\"menu_order\";i:0;s:16:\"popularity_index\";i:-1;s:11:\"trend_index\";i:-1;s:18:\"editor_layout_type\";s:0:\"\";s:15:\"minimum_version\";s:5:\"0.0.0\";s:17:\"has_page_settings\";s:1:\"1\";s:6:\"is_pro\";s:1:\"1\";s:12:\"access_level\";i:1;}i:29;a:19:{s:4:\"tmpl\";i:1312;s:2:\"id\";i:22663;s:5:\"title\";s:36:\"Classic | Subscription | Sports Blog\";s:9:\"thumbnail\";s:87:\"https://library.elementor.com/wp-content/uploads/2022/03/45-sport-blog-Subscription.jpg\";s:12:\"tmpl_created\";i:1647509908;s:6:\"author\";s:9:\"Elementor\";s:3:\"url\";s:138:\"https://library.elementor.com/popups/classic-subscription-sports-blog/?utm_source=template-library&utm_medium=wp-dash&utm_campaign=preview\";s:4:\"type\";s:5:\"popup\";s:11:\"access_tier\";s:9:\"essential\";s:7:\"subtype\";s:7:\"classic\";s:4:\"tags\";s:16:\"[\"Blog\",\"Sport\"]\";s:10:\"menu_order\";i:0;s:16:\"popularity_index\";i:-1;s:11:\"trend_index\";i:-1;s:18:\"editor_layout_type\";s:0:\"\";s:15:\"minimum_version\";s:5:\"0.0.0\";s:17:\"has_page_settings\";s:1:\"1\";s:6:\"is_pro\";s:1:\"1\";s:12:\"access_level\";i:1;}i:30;a:19:{s:4:\"tmpl\";i:1313;s:2:\"id\";i:22673;s:5:\"title\";s:30:\"Hello Bar | Booking | Event DJ\";s:9:\"thumbnail\";s:80:\"https://library.elementor.com/wp-content/uploads/2022/03/DJ-service-46-small.jpg\";s:12:\"tmpl_created\";i:1647510160;s:6:\"author\";s:9:\"Elementor\";s:3:\"url\";s:132:\"https://library.elementor.com/popups/hello-bar-booking-event-dj/?utm_source=template-library&utm_medium=wp-dash&utm_campaign=preview\";s:4:\"type\";s:5:\"popup\";s:11:\"access_tier\";s:9:\"essential\";s:7:\"subtype\";s:9:\"hello bar\";s:4:\"tags\";s:31:\"[\"Booking\",\"Events\",\"Services\"]\";s:10:\"menu_order\";i:0;s:16:\"popularity_index\";i:-1;s:11:\"trend_index\";i:-1;s:18:\"editor_layout_type\";s:0:\"\";s:15:\"minimum_version\";s:5:\"0.0.0\";s:17:\"has_page_settings\";s:1:\"1\";s:6:\"is_pro\";s:1:\"1\";s:12:\"access_level\";i:1;}i:31;a:19:{s:4:\"tmpl\";i:1314;s:2:\"id\";i:22684;s:5:\"title\";s:36:\"Fly-In | Discount | Cleaning Company\";s:9:\"thumbnail\";s:89:\"https://library.elementor.com/wp-content/uploads/2022/03/51-cleaning-company-Discount.jpg\";s:12:\"tmpl_created\";i:1647510546;s:6:\"author\";s:9:\"Elementor\";s:3:\"url\";s:138:\"https://library.elementor.com/popups/fly-in-discount-cleaning-company/?utm_source=template-library&utm_medium=wp-dash&utm_campaign=preview\";s:4:\"type\";s:5:\"popup\";s:11:\"access_tier\";s:9:\"essential\";s:7:\"subtype\";s:6:\"fly-in\";s:4:\"tags\";s:31:\"[\"Discount\",\"Offer\",\"Services\"]\";s:10:\"menu_order\";i:0;s:16:\"popularity_index\";i:-1;s:11:\"trend_index\";i:-1;s:18:\"editor_layout_type\";s:0:\"\";s:15:\"minimum_version\";s:5:\"0.0.0\";s:17:\"has_page_settings\";s:1:\"1\";s:6:\"is_pro\";s:1:\"1\";s:12:\"access_level\";i:1;}i:32;a:19:{s:4:\"tmpl\";i:1315;s:2:\"id\";i:22693;s:5:\"title\";s:28:\"Fly-In | Contact | Carpenter\";s:9:\"thumbnail\";s:79:\"https://library.elementor.com/wp-content/uploads/2022/03/carpenter-53-small.jpg\";s:12:\"tmpl_created\";i:1647511972;s:6:\"author\";s:9:\"Elementor\";s:3:\"url\";s:130:\"https://library.elementor.com/popups/fly-in-contact-carpenter/?utm_source=template-library&utm_medium=wp-dash&utm_campaign=preview\";s:4:\"type\";s:5:\"popup\";s:11:\"access_tier\";s:9:\"essential\";s:7:\"subtype\";s:6:\"fly-in\";s:4:\"tags\";s:22:\"[\"Contact\",\"Services\"]\";s:10:\"menu_order\";i:0;s:16:\"popularity_index\";i:-1;s:11:\"trend_index\";i:-1;s:18:\"editor_layout_type\";s:0:\"\";s:15:\"minimum_version\";s:5:\"0.0.0\";s:17:\"has_page_settings\";s:1:\"1\";s:6:\"is_pro\";s:1:\"1\";s:12:\"access_level\";i:1;}i:33;a:19:{s:4:\"tmpl\";i:1316;s:2:\"id\";i:22703;s:5:\"title\";s:31:\"Classic | Booking | Yoga Studio\";s:9:\"thumbnail\";s:86:\"https://library.elementor.com/wp-content/uploads/2022/03/55-yoga-studio-Contact-Us.jpg\";s:12:\"tmpl_created\";i:1647512209;s:6:\"author\";s:9:\"Elementor\";s:3:\"url\";s:133:\"https://library.elementor.com/popups/classic-booking-yoga-studio/?utm_source=template-library&utm_medium=wp-dash&utm_campaign=preview\";s:4:\"type\";s:5:\"popup\";s:11:\"access_tier\";s:9:\"essential\";s:7:\"subtype\";s:7:\"classic\";s:4:\"tags\";s:30:\"[\"Booking\",\"Contact\",\"Health\"]\";s:10:\"menu_order\";i:0;s:16:\"popularity_index\";i:-1;s:11:\"trend_index\";i:-1;s:18:\"editor_layout_type\";s:0:\"\";s:15:\"minimum_version\";s:5:\"0.0.0\";s:17:\"has_page_settings\";s:1:\"1\";s:6:\"is_pro\";s:1:\"1\";s:12:\"access_level\";i:1;}i:34;a:19:{s:4:\"tmpl\";i:1317;s:2:\"id\";i:22714;s:5:\"title\";s:37:\"Classic | Discount | Pet Care Company\";s:9:\"thumbnail\";s:81:\"https://library.elementor.com/wp-content/uploads/2022/03/56-Pet-Care-Discount.jpg\";s:12:\"tmpl_created\";i:1647513031;s:6:\"author\";s:9:\"Elementor\";s:3:\"url\";s:139:\"https://library.elementor.com/popups/classic-discount-pet-care-company/?utm_source=template-library&utm_medium=wp-dash&utm_campaign=preview\";s:4:\"type\";s:5:\"popup\";s:11:\"access_tier\";s:9:\"essential\";s:7:\"subtype\";s:7:\"classic\";s:4:\"tags\";s:17:\"[\"Offer\",\"Sales\"]\";s:10:\"menu_order\";i:0;s:16:\"popularity_index\";i:-1;s:11:\"trend_index\";i:-1;s:18:\"editor_layout_type\";s:0:\"\";s:15:\"minimum_version\";s:5:\"0.0.0\";s:17:\"has_page_settings\";s:1:\"1\";s:6:\"is_pro\";s:1:\"1\";s:12:\"access_level\";i:1;}i:35;a:19:{s:4:\"tmpl\";i:1318;s:2:\"id\";i:22725;s:5:\"title\";s:38:\"Fly-In | Discount | Online Coffee Shop\";s:9:\"thumbnail\";s:88:\"https://library.elementor.com/wp-content/uploads/2022/03/online-coffee-shop-57-small.jpg\";s:12:\"tmpl_created\";i:1647513325;s:6:\"author\";s:9:\"Elementor\";s:3:\"url\";s:140:\"https://library.elementor.com/popups/fly-in-discount-online-coffee-shop/?utm_source=template-library&utm_medium=wp-dash&utm_campaign=preview\";s:4:\"type\";s:5:\"popup\";s:11:\"access_tier\";s:9:\"essential\";s:7:\"subtype\";s:6:\"fly-in\";s:4:\"tags\";s:29:\"[\"Food\",\"Offer\",\"Restaurant\"]\";s:10:\"menu_order\";i:0;s:16:\"popularity_index\";i:-1;s:11:\"trend_index\";i:-1;s:18:\"editor_layout_type\";s:0:\"\";s:15:\"minimum_version\";s:5:\"0.0.0\";s:17:\"has_page_settings\";s:1:\"1\";s:6:\"is_pro\";s:1:\"1\";s:12:\"access_level\";i:1;}i:36;a:19:{s:4:\"tmpl\";i:1319;s:2:\"id\";i:22737;s:5:\"title\";s:44:\"Fly-In | CTA | Moving &#038; Storage Company\";s:9:\"thumbnail\";s:84:\"https://library.elementor.com/wp-content/uploads/2022/03/moving-company-59-small.jpg\";s:12:\"tmpl_created\";i:1647520956;s:6:\"author\";s:9:\"Elementor\";s:3:\"url\";s:139:\"https://library.elementor.com/popups/fly-in-cta-moving-storage-company/?utm_source=template-library&utm_medium=wp-dash&utm_campaign=preview\";s:4:\"type\";s:5:\"popup\";s:11:\"access_tier\";s:9:\"essential\";s:7:\"subtype\";s:6:\"fly-in\";s:4:\"tags\";s:12:\"[\"Services\"]\";s:10:\"menu_order\";i:0;s:16:\"popularity_index\";i:-1;s:11:\"trend_index\";i:-1;s:18:\"editor_layout_type\";s:0:\"\";s:15:\"minimum_version\";s:5:\"0.0.0\";s:17:\"has_page_settings\";s:1:\"1\";s:6:\"is_pro\";s:1:\"1\";s:12:\"access_level\";i:1;}i:37;a:19:{s:4:\"tmpl\";i:1320;s:2:\"id\";i:22749;s:5:\"title\";s:47:\"Classic | Contact | Industrial Design Portfolio\";s:9:\"thumbnail\";s:92:\"https://library.elementor.com/wp-content/uploads/2022/03/60-industrial-design-Contact-Us.jpg\";s:12:\"tmpl_created\";i:1647528116;s:6:\"author\";s:9:\"Elementor\";s:3:\"url\";s:149:\"https://library.elementor.com/popups/classic-contact-industrial-design-portfolio/?utm_source=template-library&utm_medium=wp-dash&utm_campaign=preview\";s:4:\"type\";s:5:\"popup\";s:11:\"access_tier\";s:9:\"essential\";s:7:\"subtype\";s:7:\"classic\";s:4:\"tags\";s:40:\"[\"Contact\",\"Interior Design\",\"Services\"]\";s:10:\"menu_order\";i:0;s:16:\"popularity_index\";i:-1;s:11:\"trend_index\";i:-1;s:18:\"editor_layout_type\";s:0:\"\";s:15:\"minimum_version\";s:5:\"0.0.0\";s:17:\"has_page_settings\";s:1:\"1\";s:6:\"is_pro\";s:1:\"1\";s:12:\"access_level\";i:1;}i:38;a:19:{s:4:\"tmpl\";i:1321;s:2:\"id\";i:22759;s:5:\"title\";s:25:\"Classic | Contact | Drone\";s:9:\"thumbnail\";s:75:\"https://library.elementor.com/wp-content/uploads/2022/03/drone-61-small.jpg\";s:12:\"tmpl_created\";i:1647528899;s:6:\"author\";s:9:\"Elementor\";s:3:\"url\";s:127:\"https://library.elementor.com/popups/classic-contact-drone/?utm_source=template-library&utm_medium=wp-dash&utm_campaign=preview\";s:4:\"type\";s:5:\"popup\";s:11:\"access_tier\";s:9:\"essential\";s:7:\"subtype\";s:7:\"classic\";s:4:\"tags\";s:22:\"[\"Contact\",\"Services\"]\";s:10:\"menu_order\";i:0;s:16:\"popularity_index\";i:-1;s:11:\"trend_index\";i:-1;s:18:\"editor_layout_type\";s:0:\"\";s:15:\"minimum_version\";s:5:\"0.0.0\";s:17:\"has_page_settings\";s:1:\"1\";s:6:\"is_pro\";s:1:\"1\";s:12:\"access_level\";i:1;}i:39;a:19:{s:4:\"tmpl\";i:1322;s:2:\"id\";i:22768;s:5:\"title\";s:46:\"Full Screen | Menu | Fashion Stylist Portfolio\";s:9:\"thumbnail\";s:84:\"https://library.elementor.com/wp-content/uploads/2022/03/62-Fashion-Stylist-Menu.jpg\";s:12:\"tmpl_created\";i:1647529434;s:6:\"author\";s:9:\"Elementor\";s:3:\"url\";s:148:\"https://library.elementor.com/popups/full-screen-menu-fashion-stylist-portfolio/?utm_source=template-library&utm_medium=wp-dash&utm_campaign=preview\";s:4:\"type\";s:5:\"popup\";s:11:\"access_tier\";s:9:\"essential\";s:7:\"subtype\";s:11:\"full screen\";s:4:\"tags\";s:31:\"[\"Fashion\",\"Fullscreen\",\"menu\"]\";s:10:\"menu_order\";i:0;s:16:\"popularity_index\";i:-1;s:11:\"trend_index\";i:-1;s:18:\"editor_layout_type\";s:0:\"\";s:15:\"minimum_version\";s:5:\"0.0.0\";s:17:\"has_page_settings\";s:1:\"1\";s:6:\"is_pro\";s:1:\"1\";s:12:\"access_level\";i:1;}i:40;a:19:{s:4:\"tmpl\";i:1323;s:2:\"id\";i:22780;s:5:\"title\";s:31:\"Fly-In | CTA | Landscape Design\";s:9:\"thumbnail\";s:94:\"https://library.elementor.com/wp-content/uploads/2022/03/64-Landscape-Design-Click-Through.jpg\";s:12:\"tmpl_created\";i:1647530337;s:6:\"author\";s:9:\"Elementor\";s:3:\"url\";s:133:\"https://library.elementor.com/popups/fly-in-cta-landscape-design/?utm_source=template-library&utm_medium=wp-dash&utm_campaign=preview\";s:4:\"type\";s:5:\"popup\";s:11:\"access_tier\";s:9:\"essential\";s:7:\"subtype\";s:6:\"fly-in\";s:4:\"tags\";s:18:\"[\"cta\",\"Services\"]\";s:10:\"menu_order\";i:0;s:16:\"popularity_index\";i:-1;s:11:\"trend_index\";i:-1;s:18:\"editor_layout_type\";s:0:\"\";s:15:\"minimum_version\";s:5:\"0.0.0\";s:17:\"has_page_settings\";s:1:\"1\";s:6:\"is_pro\";s:1:\"1\";s:12:\"access_level\";i:1;}i:41;a:19:{s:4:\"tmpl\";i:1324;s:2:\"id\";i:22790;s:5:\"title\";s:48:\"Bottom Bar  | Contact | Architecture Photography\";s:9:\"thumbnail\";s:94:\"https://library.elementor.com/wp-content/uploads/2022/03/architecture-photography-65-small.jpg\";s:12:\"tmpl_created\";i:1647532358;s:6:\"author\";s:9:\"Elementor\";s:3:\"url\";s:149:\"https://library.elementor.com/popups/bottom-bar-contact-architecture-photography/?utm_source=template-library&utm_medium=wp-dash&utm_campaign=preview\";s:4:\"type\";s:5:\"popup\";s:11:\"access_tier\";s:17:\"essential-oct2023\";s:7:\"subtype\";s:10:\"bottom bar\";s:4:\"tags\";s:26:\"[\"Architecture\",\"Contact\"]\";s:10:\"menu_order\";i:0;s:16:\"popularity_index\";i:-1;s:11:\"trend_index\";i:-1;s:18:\"editor_layout_type\";s:0:\"\";s:15:\"minimum_version\";s:5:\"0.0.0\";s:17:\"has_page_settings\";s:1:\"1\";s:6:\"is_pro\";s:1:\"1\";s:12:\"access_level\";i:1;}i:42;a:19:{s:4:\"tmpl\";i:1325;s:2:\"id\";i:22800;s:5:\"title\";s:41:\"Fly-In  | CTA | Speech-Language Therapist\";s:9:\"thumbnail\";s:103:\"https://library.elementor.com/wp-content/uploads/2022/03/66-Speech-Language-Therapist-Click-Through.jpg\";s:12:\"tmpl_created\";i:1647532720;s:6:\"author\";s:9:\"Elementor\";s:3:\"url\";s:142:\"https://library.elementor.com/popups/fly-in-cta-speech-language-therapist/?utm_source=template-library&utm_medium=wp-dash&utm_campaign=preview\";s:4:\"type\";s:5:\"popup\";s:11:\"access_tier\";s:9:\"essential\";s:7:\"subtype\";s:6:\"fly-in\";s:4:\"tags\";s:25:\"[\"cta\",\"Psychotherapist\"]\";s:10:\"menu_order\";i:0;s:16:\"popularity_index\";i:-1;s:11:\"trend_index\";i:-1;s:18:\"editor_layout_type\";s:0:\"\";s:15:\"minimum_version\";s:5:\"0.0.0\";s:17:\"has_page_settings\";s:1:\"1\";s:6:\"is_pro\";s:1:\"1\";s:12:\"access_level\";i:1;}i:43;a:19:{s:4:\"tmpl\";i:1326;s:2:\"id\";i:22812;s:5:\"title\";s:35:\"Full Screen | Verification | Winery\";s:9:\"thumbnail\";s:83:\"https://library.elementor.com/wp-content/uploads/2022/03/67-Winery-Verification.jpg\";s:12:\"tmpl_created\";i:1647761384;s:6:\"author\";s:9:\"Elementor\";s:3:\"url\";s:137:\"https://library.elementor.com/popups/full-screen-verification-winery/?utm_source=template-library&utm_medium=wp-dash&utm_campaign=preview\";s:4:\"type\";s:5:\"popup\";s:11:\"access_tier\";s:9:\"essential\";s:7:\"subtype\";s:11:\"full screen\";s:4:\"tags\";s:24:\"[\"Alert\",\"Verification\"]\";s:10:\"menu_order\";i:0;s:16:\"popularity_index\";i:-1;s:11:\"trend_index\";i:-1;s:18:\"editor_layout_type\";s:0:\"\";s:15:\"minimum_version\";s:5:\"0.0.0\";s:17:\"has_page_settings\";s:1:\"1\";s:6:\"is_pro\";s:1:\"1\";s:12:\"access_level\";i:1;}i:44;a:19:{s:4:\"tmpl\";i:1327;s:2:\"id\";i:22822;s:5:\"title\";s:36:\"Fly-In | Subscription | Nutritionist\";s:9:\"thumbnail\";s:82:\"https://library.elementor.com/wp-content/uploads/2022/03/nutritionist-69-small.jpg\";s:12:\"tmpl_created\";i:1647762620;s:6:\"author\";s:9:\"Elementor\";s:3:\"url\";s:138:\"https://library.elementor.com/popups/fly-in-subscription-nutritionist/?utm_source=template-library&utm_medium=wp-dash&utm_campaign=preview\";s:4:\"type\";s:5:\"popup\";s:11:\"access_tier\";s:9:\"essential\";s:7:\"subtype\";s:6:\"fly-in\";s:4:\"tags\";s:28:\"[\"Food\",\"Health\",\"Services\"]\";s:10:\"menu_order\";i:0;s:16:\"popularity_index\";i:-1;s:11:\"trend_index\";i:-1;s:18:\"editor_layout_type\";s:0:\"\";s:15:\"minimum_version\";s:5:\"0.0.0\";s:17:\"has_page_settings\";s:1:\"1\";s:6:\"is_pro\";s:1:\"1\";s:12:\"access_level\";i:1;}i:45;a:19:{s:4:\"tmpl\";i:1328;s:2:\"id\";i:22833;s:5:\"title\";s:40:\"Classic | Subscription | App &#038; SaaS\";s:9:\"thumbnail\";s:73:\"https://library.elementor.com/wp-content/uploads/2022/03/app-70-small.jpg\";s:12:\"tmpl_created\";i:1647762955;s:6:\"author\";s:9:\"Elementor\";s:3:\"url\";s:135:\"https://library.elementor.com/popups/classic-subscription-app-saas/?utm_source=template-library&utm_medium=wp-dash&utm_campaign=preview\";s:4:\"type\";s:5:\"popup\";s:11:\"access_tier\";s:9:\"essential\";s:7:\"subtype\";s:7:\"classic\";s:4:\"tags\";s:14:\"[\"App\",\"SaaS\"]\";s:10:\"menu_order\";i:0;s:16:\"popularity_index\";i:-1;s:11:\"trend_index\";i:-1;s:18:\"editor_layout_type\";s:0:\"\";s:15:\"minimum_version\";s:5:\"0.0.0\";s:17:\"has_page_settings\";s:1:\"1\";s:6:\"is_pro\";s:1:\"1\";s:12:\"access_level\";i:1;}i:46;a:19:{s:4:\"tmpl\";i:1329;s:2:\"id\";i:22844;s:5:\"title\";s:41:\"Bottom Bar | Discount | Handmade Cupcakes\";s:9:\"thumbnail\";s:90:\"https://library.elementor.com/wp-content/uploads/2022/03/72-Handmade-Cupcakes-Discount.jpg\";s:12:\"tmpl_created\";i:1647763350;s:6:\"author\";s:9:\"Elementor\";s:3:\"url\";s:143:\"https://library.elementor.com/popups/bottom-bar-discount-handmade-cupcakes/?utm_source=template-library&utm_medium=wp-dash&utm_campaign=preview\";s:4:\"type\";s:5:\"popup\";s:11:\"access_tier\";s:9:\"essential\";s:7:\"subtype\";s:10:\"bottom bar\";s:4:\"tags\";s:21:\"[\"Food\",\"Restaurant\"]\";s:10:\"menu_order\";i:0;s:16:\"popularity_index\";i:-1;s:11:\"trend_index\";i:-1;s:18:\"editor_layout_type\";s:0:\"\";s:15:\"minimum_version\";s:5:\"0.0.0\";s:17:\"has_page_settings\";s:1:\"1\";s:6:\"is_pro\";s:1:\"1\";s:12:\"access_level\";i:1;}i:47;a:19:{s:4:\"tmpl\";i:1330;s:2:\"id\";i:22855;s:5:\"title\";s:40:\"Bottom Bar | Subscription | Fashion Blog\";s:9:\"thumbnail\";s:82:\"https://library.elementor.com/wp-content/uploads/2022/03/fashion-blog-75-small.jpg\";s:12:\"tmpl_created\";i:1647763907;s:6:\"author\";s:9:\"Elementor\";s:3:\"url\";s:142:\"https://library.elementor.com/popups/bottom-bar-subscription-fashion-blog/?utm_source=template-library&utm_medium=wp-dash&utm_campaign=preview\";s:4:\"type\";s:5:\"popup\";s:11:\"access_tier\";s:9:\"essential\";s:7:\"subtype\";s:10:\"bottom bar\";s:4:\"tags\";s:30:\"[\"Blog\",\"Fashion\",\"Subscribe\"]\";s:10:\"menu_order\";i:0;s:16:\"popularity_index\";i:-1;s:11:\"trend_index\";i:-1;s:18:\"editor_layout_type\";s:0:\"\";s:15:\"minimum_version\";s:5:\"0.0.0\";s:17:\"has_page_settings\";s:1:\"1\";s:6:\"is_pro\";s:1:\"1\";s:12:\"access_level\";i:1;}i:48;a:19:{s:4:\"tmpl\";i:1331;s:2:\"id\";i:22866;s:5:\"title\";s:28:\"Fly-In | CTA | Private Tutor\";s:9:\"thumbnail\";s:83:\"https://library.elementor.com/wp-content/uploads/2022/03/private-tutor-77-small.jpg\";s:12:\"tmpl_created\";i:1647764062;s:6:\"author\";s:9:\"Elementor\";s:3:\"url\";s:130:\"https://library.elementor.com/popups/fly-in-cta-private-tutor/?utm_source=template-library&utm_medium=wp-dash&utm_campaign=preview\";s:4:\"type\";s:5:\"popup\";s:11:\"access_tier\";s:9:\"essential\";s:7:\"subtype\";s:6:\"fly-in\";s:4:\"tags\";s:7:\"[\"cta\"]\";s:10:\"menu_order\";i:0;s:16:\"popularity_index\";i:-1;s:11:\"trend_index\";i:-1;s:18:\"editor_layout_type\";s:0:\"\";s:15:\"minimum_version\";s:5:\"0.0.0\";s:17:\"has_page_settings\";s:1:\"1\";s:6:\"is_pro\";s:1:\"1\";s:12:\"access_level\";i:1;}i:49;a:19:{s:4:\"tmpl\";i:1332;s:2:\"id\";i:22876;s:5:\"title\";s:30:\"Classic | CTA | Tennis Academy\";s:9:\"thumbnail\";s:92:\"https://library.elementor.com/wp-content/uploads/2022/03/78-Tennis-Academy-Click-Through.jpg\";s:12:\"tmpl_created\";i:1647765192;s:6:\"author\";s:9:\"Elementor\";s:3:\"url\";s:132:\"https://library.elementor.com/popups/classic-cta-tennis-academy/?utm_source=template-library&utm_medium=wp-dash&utm_campaign=preview\";s:4:\"type\";s:5:\"popup\";s:11:\"access_tier\";s:9:\"essential\";s:7:\"subtype\";s:7:\"classic\";s:4:\"tags\";s:7:\"[\"cta\"]\";s:10:\"menu_order\";i:0;s:16:\"popularity_index\";i:-1;s:11:\"trend_index\";i:-1;s:18:\"editor_layout_type\";s:0:\"\";s:15:\"minimum_version\";s:5:\"0.0.0\";s:17:\"has_page_settings\";s:1:\"1\";s:6:\"is_pro\";s:1:\"1\";s:12:\"access_level\";i:1;}i:50;a:19:{s:4:\"tmpl\";i:1333;s:2:\"id\";i:22887;s:5:\"title\";s:31:\"Fly-In | CTA | Shared Workspace\";s:9:\"thumbnail\";s:86:\"https://library.elementor.com/wp-content/uploads/2022/03/shared-workspace-79-small.jpg\";s:12:\"tmpl_created\";i:1647765419;s:6:\"author\";s:9:\"Elementor\";s:3:\"url\";s:133:\"https://library.elementor.com/popups/fly-in-cta-shared-workspace/?utm_source=template-library&utm_medium=wp-dash&utm_campaign=preview\";s:4:\"type\";s:5:\"popup\";s:11:\"access_tier\";s:9:\"essential\";s:7:\"subtype\";s:6:\"fly-in\";s:4:\"tags\";s:18:\"[\"Business\",\"cta\"]\";s:10:\"menu_order\";i:0;s:16:\"popularity_index\";i:-1;s:11:\"trend_index\";i:-1;s:18:\"editor_layout_type\";s:0:\"\";s:15:\"minimum_version\";s:5:\"0.0.0\";s:17:\"has_page_settings\";s:1:\"1\";s:6:\"is_pro\";s:1:\"1\";s:12:\"access_level\";i:1;}i:51;a:19:{s:4:\"tmpl\";i:1334;s:2:\"id\";i:22899;s:5:\"title\";s:30:\"Bottom Bar | CTA | Art Gallery\";s:9:\"thumbnail\";s:89:\"https://library.elementor.com/wp-content/uploads/2022/03/80-Art-Gallery-Click-Through.jpg\";s:12:\"tmpl_created\";i:1647765652;s:6:\"author\";s:9:\"Elementor\";s:3:\"url\";s:132:\"https://library.elementor.com/popups/bottom-bar-cta-art-gallery/?utm_source=template-library&utm_medium=wp-dash&utm_campaign=preview\";s:4:\"type\";s:5:\"popup\";s:11:\"access_tier\";s:9:\"essential\";s:7:\"subtype\";s:10:\"bottom bar\";s:4:\"tags\";s:13:\"[\"Art\",\"cta\"]\";s:10:\"menu_order\";i:0;s:16:\"popularity_index\";i:-1;s:11:\"trend_index\";i:-1;s:18:\"editor_layout_type\";s:0:\"\";s:15:\"minimum_version\";s:5:\"0.0.0\";s:17:\"has_page_settings\";s:1:\"1\";s:6:\"is_pro\";s:1:\"1\";s:12:\"access_level\";i:1;}i:52;a:19:{s:4:\"tmpl\";i:1335;s:2:\"id\";i:22910;s:5:\"title\";s:44:\"Fly-In | Subscription | Hiking Tours Company\";s:9:\"thumbnail\";s:90:\"https://library.elementor.com/wp-content/uploads/2022/03/hiking-tours-company-81-small.jpg\";s:12:\"tmpl_created\";i:1647765835;s:6:\"author\";s:9:\"Elementor\";s:3:\"url\";s:146:\"https://library.elementor.com/popups/fly-in-subscription-hiking-tours-company/?utm_source=template-library&utm_medium=wp-dash&utm_campaign=preview\";s:4:\"type\";s:5:\"popup\";s:11:\"access_tier\";s:9:\"essential\";s:7:\"subtype\";s:6:\"fly-in\";s:4:\"tags\";s:29:\"[\"Subscribe\",\"Travel\",\"Trip\"]\";s:10:\"menu_order\";i:0;s:16:\"popularity_index\";i:-1;s:11:\"trend_index\";i:-1;s:18:\"editor_layout_type\";s:0:\"\";s:15:\"minimum_version\";s:5:\"0.0.0\";s:17:\"has_page_settings\";s:1:\"1\";s:6:\"is_pro\";s:1:\"1\";s:12:\"access_level\";i:1;}i:53;a:19:{s:4:\"tmpl\";i:1336;s:2:\"id\";i:22921;s:5:\"title\";s:26:\"Classic | CTA | Music Band\";s:9:\"thumbnail\";s:80:\"https://library.elementor.com/wp-content/uploads/2022/03/music-band-82-small.jpg\";s:12:\"tmpl_created\";i:1647769462;s:6:\"author\";s:9:\"Elementor\";s:3:\"url\";s:128:\"https://library.elementor.com/popups/classic-cta-music-band/?utm_source=template-library&utm_medium=wp-dash&utm_campaign=preview\";s:4:\"type\";s:5:\"popup\";s:11:\"access_tier\";s:9:\"essential\";s:7:\"subtype\";s:7:\"classic\";s:4:\"tags\";s:21:\"[\"Marketing\",\"Music\"]\";s:10:\"menu_order\";i:0;s:16:\"popularity_index\";i:-1;s:11:\"trend_index\";i:-1;s:18:\"editor_layout_type\";s:0:\"\";s:15:\"minimum_version\";s:5:\"0.0.0\";s:17:\"has_page_settings\";s:1:\"1\";s:6:\"is_pro\";s:1:\"1\";s:12:\"access_level\";i:1;}i:54;a:19:{s:4:\"tmpl\";i:1337;s:2:\"id\";i:22935;s:5:\"title\";s:35:\"Classic | CTA | Computer Technician\";s:9:\"thumbnail\";s:88:\"https://library.elementor.com/wp-content/uploads/2022/03/comuter-technician-83-small.jpg\";s:12:\"tmpl_created\";i:1647769843;s:6:\"author\";s:9:\"Elementor\";s:3:\"url\";s:137:\"https://library.elementor.com/popups/classic-cta-computer-technician/?utm_source=template-library&utm_medium=wp-dash&utm_campaign=preview\";s:4:\"type\";s:5:\"popup\";s:11:\"access_tier\";s:9:\"essential\";s:7:\"subtype\";s:7:\"classic\";s:4:\"tags\";s:18:\"[\"cta\",\"Services\"]\";s:10:\"menu_order\";i:0;s:16:\"popularity_index\";i:-1;s:11:\"trend_index\";i:-1;s:18:\"editor_layout_type\";s:0:\"\";s:15:\"minimum_version\";s:5:\"0.0.0\";s:17:\"has_page_settings\";s:1:\"1\";s:6:\"is_pro\";s:1:\"1\";s:12:\"access_level\";i:1;}i:55;a:19:{s:4:\"tmpl\";i:1338;s:2:\"id\";i:22945;s:5:\"title\";s:37:\"Classic | Discount | Delivery Company\";s:9:\"thumbnail\";s:86:\"https://library.elementor.com/wp-content/uploads/2022/03/delivery-company-88-small.jpg\";s:12:\"tmpl_created\";i:1647770834;s:6:\"author\";s:9:\"Elementor\";s:3:\"url\";s:139:\"https://library.elementor.com/popups/classic-discount-delivery-company/?utm_source=template-library&utm_medium=wp-dash&utm_campaign=preview\";s:4:\"type\";s:5:\"popup\";s:11:\"access_tier\";s:9:\"essential\";s:7:\"subtype\";s:7:\"classic\";s:4:\"tags\";s:23:\"[\"Discount\",\"Services\"]\";s:10:\"menu_order\";i:0;s:16:\"popularity_index\";i:-1;s:11:\"trend_index\";i:-1;s:18:\"editor_layout_type\";s:0:\"\";s:15:\"minimum_version\";s:5:\"0.0.0\";s:17:\"has_page_settings\";s:1:\"1\";s:6:\"is_pro\";s:1:\"1\";s:12:\"access_level\";i:1;}i:56;a:19:{s:4:\"tmpl\";i:1339;s:2:\"id\";i:22959;s:5:\"title\";s:29:\"Classic | Discount | Eco Shop\";s:9:\"thumbnail\";s:79:\"https://library.elementor.com/wp-content/uploads/2022/03/echo-shop-89-small.jpg\";s:12:\"tmpl_created\";i:1647771211;s:6:\"author\";s:9:\"Elementor\";s:3:\"url\";s:131:\"https://library.elementor.com/popups/classic-discount-eco-shop/?utm_source=template-library&utm_medium=wp-dash&utm_campaign=preview\";s:4:\"type\";s:5:\"popup\";s:11:\"access_tier\";s:9:\"essential\";s:7:\"subtype\";s:7:\"classic\";s:4:\"tags\";s:24:\"[\"Discount\",\"Ecommerce\"]\";s:10:\"menu_order\";i:0;s:16:\"popularity_index\";i:-1;s:11:\"trend_index\";i:-1;s:18:\"editor_layout_type\";s:0:\"\";s:15:\"minimum_version\";s:5:\"0.0.0\";s:17:\"has_page_settings\";s:1:\"1\";s:6:\"is_pro\";s:1:\"1\";s:12:\"access_level\";i:1;}i:57;a:19:{s:4:\"tmpl\";i:1340;s:2:\"id\";i:22972;s:5:\"title\";s:54:\"Fly-In | Subscription | Health &#038; Mindfulness Blog\";s:9:\"thumbnail\";s:81:\"https://library.elementor.com/wp-content/uploads/2022/03/health-blog-91-small.jpg\";s:12:\"tmpl_created\";i:1647771461;s:6:\"author\";s:9:\"Elementor\";s:3:\"url\";s:149:\"https://library.elementor.com/popups/fly-in-subscription-health-mindfulness-blog/?utm_source=template-library&utm_medium=wp-dash&utm_campaign=preview\";s:4:\"type\";s:5:\"popup\";s:11:\"access_tier\";s:9:\"essential\";s:7:\"subtype\";s:6:\"fly-in\";s:4:\"tags\";s:21:\"[\"Health\",\"Magazine\"]\";s:10:\"menu_order\";i:0;s:16:\"popularity_index\";i:-1;s:11:\"trend_index\";i:-1;s:18:\"editor_layout_type\";s:0:\"\";s:15:\"minimum_version\";s:5:\"0.0.0\";s:17:\"has_page_settings\";s:1:\"1\";s:6:\"is_pro\";s:1:\"1\";s:12:\"access_level\";i:1;}i:58;a:19:{s:4:\"tmpl\";i:1341;s:2:\"id\";i:22982;s:5:\"title\";s:31:\"Full Screen | Menu | Art Museum\";s:9:\"thumbnail\";s:81:\"https://library.elementor.com/wp-content/uploads/2022/03/art-museum-112-small.jpg\";s:12:\"tmpl_created\";i:1647771938;s:6:\"author\";s:9:\"Elementor\";s:3:\"url\";s:133:\"https://library.elementor.com/popups/full-screen-menu-art-museum/?utm_source=template-library&utm_medium=wp-dash&utm_campaign=preview\";s:4:\"type\";s:5:\"popup\";s:11:\"access_tier\";s:9:\"essential\";s:7:\"subtype\";s:11:\"full screen\";s:4:\"tags\";s:21:\"[\"Fullscreen\",\"menu\"]\";s:10:\"menu_order\";i:0;s:16:\"popularity_index\";i:-1;s:11:\"trend_index\";i:-1;s:18:\"editor_layout_type\";s:0:\"\";s:15:\"minimum_version\";s:5:\"0.0.0\";s:17:\"has_page_settings\";s:1:\"1\";s:6:\"is_pro\";s:1:\"1\";s:12:\"access_level\";i:1;}i:59;a:19:{s:4:\"tmpl\";i:1342;s:2:\"id\";i:22992;s:5:\"title\";s:40:\"Classic | Discount | Urban Clothing Shop\";s:9:\"thumbnail\";s:83:\"https://library.elementor.com/wp-content/uploads/2022/03/health-blog-91-small-1.jpg\";s:12:\"tmpl_created\";i:1647773067;s:6:\"author\";s:9:\"Elementor\";s:3:\"url\";s:142:\"https://library.elementor.com/popups/classic-discount-urban-clothing-shop/?utm_source=template-library&utm_medium=wp-dash&utm_campaign=preview\";s:4:\"type\";s:5:\"popup\";s:11:\"access_tier\";s:9:\"essential\";s:7:\"subtype\";s:7:\"classic\";s:4:\"tags\";s:34:\"[\"Discount\",\"Ecommerce\",\"Fashion\"]\";s:10:\"menu_order\";i:0;s:16:\"popularity_index\";i:-1;s:11:\"trend_index\";i:-1;s:18:\"editor_layout_type\";s:0:\"\";s:15:\"minimum_version\";s:5:\"0.0.0\";s:17:\"has_page_settings\";s:1:\"1\";s:6:\"is_pro\";s:1:\"1\";s:12:\"access_level\";i:1;}i:60;a:19:{s:4:\"tmpl\";i:1343;s:2:\"id\";i:23004;s:5:\"title\";s:60:\"Full Screen | Menu | Digital &#038; Technology Design School\";s:9:\"thumbnail\";s:95:\"https://library.elementor.com/wp-content/uploads/2022/03/digital-design-tech-school-small-1.jpg\";s:12:\"tmpl_created\";i:1647773366;s:6:\"author\";s:9:\"Elementor\";s:3:\"url\";s:155:\"https://library.elementor.com/popups/full-screen-menu-digital-technology-design-school/?utm_source=template-library&utm_medium=wp-dash&utm_campaign=preview\";s:4:\"type\";s:5:\"popup\";s:11:\"access_tier\";s:9:\"essential\";s:7:\"subtype\";s:11:\"full screen\";s:4:\"tags\";s:8:\"[\"menu\"]\";s:10:\"menu_order\";i:0;s:16:\"popularity_index\";i:-1;s:11:\"trend_index\";i:-1;s:18:\"editor_layout_type\";s:0:\"\";s:15:\"minimum_version\";s:5:\"0.0.0\";s:17:\"has_page_settings\";s:1:\"1\";s:6:\"is_pro\";s:1:\"1\";s:12:\"access_level\";i:1;}i:61;a:19:{s:4:\"tmpl\";i:1344;s:2:\"id\";i:23015;s:5:\"title\";s:62:\"Bottom Bar | Contact | Digital &#038; Technology Design School\";s:9:\"thumbnail\";s:93:\"https://library.elementor.com/wp-content/uploads/2022/03/digital-design-tech-school-small.jpg\";s:12:\"tmpl_created\";i:1647773492;s:6:\"author\";s:9:\"Elementor\";s:3:\"url\";s:157:\"https://library.elementor.com/popups/bottom-bar-contact-digital-technology-design-school/?utm_source=template-library&utm_medium=wp-dash&utm_campaign=preview\";s:4:\"type\";s:5:\"popup\";s:11:\"access_tier\";s:9:\"essential\";s:7:\"subtype\";s:10:\"bottom bar\";s:4:\"tags\";s:23:\"[\"Contact\",\"Portfolio\"]\";s:10:\"menu_order\";i:0;s:16:\"popularity_index\";i:-1;s:11:\"trend_index\";i:-1;s:18:\"editor_layout_type\";s:0:\"\";s:15:\"minimum_version\";s:5:\"0.0.0\";s:17:\"has_page_settings\";s:1:\"1\";s:6:\"is_pro\";s:1:\"1\";s:12:\"access_level\";i:1;}i:62;a:19:{s:4:\"tmpl\";i:1345;s:2:\"id\";i:23025;s:5:\"title\";s:32:\"Full Screen | Menu | Flower Shop\";s:9:\"thumbnail\";s:78:\"https://library.elementor.com/wp-content/uploads/2022/03/flower-shop-small.jpg\";s:12:\"tmpl_created\";i:1647773820;s:6:\"author\";s:9:\"Elementor\";s:3:\"url\";s:134:\"https://library.elementor.com/popups/full-screen-menu-flower-shop/?utm_source=template-library&utm_medium=wp-dash&utm_campaign=preview\";s:4:\"type\";s:5:\"popup\";s:11:\"access_tier\";s:9:\"essential\";s:7:\"subtype\";s:11:\"full screen\";s:4:\"tags\";s:21:\"[\"Fullscreen\",\"menu\"]\";s:10:\"menu_order\";i:0;s:16:\"popularity_index\";i:-1;s:11:\"trend_index\";i:-1;s:18:\"editor_layout_type\";s:0:\"\";s:15:\"minimum_version\";s:5:\"0.0.0\";s:17:\"has_page_settings\";s:1:\"1\";s:6:\"is_pro\";s:1:\"1\";s:12:\"access_level\";i:1;}i:63;a:19:{s:4:\"tmpl\";i:1346;s:2:\"id\";i:23037;s:5:\"title\";s:36:\"Classic | Subscription | Flower Shop\";s:9:\"thumbnail\";s:80:\"https://library.elementor.com/wp-content/uploads/2022/03/flower-shop-small-1.jpg\";s:12:\"tmpl_created\";i:1647773949;s:6:\"author\";s:9:\"Elementor\";s:3:\"url\";s:138:\"https://library.elementor.com/popups/classic-subscription-flower-shop/?utm_source=template-library&utm_medium=wp-dash&utm_campaign=preview\";s:4:\"type\";s:5:\"popup\";s:11:\"access_tier\";s:9:\"essential\";s:7:\"subtype\";s:7:\"classic\";s:4:\"tags\";s:24:\"[\"Discount\",\"Subscribe\"]\";s:10:\"menu_order\";i:0;s:16:\"popularity_index\";i:-1;s:11:\"trend_index\";i:-1;s:18:\"editor_layout_type\";s:0:\"\";s:15:\"minimum_version\";s:5:\"0.0.0\";s:17:\"has_page_settings\";s:1:\"1\";s:6:\"is_pro\";s:1:\"1\";s:12:\"access_level\";i:1;}i:64;a:19:{s:4:\"tmpl\";i:1347;s:2:\"id\";i:23056;s:5:\"title\";s:48:\"Classic | Discount | Health &#038; Fitness eBook\";s:9:\"thumbnail\";s:82:\"https://library.elementor.com/wp-content/uploads/2022/03/fitness-ebook-small-1.jpg\";s:12:\"tmpl_created\";i:1647774468;s:6:\"author\";s:9:\"Elementor\";s:3:\"url\";s:143:\"https://library.elementor.com/popups/classic-discount-health-fitness-ebook/?utm_source=template-library&utm_medium=wp-dash&utm_campaign=preview\";s:4:\"type\";s:5:\"popup\";s:11:\"access_tier\";s:9:\"essential\";s:7:\"subtype\";s:7:\"classic\";s:4:\"tags\";s:23:\"[\"Contact\",\"Marketing\"]\";s:10:\"menu_order\";i:0;s:16:\"popularity_index\";i:-1;s:11:\"trend_index\";i:-1;s:18:\"editor_layout_type\";s:0:\"\";s:15:\"minimum_version\";s:5:\"0.0.0\";s:17:\"has_page_settings\";s:1:\"1\";s:6:\"is_pro\";s:1:\"1\";s:12:\"access_level\";i:1;}i:65;a:19:{s:4:\"tmpl\";i:1348;s:2:\"id\";i:23067;s:5:\"title\";s:37:\"Fly-In | Menu | Baby Sleep Consultant\";s:9:\"thumbnail\";s:90:\"https://library.elementor.com/wp-content/uploads/2022/03/baby-sleep-consultant-small-1.jpg\";s:12:\"tmpl_created\";i:1647778954;s:6:\"author\";s:9:\"Elementor\";s:3:\"url\";s:127:\"https://library.elementor.com/popups/baby-sleep-consultant/?utm_source=template-library&utm_medium=wp-dash&utm_campaign=preview\";s:4:\"type\";s:5:\"popup\";s:11:\"access_tier\";s:9:\"essential\";s:7:\"subtype\";s:6:\"fly-in\";s:4:\"tags\";s:8:\"[\"menu\"]\";s:10:\"menu_order\";i:0;s:16:\"popularity_index\";i:-1;s:11:\"trend_index\";i:-1;s:18:\"editor_layout_type\";s:0:\"\";s:15:\"minimum_version\";s:5:\"0.0.0\";s:17:\"has_page_settings\";s:1:\"1\";s:6:\"is_pro\";s:1:\"1\";s:12:\"access_level\";i:1;}i:66;a:19:{s:4:\"tmpl\";i:1349;s:2:\"id\";i:23077;s:5:\"title\";s:46:\"Classic | Subscription | Baby Sleep Consultant\";s:9:\"thumbnail\";s:88:\"https://library.elementor.com/wp-content/uploads/2022/03/baby-sleep-consultant-small.jpg\";s:12:\"tmpl_created\";i:1647779074;s:6:\"author\";s:9:\"Elementor\";s:3:\"url\";s:148:\"https://library.elementor.com/popups/classic-subscription-baby-sleep-consultant/?utm_source=template-library&utm_medium=wp-dash&utm_campaign=preview\";s:4:\"type\";s:5:\"popup\";s:11:\"access_tier\";s:9:\"essential\";s:7:\"subtype\";s:7:\"classic\";s:4:\"tags\";s:12:\"[\"Discount\"]\";s:10:\"menu_order\";i:0;s:16:\"popularity_index\";i:-1;s:11:\"trend_index\";i:-1;s:18:\"editor_layout_type\";s:0:\"\";s:15:\"minimum_version\";s:5:\"0.0.0\";s:17:\"has_page_settings\";s:1:\"1\";s:6:\"is_pro\";s:1:\"1\";s:12:\"access_level\";i:1;}i:67;a:19:{s:4:\"tmpl\";i:1350;s:2:\"id\";i:23090;s:5:\"title\";s:33:\"Full Screen | Menu | Luxury Hotel\";s:9:\"thumbnail\";s:79:\"https://library.elementor.com/wp-content/uploads/2022/03/luxury-hotel-small.jpg\";s:12:\"tmpl_created\";i:1647779390;s:6:\"author\";s:9:\"Elementor\";s:3:\"url\";s:135:\"https://library.elementor.com/popups/full-screen-menu-luxury-hotel/?utm_source=template-library&utm_medium=wp-dash&utm_campaign=preview\";s:4:\"type\";s:5:\"popup\";s:11:\"access_tier\";s:9:\"essential\";s:7:\"subtype\";s:11:\"full screen\";s:4:\"tags\";s:21:\"[\"Fullscreen\",\"menu\"]\";s:10:\"menu_order\";i:0;s:16:\"popularity_index\";i:-1;s:11:\"trend_index\";i:-1;s:18:\"editor_layout_type\";s:0:\"\";s:15:\"minimum_version\";s:5:\"0.0.0\";s:17:\"has_page_settings\";s:1:\"1\";s:6:\"is_pro\";s:1:\"1\";s:12:\"access_level\";i:1;}i:68;a:19:{s:4:\"tmpl\";i:1351;s:2:\"id\";i:23100;s:5:\"title\";s:31:\"Fly-In | Booking | Luxury Hotel\";s:9:\"thumbnail\";s:81:\"https://library.elementor.com/wp-content/uploads/2022/03/luxury-hotel-small-1.jpg\";s:12:\"tmpl_created\";i:1647779500;s:6:\"author\";s:9:\"Elementor\";s:3:\"url\";s:133:\"https://library.elementor.com/popups/fly-in-booking-luxury-hotel/?utm_source=template-library&utm_medium=wp-dash&utm_campaign=preview\";s:4:\"type\";s:5:\"popup\";s:11:\"access_tier\";s:9:\"essential\";s:7:\"subtype\";s:6:\"fly-in\";s:4:\"tags\";s:20:\"[\"Booking\",\"Travel\"]\";s:10:\"menu_order\";i:0;s:16:\"popularity_index\";i:-1;s:11:\"trend_index\";i:-1;s:18:\"editor_layout_type\";s:0:\"\";s:15:\"minimum_version\";s:5:\"0.0.0\";s:17:\"has_page_settings\";s:1:\"1\";s:6:\"is_pro\";s:1:\"1\";s:12:\"access_level\";i:1;}i:69;a:19:{s:4:\"tmpl\";i:1352;s:2:\"id\";i:23109;s:5:\"title\";s:38:\"Full Screen | Menu | Design Conference\";s:9:\"thumbnail\";s:87:\"https://library.elementor.com/wp-content/uploads/2022/03/design-conference-35-small.jpg\";s:12:\"tmpl_created\";i:1647779675;s:6:\"author\";s:9:\"Elementor\";s:3:\"url\";s:140:\"https://library.elementor.com/popups/full-screen-menu-design-conference/?utm_source=template-library&utm_medium=wp-dash&utm_campaign=preview\";s:4:\"type\";s:5:\"popup\";s:11:\"access_tier\";s:9:\"essential\";s:7:\"subtype\";s:11:\"full screen\";s:4:\"tags\";s:21:\"[\"Fullscreen\",\"menu\"]\";s:10:\"menu_order\";i:0;s:16:\"popularity_index\";i:-1;s:11:\"trend_index\";i:-1;s:18:\"editor_layout_type\";s:0:\"\";s:15:\"minimum_version\";s:5:\"0.0.0\";s:17:\"has_page_settings\";s:1:\"1\";s:6:\"is_pro\";s:1:\"1\";s:12:\"access_level\";i:1;}i:70;a:19:{s:4:\"tmpl\";i:1353;s:2:\"id\";i:23120;s:5:\"title\";s:41:\"Full Screen | Booking | Design Conference\";s:9:\"thumbnail\";s:89:\"https://library.elementor.com/wp-content/uploads/2022/03/design-conference-35-small-1.jpg\";s:12:\"tmpl_created\";i:1647779793;s:6:\"author\";s:9:\"Elementor\";s:3:\"url\";s:143:\"https://library.elementor.com/popups/full-screen-booking-design-conference/?utm_source=template-library&utm_medium=wp-dash&utm_campaign=preview\";s:4:\"type\";s:5:\"popup\";s:11:\"access_tier\";s:9:\"essential\";s:7:\"subtype\";s:11:\"full screen\";s:4:\"tags\";s:35:\"[\"Booking\",\"Conference\",\"Creative\"]\";s:10:\"menu_order\";i:0;s:16:\"popularity_index\";i:-1;s:11:\"trend_index\";i:-1;s:18:\"editor_layout_type\";s:0:\"\";s:15:\"minimum_version\";s:5:\"0.0.0\";s:17:\"has_page_settings\";s:1:\"1\";s:6:\"is_pro\";s:1:\"1\";s:12:\"access_level\";i:1;}i:71;a:19:{s:4:\"tmpl\";i:1354;s:2:\"id\";i:23129;s:5:\"title\";s:29:\"Slide-In | Menu | VR Headsets\";s:9:\"thumbnail\";s:77:\"https://library.elementor.com/wp-content/uploads/2022/03/VR-headset-small.jpg\";s:12:\"tmpl_created\";i:1647781211;s:6:\"author\";s:9:\"Elementor\";s:3:\"url\";s:131:\"https://library.elementor.com/popups/slide-in-menu-vr-headsets/?utm_source=template-library&utm_medium=wp-dash&utm_campaign=preview\";s:4:\"type\";s:5:\"popup\";s:11:\"access_tier\";s:9:\"essential\";s:7:\"subtype\";s:8:\"slide-in\";s:4:\"tags\";s:8:\"[\"menu\"]\";s:10:\"menu_order\";i:0;s:16:\"popularity_index\";i:-1;s:11:\"trend_index\";i:-1;s:18:\"editor_layout_type\";s:0:\"\";s:15:\"minimum_version\";s:5:\"0.0.0\";s:17:\"has_page_settings\";s:1:\"1\";s:6:\"is_pro\";s:1:\"1\";s:12:\"access_level\";i:1;}i:72;a:19:{s:4:\"tmpl\";i:1355;s:2:\"id\";i:23139;s:5:\"title\";s:31:\"Classic | Contact | VR Headsets\";s:9:\"thumbnail\";s:79:\"https://library.elementor.com/wp-content/uploads/2022/03/VR-headset-small-1.jpg\";s:12:\"tmpl_created\";i:1647781384;s:6:\"author\";s:9:\"Elementor\";s:3:\"url\";s:133:\"https://library.elementor.com/popups/classic-contact-vr-headsets/?utm_source=template-library&utm_medium=wp-dash&utm_campaign=preview\";s:4:\"type\";s:5:\"popup\";s:11:\"access_tier\";s:9:\"essential\";s:7:\"subtype\";s:7:\"classic\";s:4:\"tags\";s:11:\"[\"Contact\"]\";s:10:\"menu_order\";i:0;s:16:\"popularity_index\";i:-1;s:11:\"trend_index\";i:-1;s:18:\"editor_layout_type\";s:0:\"\";s:15:\"minimum_version\";s:5:\"0.0.0\";s:17:\"has_page_settings\";s:1:\"1\";s:6:\"is_pro\";s:1:\"1\";s:12:\"access_level\";i:1;}i:73;a:19:{s:4:\"tmpl\";i:1356;s:2:\"id\";i:23149;s:5:\"title\";s:38:\"Slide-In | Menu | Portrait Photography\";s:9:\"thumbnail\";s:89:\"https://library.elementor.com/wp-content/uploads/2022/03/48-portrair-photography-Menu.jpg\";s:12:\"tmpl_created\";i:1647782336;s:6:\"author\";s:9:\"Elementor\";s:3:\"url\";s:140:\"https://library.elementor.com/popups/slide-in-menu-portrait-photography/?utm_source=template-library&utm_medium=wp-dash&utm_campaign=preview\";s:4:\"type\";s:5:\"popup\";s:11:\"access_tier\";s:9:\"essential\";s:7:\"subtype\";s:8:\"slide-in\";s:4:\"tags\";s:8:\"[\"menu\"]\";s:10:\"menu_order\";i:0;s:16:\"popularity_index\";i:-1;s:11:\"trend_index\";i:-1;s:18:\"editor_layout_type\";s:0:\"\";s:15:\"minimum_version\";s:5:\"0.0.0\";s:17:\"has_page_settings\";s:1:\"1\";s:6:\"is_pro\";s:1:\"1\";s:12:\"access_level\";i:1;}i:74;a:19:{s:4:\"tmpl\";i:1357;s:2:\"id\";i:23159;s:5:\"title\";s:47:\"Hello Bar | Subscription | Portrait Photography\";s:9:\"thumbnail\";s:97:\"https://library.elementor.com/wp-content/uploads/2022/03/48-portrair-photography-Subscription.jpg\";s:12:\"tmpl_created\";i:1647782478;s:6:\"author\";s:9:\"Elementor\";s:3:\"url\";s:149:\"https://library.elementor.com/popups/hello-bar-subscription-portrait-photography/?utm_source=template-library&utm_medium=wp-dash&utm_campaign=preview\";s:4:\"type\";s:5:\"popup\";s:11:\"access_tier\";s:9:\"essential\";s:7:\"subtype\";s:9:\"hello bar\";s:4:\"tags\";s:34:\"[\"Blog\",\"Photography\",\"Subscribe\"]\";s:10:\"menu_order\";i:0;s:16:\"popularity_index\";i:-1;s:11:\"trend_index\";i:-1;s:18:\"editor_layout_type\";s:0:\"\";s:15:\"minimum_version\";s:5:\"0.0.0\";s:17:\"has_page_settings\";s:1:\"1\";s:6:\"is_pro\";s:1:\"1\";s:12:\"access_level\";i:1;}i:75;a:19:{s:4:\"tmpl\";i:1358;s:2:\"id\";i:23169;s:5:\"title\";s:32:\"Full Screen | Menu | English Pub\";s:9:\"thumbnail\";s:80:\"https://library.elementor.com/wp-content/uploads/2022/03/49-englisg-pub-Menu.jpg\";s:12:\"tmpl_created\";i:1647782664;s:6:\"author\";s:9:\"Elementor\";s:3:\"url\";s:134:\"https://library.elementor.com/popups/full-screen-menu-english-pub/?utm_source=template-library&utm_medium=wp-dash&utm_campaign=preview\";s:4:\"type\";s:5:\"popup\";s:11:\"access_tier\";s:9:\"essential\";s:7:\"subtype\";s:11:\"full screen\";s:4:\"tags\";s:21:\"[\"Fullscreen\",\"menu\"]\";s:10:\"menu_order\";i:0;s:16:\"popularity_index\";i:-1;s:11:\"trend_index\";i:-1;s:18:\"editor_layout_type\";s:0:\"\";s:15:\"minimum_version\";s:5:\"0.0.0\";s:17:\"has_page_settings\";s:1:\"1\";s:6:\"is_pro\";s:1:\"1\";s:12:\"access_level\";i:1;}i:76;a:19:{s:4:\"tmpl\";i:1359;s:2:\"id\";i:23179;s:5:\"title\";s:32:\"Classic | Discount | English Pub\";s:9:\"thumbnail\";s:84:\"https://library.elementor.com/wp-content/uploads/2022/03/49-englisg-pub-Discount.jpg\";s:12:\"tmpl_created\";i:1647782796;s:6:\"author\";s:9:\"Elementor\";s:3:\"url\";s:134:\"https://library.elementor.com/popups/classic-discount-english-pub/?utm_source=template-library&utm_medium=wp-dash&utm_campaign=preview\";s:4:\"type\";s:5:\"popup\";s:11:\"access_tier\";s:9:\"essential\";s:7:\"subtype\";s:7:\"classic\";s:4:\"tags\";s:20:\"[\"Discount\",\"Offer\"]\";s:10:\"menu_order\";i:0;s:16:\"popularity_index\";i:-1;s:11:\"trend_index\";i:-1;s:18:\"editor_layout_type\";s:0:\"\";s:15:\"minimum_version\";s:5:\"0.0.0\";s:17:\"has_page_settings\";s:1:\"1\";s:6:\"is_pro\";s:1:\"1\";s:12:\"access_level\";i:1;}i:77;a:19:{s:4:\"tmpl\";i:1360;s:2:\"id\";i:23189;s:5:\"title\";s:27:\"Full Screen | Menu | Singer\";s:9:\"thumbnail\";s:81:\"https://library.elementor.com/wp-content/uploads/2022/03/58-Music-Artist-Menu.jpg\";s:12:\"tmpl_created\";i:1647783070;s:6:\"author\";s:9:\"Elementor\";s:3:\"url\";s:129:\"https://library.elementor.com/popups/full-screen-menu-singer/?utm_source=template-library&utm_medium=wp-dash&utm_campaign=preview\";s:4:\"type\";s:5:\"popup\";s:11:\"access_tier\";s:9:\"essential\";s:7:\"subtype\";s:11:\"full screen\";s:4:\"tags\";s:29:\"[\"Fullscreen\",\"menu\",\"Music\"]\";s:10:\"menu_order\";i:0;s:16:\"popularity_index\";i:-1;s:11:\"trend_index\";i:-1;s:18:\"editor_layout_type\";s:0:\"\";s:15:\"minimum_version\";s:5:\"0.0.0\";s:17:\"has_page_settings\";s:1:\"1\";s:6:\"is_pro\";s:1:\"1\";s:12:\"access_level\";i:1;}i:78;a:19:{s:4:\"tmpl\";i:1361;s:2:\"id\";i:23200;s:5:\"title\";s:31:\"Classic | Subscription | Singer\";s:9:\"thumbnail\";s:89:\"https://library.elementor.com/wp-content/uploads/2022/03/58-Music-Artist-Subscription.jpg\";s:12:\"tmpl_created\";i:1647783249;s:6:\"author\";s:9:\"Elementor\";s:3:\"url\";s:133:\"https://library.elementor.com/popups/classic-subscription-singer/?utm_source=template-library&utm_medium=wp-dash&utm_campaign=preview\";s:4:\"type\";s:5:\"popup\";s:11:\"access_tier\";s:9:\"essential\";s:7:\"subtype\";s:7:\"classic\";s:4:\"tags\";s:21:\"[\"Music\",\"Subscribe\"]\";s:10:\"menu_order\";i:0;s:16:\"popularity_index\";i:-1;s:11:\"trend_index\";i:-1;s:18:\"editor_layout_type\";s:0:\"\";s:15:\"minimum_version\";s:5:\"0.0.0\";s:17:\"has_page_settings\";s:1:\"1\";s:6:\"is_pro\";s:1:\"1\";s:12:\"access_level\";i:1;}i:79;a:19:{s:4:\"tmpl\";i:1362;s:2:\"id\";i:23210;s:5:\"title\";s:38:\"Full Screen | Menu | Virtual Assistant\";s:9:\"thumbnail\";s:86:\"https://library.elementor.com/wp-content/uploads/2022/03/virtual-assistnt-73-small.jpg\";s:12:\"tmpl_created\";i:1647784292;s:6:\"author\";s:9:\"Elementor\";s:3:\"url\";s:140:\"https://library.elementor.com/popups/full-screen-menu-virtual-assistant/?utm_source=template-library&utm_medium=wp-dash&utm_campaign=preview\";s:4:\"type\";s:5:\"popup\";s:11:\"access_tier\";s:9:\"essential\";s:7:\"subtype\";s:11:\"full screen\";s:4:\"tags\";s:21:\"[\"Fullscreen\",\"menu\"]\";s:10:\"menu_order\";i:0;s:16:\"popularity_index\";i:-1;s:11:\"trend_index\";i:-1;s:18:\"editor_layout_type\";s:0:\"\";s:15:\"minimum_version\";s:5:\"0.0.0\";s:17:\"has_page_settings\";s:1:\"1\";s:6:\"is_pro\";s:1:\"1\";s:12:\"access_level\";i:1;}i:80;a:19:{s:4:\"tmpl\";i:1363;s:2:\"id\";i:23223;s:5:\"title\";s:39:\"Hello Bar | Contact | Virtual Assistant\";s:9:\"thumbnail\";s:92:\"https://library.elementor.com/wp-content/uploads/2022/03/73-Virtual-Assistant-Contact-Us.jpg\";s:12:\"tmpl_created\";i:1647784616;s:6:\"author\";s:9:\"Elementor\";s:3:\"url\";s:141:\"https://library.elementor.com/popups/hello-bar-contact-virtual-assistant/?utm_source=template-library&utm_medium=wp-dash&utm_campaign=preview\";s:4:\"type\";s:5:\"popup\";s:11:\"access_tier\";s:9:\"essential\";s:7:\"subtype\";s:9:\"hello bar\";s:4:\"tags\";s:37:\"[\"Contact\",\"Psychologist\",\"Services\"]\";s:10:\"menu_order\";i:0;s:16:\"popularity_index\";i:-1;s:11:\"trend_index\";i:-1;s:18:\"editor_layout_type\";s:0:\"\";s:15:\"minimum_version\";s:5:\"0.0.0\";s:17:\"has_page_settings\";s:1:\"1\";s:6:\"is_pro\";s:1:\"1\";s:12:\"access_level\";i:1;}i:81;a:19:{s:4:\"tmpl\";i:1364;s:2:\"id\";i:23234;s:5:\"title\";s:32:\"Slide-In  | Menu | Personal Chef\";s:9:\"thumbnail\";s:82:\"https://library.elementor.com/wp-content/uploads/2022/03/74-Personal-Chef-Menu.jpg\";s:12:\"tmpl_created\";i:1647798194;s:6:\"author\";s:9:\"Elementor\";s:3:\"url\";s:133:\"https://library.elementor.com/popups/slide-in-menu-personal-chef/?utm_source=template-library&utm_medium=wp-dash&utm_campaign=preview\";s:4:\"type\";s:5:\"popup\";s:11:\"access_tier\";s:9:\"essential\";s:7:\"subtype\";s:8:\"slide-in\";s:4:\"tags\";s:8:\"[\"menu\"]\";s:10:\"menu_order\";i:0;s:16:\"popularity_index\";i:-1;s:11:\"trend_index\";i:-1;s:18:\"editor_layout_type\";s:0:\"\";s:15:\"minimum_version\";s:5:\"0.0.0\";s:17:\"has_page_settings\";s:1:\"1\";s:6:\"is_pro\";s:1:\"1\";s:12:\"access_level\";i:1;}i:82;a:19:{s:4:\"tmpl\";i:1365;s:2:\"id\";i:23244;s:5:\"title\";s:29:\"Classic | CTA | Personal Chef\";s:9:\"thumbnail\";s:88:\"https://library.elementor.com/wp-content/uploads/2022/03/74-Personal-Chef-Contact-Us.jpg\";s:12:\"tmpl_created\";i:1647798297;s:6:\"author\";s:9:\"Elementor\";s:3:\"url\";s:131:\"https://library.elementor.com/popups/classic-cta-personal-chef/?utm_source=template-library&utm_medium=wp-dash&utm_campaign=preview\";s:4:\"type\";s:5:\"popup\";s:11:\"access_tier\";s:9:\"essential\";s:7:\"subtype\";s:7:\"classic\";s:4:\"tags\";s:24:\"[\"Booking\",\"Chef\",\"cta\"]\";s:10:\"menu_order\";i:0;s:16:\"popularity_index\";i:-1;s:11:\"trend_index\";i:-1;s:18:\"editor_layout_type\";s:0:\"\";s:15:\"minimum_version\";s:5:\"0.0.0\";s:17:\"has_page_settings\";s:1:\"1\";s:6:\"is_pro\";s:1:\"1\";s:12:\"access_level\";i:1;}i:83;a:19:{s:4:\"tmpl\";i:1366;s:2:\"id\";i:23254;s:5:\"title\";s:31:\"Full Screen | Menu | Food Truck\";s:9:\"thumbnail\";s:82:\"https://library.elementor.com/wp-content/uploads/2022/03/food-truck-76-small-1.jpg\";s:12:\"tmpl_created\";i:1647798447;s:6:\"author\";s:9:\"Elementor\";s:3:\"url\";s:133:\"https://library.elementor.com/popups/full-screen-menu-food-truck/?utm_source=template-library&utm_medium=wp-dash&utm_campaign=preview\";s:4:\"type\";s:5:\"popup\";s:11:\"access_tier\";s:9:\"essential\";s:7:\"subtype\";s:11:\"full screen\";s:4:\"tags\";s:21:\"[\"Fullscreen\",\"menu\"]\";s:10:\"menu_order\";i:0;s:16:\"popularity_index\";i:-1;s:11:\"trend_index\";i:-1;s:18:\"editor_layout_type\";s:0:\"\";s:15:\"minimum_version\";s:5:\"0.0.0\";s:17:\"has_page_settings\";s:1:\"1\";s:6:\"is_pro\";s:1:\"1\";s:12:\"access_level\";i:1;}i:84;a:19:{s:4:\"tmpl\";i:1367;s:2:\"id\";i:23265;s:5:\"title\";s:30:\"Fly-In | Discount | Food Truck\";s:9:\"thumbnail\";s:80:\"https://library.elementor.com/wp-content/uploads/2022/03/food-truck-76-small.jpg\";s:12:\"tmpl_created\";i:1647798657;s:6:\"author\";s:9:\"Elementor\";s:3:\"url\";s:132:\"https://library.elementor.com/popups/fly-in-discount-food-truck/?utm_source=template-library&utm_medium=wp-dash&utm_campaign=preview\";s:4:\"type\";s:5:\"popup\";s:11:\"access_tier\";s:9:\"essential\";s:7:\"subtype\";s:6:\"fly-in\";s:4:\"tags\";s:20:\"[\"Discount\",\"Offer\"]\";s:10:\"menu_order\";i:0;s:16:\"popularity_index\";i:-1;s:11:\"trend_index\";i:-1;s:18:\"editor_layout_type\";s:0:\"\";s:15:\"minimum_version\";s:5:\"0.0.0\";s:17:\"has_page_settings\";s:1:\"1\";s:6:\"is_pro\";s:1:\"1\";s:12:\"access_level\";i:1;}i:85;a:19:{s:4:\"tmpl\";i:1369;s:2:\"id\";i:23323;s:5:\"title\";s:28:\"Classic | CTA | Black Friday\";s:9:\"thumbnail\";s:81:\"https://library.elementor.com/wp-content/uploads/2022/03/Black-Friday-6-Small.jpg\";s:12:\"tmpl_created\";i:1647855505;s:6:\"author\";s:9:\"Elementor\";s:3:\"url\";s:130:\"https://library.elementor.com/popups/classic-cta-black-friday/?utm_source=template-library&utm_medium=wp-dash&utm_campaign=preview\";s:4:\"type\";s:5:\"popup\";s:11:\"access_tier\";s:9:\"essential\";s:7:\"subtype\";s:7:\"classic\";s:4:\"tags\";s:34:\"[\"Black Friday\",\"cta\",\"Ecommerce\"]\";s:10:\"menu_order\";i:0;s:16:\"popularity_index\";i:-1;s:11:\"trend_index\";i:-1;s:18:\"editor_layout_type\";s:0:\"\";s:15:\"minimum_version\";s:5:\"0.0.0\";s:17:\"has_page_settings\";s:1:\"1\";s:6:\"is_pro\";s:1:\"1\";s:12:\"access_level\";i:1;}i:86;a:19:{s:4:\"tmpl\";i:1370;s:2:\"id\";i:23329;s:5:\"title\";s:29:\"Slide-In | CTA | Black Friday\";s:9:\"thumbnail\";s:81:\"https://library.elementor.com/wp-content/uploads/2022/03/Black-Friday-5-Small.jpg\";s:12:\"tmpl_created\";i:1647855865;s:6:\"author\";s:9:\"Elementor\";s:3:\"url\";s:131:\"https://library.elementor.com/popups/slide-in-cta-black-friday/?utm_source=template-library&utm_medium=wp-dash&utm_campaign=preview\";s:4:\"type\";s:5:\"popup\";s:11:\"access_tier\";s:9:\"essential\";s:7:\"subtype\";s:8:\"slide-in\";s:4:\"tags\";s:34:\"[\"Black Friday\",\"cta\",\"Ecommerce\"]\";s:10:\"menu_order\";i:0;s:16:\"popularity_index\";i:-1;s:11:\"trend_index\";i:-1;s:18:\"editor_layout_type\";s:0:\"\";s:15:\"minimum_version\";s:5:\"0.0.0\";s:17:\"has_page_settings\";s:1:\"1\";s:6:\"is_pro\";s:1:\"1\";s:12:\"access_level\";i:1;}i:87;a:19:{s:4:\"tmpl\";i:1371;s:2:\"id\";i:23335;s:5:\"title\";s:31:\"Slide-In | CTA | Black Friday 1\";s:9:\"thumbnail\";s:81:\"https://library.elementor.com/wp-content/uploads/2022/03/Black-Friday-1-Small.jpg\";s:12:\"tmpl_created\";i:1647856357;s:6:\"author\";s:9:\"Elementor\";s:3:\"url\";s:133:\"https://library.elementor.com/popups/slide-in-cta-black-friday-1/?utm_source=template-library&utm_medium=wp-dash&utm_campaign=preview\";s:4:\"type\";s:5:\"popup\";s:11:\"access_tier\";s:9:\"essential\";s:7:\"subtype\";s:8:\"slide-in\";s:4:\"tags\";s:34:\"[\"Black Friday\",\"cta\",\"Ecommerce\"]\";s:10:\"menu_order\";i:0;s:16:\"popularity_index\";i:-1;s:11:\"trend_index\";i:-1;s:18:\"editor_layout_type\";s:0:\"\";s:15:\"minimum_version\";s:5:\"0.0.0\";s:17:\"has_page_settings\";s:1:\"1\";s:6:\"is_pro\";s:1:\"1\";s:12:\"access_level\";i:1;}i:88;a:19:{s:4:\"tmpl\";i:1372;s:2:\"id\";i:23341;s:5:\"title\";s:30:\"Classic | CTA | Black Friday 2\";s:9:\"thumbnail\";s:81:\"https://library.elementor.com/wp-content/uploads/2022/03/Black-Friday-3-Small.jpg\";s:12:\"tmpl_created\";i:1647856493;s:6:\"author\";s:9:\"Elementor\";s:3:\"url\";s:132:\"https://library.elementor.com/popups/classic-cta-black-friday-2/?utm_source=template-library&utm_medium=wp-dash&utm_campaign=preview\";s:4:\"type\";s:5:\"popup\";s:11:\"access_tier\";s:9:\"essential\";s:7:\"subtype\";s:7:\"classic\";s:4:\"tags\";s:34:\"[\"Black Friday\",\"cta\",\"Ecommerce\"]\";s:10:\"menu_order\";i:0;s:16:\"popularity_index\";i:-1;s:11:\"trend_index\";i:-1;s:18:\"editor_layout_type\";s:0:\"\";s:15:\"minimum_version\";s:5:\"0.0.0\";s:17:\"has_page_settings\";s:1:\"1\";s:6:\"is_pro\";s:1:\"1\";s:12:\"access_level\";i:1;}i:89;a:19:{s:4:\"tmpl\";i:1373;s:2:\"id\";i:23347;s:5:\"title\";s:30:\"Classic | CTA | Black Friday 3\";s:9:\"thumbnail\";s:81:\"https://library.elementor.com/wp-content/uploads/2022/03/Black-Friday-2-Small.jpg\";s:12:\"tmpl_created\";i:1647856891;s:6:\"author\";s:9:\"Elementor\";s:3:\"url\";s:132:\"https://library.elementor.com/popups/classic-cta-black-friday-3/?utm_source=template-library&utm_medium=wp-dash&utm_campaign=preview\";s:4:\"type\";s:5:\"popup\";s:11:\"access_tier\";s:9:\"essential\";s:7:\"subtype\";s:7:\"classic\";s:4:\"tags\";s:34:\"[\"Black Friday\",\"cta\",\"Ecommerce\"]\";s:10:\"menu_order\";i:0;s:16:\"popularity_index\";i:-1;s:11:\"trend_index\";i:-1;s:18:\"editor_layout_type\";s:0:\"\";s:15:\"minimum_version\";s:5:\"0.0.0\";s:17:\"has_page_settings\";s:1:\"1\";s:6:\"is_pro\";s:1:\"1\";s:12:\"access_level\";i:1;}i:90;a:19:{s:4:\"tmpl\";i:1374;s:2:\"id\";i:23354;s:5:\"title\";s:30:\"Classic | CTA | Black Friday 4\";s:9:\"thumbnail\";s:81:\"https://library.elementor.com/wp-content/uploads/2022/03/Black-Friday-4-Small.jpg\";s:12:\"tmpl_created\";i:1647856996;s:6:\"author\";s:9:\"Elementor\";s:3:\"url\";s:132:\"https://library.elementor.com/popups/classic-cta-black-friday-4/?utm_source=template-library&utm_medium=wp-dash&utm_campaign=preview\";s:4:\"type\";s:5:\"popup\";s:11:\"access_tier\";s:9:\"essential\";s:7:\"subtype\";s:7:\"classic\";s:4:\"tags\";s:34:\"[\"Black Friday\",\"cta\",\"Ecommerce\"]\";s:10:\"menu_order\";i:0;s:16:\"popularity_index\";i:-1;s:11:\"trend_index\";i:-1;s:18:\"editor_layout_type\";s:0:\"\";s:15:\"minimum_version\";s:5:\"0.0.0\";s:17:\"has_page_settings\";s:1:\"1\";s:6:\"is_pro\";s:1:\"1\";s:12:\"access_level\";i:1;}i:91;a:19:{s:4:\"tmpl\";i:1375;s:2:\"id\";i:23394;s:5:\"title\";s:27:\"Classic | CTA | Halloween 1\";s:9:\"thumbnail\";s:78:\"https://library.elementor.com/wp-content/uploads/2022/03/Halloween-3-Small.jpg\";s:12:\"tmpl_created\";i:1647857351;s:6:\"author\";s:9:\"Elementor\";s:3:\"url\";s:129:\"https://library.elementor.com/popups/classic-cta-halloween-1/?utm_source=template-library&utm_medium=wp-dash&utm_campaign=preview\";s:4:\"type\";s:5:\"popup\";s:11:\"access_tier\";s:9:\"essential\";s:7:\"subtype\";s:7:\"classic\";s:4:\"tags\";s:31:\"[\"cta\",\"Ecommerce\",\"Halloween\"]\";s:10:\"menu_order\";i:0;s:16:\"popularity_index\";i:-1;s:11:\"trend_index\";i:-1;s:18:\"editor_layout_type\";s:0:\"\";s:15:\"minimum_version\";s:5:\"0.0.0\";s:17:\"has_page_settings\";s:1:\"1\";s:6:\"is_pro\";s:1:\"1\";s:12:\"access_level\";i:1;}i:92;a:19:{s:4:\"tmpl\";i:1376;s:2:\"id\";i:23401;s:5:\"title\";s:33:\"Slide-In | Discount | Halloween 2\";s:9:\"thumbnail\";s:78:\"https://library.elementor.com/wp-content/uploads/2022/03/Halloween-2-Small.jpg\";s:12:\"tmpl_created\";i:1647857567;s:6:\"author\";s:9:\"Elementor\";s:3:\"url\";s:135:\"https://library.elementor.com/popups/slide-in-discount-halloween-2/?utm_source=template-library&utm_medium=wp-dash&utm_campaign=preview\";s:4:\"type\";s:5:\"popup\";s:11:\"access_tier\";s:9:\"essential\";s:7:\"subtype\";s:8:\"slide-in\";s:4:\"tags\";s:36:\"[\"Discount\",\"Ecommerce\",\"Halloween\"]\";s:10:\"menu_order\";i:0;s:16:\"popularity_index\";i:-1;s:11:\"trend_index\";i:-1;s:18:\"editor_layout_type\";s:0:\"\";s:15:\"minimum_version\";s:5:\"0.0.0\";s:17:\"has_page_settings\";s:1:\"1\";s:6:\"is_pro\";s:1:\"1\";s:12:\"access_level\";i:1;}i:93;a:19:{s:4:\"tmpl\";i:1377;s:2:\"id\";i:23407;s:5:\"title\";s:33:\"Slide-In | Discount | Halloween 3\";s:9:\"thumbnail\";s:78:\"https://library.elementor.com/wp-content/uploads/2022/03/Halloween-1-Small.jpg\";s:12:\"tmpl_created\";i:1647857814;s:6:\"author\";s:9:\"Elementor\";s:3:\"url\";s:135:\"https://library.elementor.com/popups/slide-in-discount-halloween-3/?utm_source=template-library&utm_medium=wp-dash&utm_campaign=preview\";s:4:\"type\";s:5:\"popup\";s:11:\"access_tier\";s:9:\"essential\";s:7:\"subtype\";s:8:\"slide-in\";s:4:\"tags\";s:36:\"[\"Discount\",\"Ecommerce\",\"Halloween\"]\";s:10:\"menu_order\";i:0;s:16:\"popularity_index\";i:-1;s:11:\"trend_index\";i:-1;s:18:\"editor_layout_type\";s:0:\"\";s:15:\"minimum_version\";s:5:\"0.0.0\";s:17:\"has_page_settings\";s:1:\"1\";s:6:\"is_pro\";s:1:\"1\";s:12:\"access_level\";i:1;}i:94;a:19:{s:4:\"tmpl\";i:1378;s:2:\"id\";i:23416;s:5:\"title\";s:31:\"Fly-In | Discount | Halloween 4\";s:9:\"thumbnail\";s:78:\"https://library.elementor.com/wp-content/uploads/2022/03/Halloween-5-Small.jpg\";s:12:\"tmpl_created\";i:1647858024;s:6:\"author\";s:9:\"Elementor\";s:3:\"url\";s:133:\"https://library.elementor.com/popups/fly-in-discount-halloween-4/?utm_source=template-library&utm_medium=wp-dash&utm_campaign=preview\";s:4:\"type\";s:5:\"popup\";s:11:\"access_tier\";s:9:\"essential\";s:7:\"subtype\";s:6:\"fly-in\";s:4:\"tags\";s:44:\"[\"Discount\",\"Ecommerce\",\"Halloween\",\"Offer\"]\";s:10:\"menu_order\";i:0;s:16:\"popularity_index\";i:-1;s:11:\"trend_index\";i:-1;s:18:\"editor_layout_type\";s:0:\"\";s:15:\"minimum_version\";s:5:\"0.0.0\";s:17:\"has_page_settings\";s:1:\"1\";s:6:\"is_pro\";s:1:\"1\";s:12:\"access_level\";i:1;}i:95;a:19:{s:4:\"tmpl\";i:1379;s:2:\"id\";i:23422;s:5:\"title\";s:36:\"Classic | Subscription | Halloween 5\";s:9:\"thumbnail\";s:78:\"https://library.elementor.com/wp-content/uploads/2022/03/Halloween-4-Small.jpg\";s:12:\"tmpl_created\";i:1647858246;s:6:\"author\";s:9:\"Elementor\";s:3:\"url\";s:138:\"https://library.elementor.com/popups/classic-subscription-halloween-5/?utm_source=template-library&utm_medium=wp-dash&utm_campaign=preview\";s:4:\"type\";s:5:\"popup\";s:11:\"access_tier\";s:9:\"essential\";s:7:\"subtype\";s:7:\"classic\";s:4:\"tags\";s:48:\"[\"Discount\",\"Ecommerce\",\"Halloween\",\"Subscribe\"]\";s:10:\"menu_order\";i:0;s:16:\"popularity_index\";i:-1;s:11:\"trend_index\";i:-1;s:18:\"editor_layout_type\";s:0:\"\";s:15:\"minimum_version\";s:5:\"0.0.0\";s:17:\"has_page_settings\";s:1:\"1\";s:6:\"is_pro\";s:1:\"1\";s:12:\"access_level\";i:1;}i:96;a:19:{s:4:\"tmpl\";i:1380;s:2:\"id\";i:23471;s:5:\"title\";s:28:\"Slide-In | CTA | Christmas 1\";s:9:\"thumbnail\";s:78:\"https://library.elementor.com/wp-content/uploads/2022/03/Christmas-2-Small.jpg\";s:12:\"tmpl_created\";i:1647859193;s:6:\"author\";s:9:\"Elementor\";s:3:\"url\";s:130:\"https://library.elementor.com/popups/slide-in-cta-christmas-1/?utm_source=template-library&utm_medium=wp-dash&utm_campaign=preview\";s:4:\"type\";s:5:\"popup\";s:11:\"access_tier\";s:9:\"essential\";s:7:\"subtype\";s:8:\"slide-in\";s:4:\"tags\";s:19:\"[\"Christmas\",\"cta\"]\";s:10:\"menu_order\";i:0;s:16:\"popularity_index\";i:-1;s:11:\"trend_index\";i:-1;s:18:\"editor_layout_type\";s:0:\"\";s:15:\"minimum_version\";s:5:\"0.0.0\";s:17:\"has_page_settings\";s:1:\"1\";s:6:\"is_pro\";s:1:\"1\";s:12:\"access_level\";i:1;}i:97;a:19:{s:4:\"tmpl\";i:1381;s:2:\"id\";i:23477;s:5:\"title\";s:28:\"Slide-In | CTA | Christmas 2\";s:9:\"thumbnail\";s:78:\"https://library.elementor.com/wp-content/uploads/2022/03/Christmas-4-Small.jpg\";s:12:\"tmpl_created\";i:1647859838;s:6:\"author\";s:9:\"Elementor\";s:3:\"url\";s:130:\"https://library.elementor.com/popups/slide-in-cta-christmas-2/?utm_source=template-library&utm_medium=wp-dash&utm_campaign=preview\";s:4:\"type\";s:5:\"popup\";s:11:\"access_tier\";s:9:\"essential\";s:7:\"subtype\";s:8:\"slide-in\";s:4:\"tags\";s:19:\"[\"Christmas\",\"cta\"]\";s:10:\"menu_order\";i:0;s:16:\"popularity_index\";i:-1;s:11:\"trend_index\";i:-1;s:18:\"editor_layout_type\";s:0:\"\";s:15:\"minimum_version\";s:5:\"0.0.0\";s:17:\"has_page_settings\";s:1:\"1\";s:6:\"is_pro\";s:1:\"1\";s:12:\"access_level\";i:1;}i:98;a:19:{s:4:\"tmpl\";i:1382;s:2:\"id\";i:23483;s:5:\"title\";s:26:\"Fly-In | CTA | Christmas 3\";s:9:\"thumbnail\";s:78:\"https://library.elementor.com/wp-content/uploads/2022/03/Christmas-1-Small.jpg\";s:12:\"tmpl_created\";i:1647860157;s:6:\"author\";s:9:\"Elementor\";s:3:\"url\";s:128:\"https://library.elementor.com/popups/fly-in-cta-christmas-3/?utm_source=template-library&utm_medium=wp-dash&utm_campaign=preview\";s:4:\"type\";s:5:\"popup\";s:11:\"access_tier\";s:9:\"essential\";s:7:\"subtype\";s:6:\"fly-in\";s:4:\"tags\";s:31:\"[\"Christmas\",\"cta\",\"Ecommerce\"]\";s:10:\"menu_order\";i:0;s:16:\"popularity_index\";i:-1;s:11:\"trend_index\";i:-1;s:18:\"editor_layout_type\";s:0:\"\";s:15:\"minimum_version\";s:5:\"0.0.0\";s:17:\"has_page_settings\";s:1:\"1\";s:6:\"is_pro\";s:1:\"1\";s:12:\"access_level\";i:1;}i:99;a:19:{s:4:\"tmpl\";i:1383;s:2:\"id\";i:23489;s:5:\"title\";s:33:\"Slide-In | Discount | Christmas 4\";s:9:\"thumbnail\";s:78:\"https://library.elementor.com/wp-content/uploads/2022/03/Christmas-5-Small.jpg\";s:12:\"tmpl_created\";i:1647860302;s:6:\"author\";s:9:\"Elementor\";s:3:\"url\";s:135:\"https://library.elementor.com/popups/slide-in-discount-christmas-4/?utm_source=template-library&utm_medium=wp-dash&utm_campaign=preview\";s:4:\"type\";s:5:\"popup\";s:11:\"access_tier\";s:9:\"essential\";s:7:\"subtype\";s:8:\"slide-in\";s:4:\"tags\";s:31:\"[\"Christmas\",\"cta\",\"Ecommerce\"]\";s:10:\"menu_order\";i:0;s:16:\"popularity_index\";i:-1;s:11:\"trend_index\";i:-1;s:18:\"editor_layout_type\";s:0:\"\";s:15:\"minimum_version\";s:5:\"0.0.0\";s:17:\"has_page_settings\";s:1:\"1\";s:6:\"is_pro\";s:1:\"1\";s:12:\"access_level\";i:1;}i:100;a:19:{s:4:\"tmpl\";i:1384;s:2:\"id\";i:23496;s:5:\"title\";s:32:\"Classic | Discount | Christmas 5\";s:9:\"thumbnail\";s:78:\"https://library.elementor.com/wp-content/uploads/2022/03/Christmas-3-Small.jpg\";s:12:\"tmpl_created\";i:1647860454;s:6:\"author\";s:9:\"Elementor\";s:3:\"url\";s:134:\"https://library.elementor.com/popups/classic-discount-christmas-5/?utm_source=template-library&utm_medium=wp-dash&utm_campaign=preview\";s:4:\"type\";s:5:\"popup\";s:11:\"access_tier\";s:9:\"essential\";s:7:\"subtype\";s:7:\"classic\";s:4:\"tags\";s:29:\"[\"Christmas\",\"Offer\",\"Sales\"]\";s:10:\"menu_order\";i:0;s:16:\"popularity_index\";i:-1;s:11:\"trend_index\";i:-1;s:18:\"editor_layout_type\";s:0:\"\";s:15:\"minimum_version\";s:5:\"0.0.0\";s:17:\"has_page_settings\";s:1:\"1\";s:6:\"is_pro\";s:1:\"1\";s:12:\"access_level\";i:1;}i:101;a:19:{s:4:\"tmpl\";i:1385;s:2:\"id\";i:23523;s:5:\"title\";s:30:\"Classic | CTA | Valentines Day\";s:9:\"thumbnail\";s:83:\"https://library.elementor.com/wp-content/uploads/2022/03/Valentines-Day-2-Small.jpg\";s:12:\"tmpl_created\";i:1647860912;s:6:\"author\";s:9:\"Elementor\";s:3:\"url\";s:132:\"https://library.elementor.com/popups/classic-cta-valentines-day/?utm_source=template-library&utm_medium=wp-dash&utm_campaign=preview\";s:4:\"type\";s:5:\"popup\";s:11:\"access_tier\";s:9:\"essential\";s:7:\"subtype\";s:7:\"classic\";s:4:\"tags\";s:25:\"[\"cta\",\"Valentine\'s Day\"]\";s:10:\"menu_order\";i:0;s:16:\"popularity_index\";i:-1;s:11:\"trend_index\";i:-1;s:18:\"editor_layout_type\";s:0:\"\";s:15:\"minimum_version\";s:5:\"0.0.0\";s:17:\"has_page_settings\";s:1:\"1\";s:6:\"is_pro\";s:1:\"1\";s:12:\"access_level\";i:1;}i:102;a:19:{s:4:\"tmpl\";i:1386;s:2:\"id\";i:23529;s:5:\"title\";s:39:\"Hello Bar | Discount | Valentines Day 2\";s:9:\"thumbnail\";s:83:\"https://library.elementor.com/wp-content/uploads/2022/03/Valentines-Day-1-Small.jpg\";s:12:\"tmpl_created\";i:1647861064;s:6:\"author\";s:9:\"Elementor\";s:3:\"url\";s:141:\"https://library.elementor.com/popups/hello-bar-discount-valentines-day-2/?utm_source=template-library&utm_medium=wp-dash&utm_campaign=preview\";s:4:\"type\";s:5:\"popup\";s:11:\"access_tier\";s:9:\"essential\";s:7:\"subtype\";s:9:\"hello bar\";s:4:\"tags\";s:30:\"[\"Discount\",\"Valentine\'s Day\"]\";s:10:\"menu_order\";i:0;s:16:\"popularity_index\";i:-1;s:11:\"trend_index\";i:-1;s:18:\"editor_layout_type\";s:0:\"\";s:15:\"minimum_version\";s:5:\"0.0.0\";s:17:\"has_page_settings\";s:1:\"1\";s:6:\"is_pro\";s:1:\"1\";s:12:\"access_level\";i:1;}i:103;a:19:{s:4:\"tmpl\";i:1387;s:2:\"id\";i:23536;s:5:\"title\";s:32:\"Classic | CTA | Valentines Day 3\";s:9:\"thumbnail\";s:83:\"https://library.elementor.com/wp-content/uploads/2022/03/Valentines-Day-3-Small.jpg\";s:12:\"tmpl_created\";i:1647861536;s:6:\"author\";s:9:\"Elementor\";s:3:\"url\";s:134:\"https://library.elementor.com/popups/classic-cta-valentines-day-3/?utm_source=template-library&utm_medium=wp-dash&utm_campaign=preview\";s:4:\"type\";s:5:\"popup\";s:11:\"access_tier\";s:9:\"essential\";s:7:\"subtype\";s:7:\"classic\";s:4:\"tags\";s:25:\"[\"cta\",\"Valentine\'s Day\"]\";s:10:\"menu_order\";i:0;s:16:\"popularity_index\";i:-1;s:11:\"trend_index\";i:-1;s:18:\"editor_layout_type\";s:0:\"\";s:15:\"minimum_version\";s:5:\"0.0.0\";s:17:\"has_page_settings\";s:1:\"1\";s:6:\"is_pro\";s:1:\"1\";s:12:\"access_level\";i:1;}i:104;a:19:{s:4:\"tmpl\";i:1388;s:2:\"id\";i:23586;s:5:\"title\";s:51:\"Fly-In | Subscribe | Health &#038; Wellness Company\";s:9:\"thumbnail\";s:103:\"https://library.elementor.com/wp-content/uploads/2022/03/35-Subscribe-Health-Wellness-Company-Small.jpg\";s:12:\"tmpl_created\";i:1647862008;s:6:\"author\";s:9:\"Elementor\";s:3:\"url\";s:146:\"https://library.elementor.com/popups/fly-in-subscribe-health-wellness-company/?utm_source=template-library&utm_medium=wp-dash&utm_campaign=preview\";s:4:\"type\";s:5:\"popup\";s:11:\"access_tier\";s:9:\"essential\";s:7:\"subtype\";s:4:\"page\";s:4:\"tags\";s:24:\"[\"Business\",\"Subscribe\"]\";s:10:\"menu_order\";i:0;s:16:\"popularity_index\";i:-1;s:11:\"trend_index\";i:-1;s:18:\"editor_layout_type\";s:0:\"\";s:15:\"minimum_version\";s:5:\"0.0.0\";s:17:\"has_page_settings\";s:1:\"1\";s:6:\"is_pro\";s:1:\"1\";s:12:\"access_level\";i:1;}i:105;a:19:{s:4:\"tmpl\";i:1389;s:2:\"id\";i:23592;s:5:\"title\";s:34:\"Classic | Subscribe | Tech Company\";s:9:\"thumbnail\";s:92:\"https://library.elementor.com/wp-content/uploads/2022/03/36-Subscribe-Tech-Company-Small.jpg\";s:12:\"tmpl_created\";i:1647866706;s:6:\"author\";s:9:\"Elementor\";s:3:\"url\";s:136:\"https://library.elementor.com/popups/classic-subscribe-tech-company/?utm_source=template-library&utm_medium=wp-dash&utm_campaign=preview\";s:4:\"type\";s:5:\"popup\";s:11:\"access_tier\";s:9:\"essential\";s:7:\"subtype\";s:7:\"classic\";s:4:\"tags\";s:25:\"[\"Marketing\",\"Subscribe\"]\";s:10:\"menu_order\";i:0;s:16:\"popularity_index\";i:-1;s:11:\"trend_index\";i:-1;s:18:\"editor_layout_type\";s:0:\"\";s:15:\"minimum_version\";s:5:\"0.0.0\";s:17:\"has_page_settings\";s:1:\"1\";s:6:\"is_pro\";s:1:\"1\";s:12:\"access_level\";i:1;}i:106;a:19:{s:4:\"tmpl\";i:1390;s:2:\"id\";i:23598;s:5:\"title\";s:36:\"Classic | Contact Us | Fight Classes\";s:9:\"thumbnail\";s:94:\"https://library.elementor.com/wp-content/uploads/2022/03/37-Contact-Us-Fight-Classes-Small.jpg\";s:12:\"tmpl_created\";i:1647866869;s:6:\"author\";s:9:\"Elementor\";s:3:\"url\";s:138:\"https://library.elementor.com/popups/classic-contact-us-fight-classes/?utm_source=template-library&utm_medium=wp-dash&utm_campaign=preview\";s:4:\"type\";s:5:\"popup\";s:11:\"access_tier\";s:9:\"essential\";s:7:\"subtype\";s:7:\"classic\";s:4:\"tags\";s:23:\"[\"Contact\",\"Marketing\"]\";s:10:\"menu_order\";i:0;s:16:\"popularity_index\";i:-1;s:11:\"trend_index\";i:-1;s:18:\"editor_layout_type\";s:0:\"\";s:15:\"minimum_version\";s:5:\"0.0.0\";s:17:\"has_page_settings\";s:1:\"1\";s:6:\"is_pro\";s:1:\"1\";s:12:\"access_level\";i:1;}i:107;a:19:{s:4:\"tmpl\";i:1391;s:2:\"id\";i:23611;s:5:\"title\";s:31:\"Classic | CTA | Mochi Shop Sale\";s:9:\"thumbnail\";s:99:\"https://library.elementor.com/wp-content/uploads/2022/03/39-Click-Through-Mochi-Shop-Sale-Small.jpg\";s:12:\"tmpl_created\";i:1647867750;s:6:\"author\";s:9:\"Elementor\";s:3:\"url\";s:133:\"https://library.elementor.com/popups/classic-cta-mochi-shop-sale/?utm_source=template-library&utm_medium=wp-dash&utm_campaign=preview\";s:4:\"type\";s:5:\"popup\";s:11:\"access_tier\";s:9:\"essential\";s:7:\"subtype\";s:7:\"classic\";s:4:\"tags\";s:23:\"[\"cta\",\"Offer\",\"Sales\"]\";s:10:\"menu_order\";i:0;s:16:\"popularity_index\";i:-1;s:11:\"trend_index\";i:-1;s:18:\"editor_layout_type\";s:0:\"\";s:15:\"minimum_version\";s:5:\"0.0.0\";s:17:\"has_page_settings\";s:1:\"1\";s:6:\"is_pro\";s:1:\"1\";s:12:\"access_level\";i:1;}i:108;a:19:{s:4:\"tmpl\";i:1392;s:2:\"id\";i:23618;s:5:\"title\";s:28:\"Classic | CTA | Fashion Shop\";s:9:\"thumbnail\";s:96:\"https://library.elementor.com/wp-content/uploads/2022/03/40-Click-Through-Fashion-Shop-Small.jpg\";s:12:\"tmpl_created\";i:1647868251;s:6:\"author\";s:9:\"Elementor\";s:3:\"url\";s:130:\"https://library.elementor.com/popups/classic-cta-fashion-shop/?utm_source=template-library&utm_medium=wp-dash&utm_campaign=preview\";s:4:\"type\";s:5:\"popup\";s:11:\"access_tier\";s:9:\"essential\";s:7:\"subtype\";s:7:\"classic\";s:4:\"tags\";s:19:\"[\"cta\",\"Ecommerce\"]\";s:10:\"menu_order\";i:0;s:16:\"popularity_index\";i:-1;s:11:\"trend_index\";i:-1;s:18:\"editor_layout_type\";s:0:\"\";s:15:\"minimum_version\";s:5:\"0.0.0\";s:17:\"has_page_settings\";s:1:\"1\";s:6:\"is_pro\";s:1:\"1\";s:12:\"access_level\";i:1;}i:109;a:19:{s:4:\"tmpl\";i:1393;s:2:\"id\";i:23624;s:5:\"title\";s:29:\"Fly-In | Login | Tech Company\";s:9:\"thumbnail\";s:88:\"https://library.elementor.com/wp-content/uploads/2022/03/41-Login-Tech-Company-Small.jpg\";s:12:\"tmpl_created\";i:1647868704;s:6:\"author\";s:9:\"Elementor\";s:3:\"url\";s:131:\"https://library.elementor.com/popups/fly-in-login-tech-company/?utm_source=template-library&utm_medium=wp-dash&utm_campaign=preview\";s:4:\"type\";s:5:\"popup\";s:11:\"access_tier\";s:9:\"essential\";s:7:\"subtype\";s:6:\"fly-in\";s:4:\"tags\";s:9:\"[\"Login\"]\";s:10:\"menu_order\";i:0;s:16:\"popularity_index\";i:-1;s:11:\"trend_index\";i:-1;s:18:\"editor_layout_type\";s:0:\"\";s:15:\"minimum_version\";s:5:\"0.0.0\";s:17:\"has_page_settings\";s:1:\"1\";s:6:\"is_pro\";s:1:\"1\";s:12:\"access_level\";i:1;}i:110;a:19:{s:4:\"tmpl\";i:1394;s:2:\"id\";i:23630;s:5:\"title\";s:36:\"Fly-In | Verification | Liquor Store\";s:9:\"thumbnail\";s:95:\"https://library.elementor.com/wp-content/uploads/2022/03/42-Verification-Liquor-Store-Small.jpg\";s:12:\"tmpl_created\";i:1647870308;s:6:\"author\";s:9:\"Elementor\";s:3:\"url\";s:138:\"https://library.elementor.com/popups/fly-in-verification-liquor-store/?utm_source=template-library&utm_medium=wp-dash&utm_campaign=preview\";s:4:\"type\";s:5:\"popup\";s:11:\"access_tier\";s:9:\"essential\";s:7:\"subtype\";s:6:\"fly-in\";s:4:\"tags\";s:16:\"[\"Verification\"]\";s:10:\"menu_order\";i:0;s:16:\"popularity_index\";i:-1;s:11:\"trend_index\";i:-1;s:18:\"editor_layout_type\";s:0:\"\";s:15:\"minimum_version\";s:5:\"0.0.0\";s:17:\"has_page_settings\";s:1:\"1\";s:6:\"is_pro\";s:1:\"1\";s:12:\"access_level\";i:1;}i:111;a:19:{s:4:\"tmpl\";i:1395;s:2:\"id\";i:23636;s:5:\"title\";s:39:\"Hello Bar | Subscribe | Online Magazine\";s:9:\"thumbnail\";s:95:\"https://library.elementor.com/wp-content/uploads/2022/03/44-Subscribe-Online-Magazine-Small.jpg\";s:12:\"tmpl_created\";i:1647870465;s:6:\"author\";s:9:\"Elementor\";s:3:\"url\";s:141:\"https://library.elementor.com/popups/hello-bar-subscribe-online-magazine/?utm_source=template-library&utm_medium=wp-dash&utm_campaign=preview\";s:4:\"type\";s:5:\"popup\";s:11:\"access_tier\";s:9:\"essential\";s:7:\"subtype\";s:9:\"hello bar\";s:4:\"tags\";s:20:\"[\"Blog\",\"Subscribe\"]\";s:10:\"menu_order\";i:0;s:16:\"popularity_index\";i:-1;s:11:\"trend_index\";i:-1;s:18:\"editor_layout_type\";s:0:\"\";s:15:\"minimum_version\";s:5:\"0.0.0\";s:17:\"has_page_settings\";s:1:\"1\";s:6:\"is_pro\";s:1:\"1\";s:12:\"access_level\";i:1;}i:112;a:19:{s:4:\"tmpl\";i:1396;s:2:\"id\";i:23642;s:5:\"title\";s:27:\"Fly-In | Login | Health Spa\";s:9:\"thumbnail\";s:86:\"https://library.elementor.com/wp-content/uploads/2022/03/43-Login-Health-Spa-Small.jpg\";s:12:\"tmpl_created\";i:1647872427;s:6:\"author\";s:9:\"Elementor\";s:3:\"url\";s:129:\"https://library.elementor.com/popups/fly-in-login-health-spa/?utm_source=template-library&utm_medium=wp-dash&utm_campaign=preview\";s:4:\"type\";s:5:\"popup\";s:11:\"access_tier\";s:9:\"essential\";s:7:\"subtype\";s:6:\"fly-in\";s:4:\"tags\";s:20:\"[\"Login\",\"Services\"]\";s:10:\"menu_order\";i:0;s:16:\"popularity_index\";i:-1;s:11:\"trend_index\";i:-1;s:18:\"editor_layout_type\";s:0:\"\";s:15:\"minimum_version\";s:5:\"0.0.0\";s:17:\"has_page_settings\";s:1:\"1\";s:6:\"is_pro\";s:1:\"1\";s:12:\"access_level\";i:1;}i:113;a:19:{s:4:\"tmpl\";i:1397;s:2:\"id\";i:23648;s:5:\"title\";s:33:\"Fly-In | Verification | Wine Shop\";s:9:\"thumbnail\";s:92:\"https://library.elementor.com/wp-content/uploads/2022/03/45-Verification-Wine-Shop-Small.jpg\";s:12:\"tmpl_created\";i:1647872627;s:6:\"author\";s:9:\"Elementor\";s:3:\"url\";s:135:\"https://library.elementor.com/popups/fly-in-verification-wine-shop/?utm_source=template-library&utm_medium=wp-dash&utm_campaign=preview\";s:4:\"type\";s:5:\"popup\";s:11:\"access_tier\";s:9:\"essential\";s:7:\"subtype\";s:6:\"fly-in\";s:4:\"tags\";s:16:\"[\"Verification\"]\";s:10:\"menu_order\";i:0;s:16:\"popularity_index\";i:-1;s:11:\"trend_index\";i:-1;s:18:\"editor_layout_type\";s:0:\"\";s:15:\"minimum_version\";s:5:\"0.0.0\";s:17:\"has_page_settings\";s:1:\"1\";s:6:\"is_pro\";s:1:\"1\";s:12:\"access_level\";i:1;}i:114;a:19:{s:4:\"tmpl\";i:1421;s:2:\"id\";i:24235;s:5:\"title\";s:24:\"Ladydog Club &#8211; NFT\";s:9:\"thumbnail\";s:73:\"https://library.elementor.com/wp-content/uploads/2022/05/Ladydog_Club.jpg\";s:12:\"tmpl_created\";i:1651525072;s:6:\"author\";s:9:\"Elementor\";s:3:\"url\";s:118:\"https://library.elementor.com/lp/ladydog-club-nft/?utm_source=template-library&utm_medium=wp-dash&utm_campaign=preview\";s:4:\"type\";s:2:\"lp\";s:11:\"access_tier\";s:9:\"essential\";s:7:\"subtype\";s:3:\"NFT\";s:4:\"tags\";s:100:\"[\"Art\",\"Author\",\"Business\",\"Creative\",\"Design\",\"Gallery\",\"Landing Pages\",\"NFT\",\"Products\",\"Virtual\"]\";s:10:\"menu_order\";i:0;s:16:\"popularity_index\";i:-1;s:11:\"trend_index\";i:-1;s:18:\"editor_layout_type\";s:0:\"\";s:15:\"minimum_version\";s:5:\"0.0.0\";s:17:\"has_page_settings\";s:1:\"1\";s:6:\"is_pro\";s:1:\"1\";s:12:\"access_level\";i:1;}i:115;a:19:{s:4:\"tmpl\";i:1422;s:2:\"id\";i:24166;s:5:\"title\";s:15:\"Dot &#8211; NFT\";s:9:\"thumbnail\";s:72:\"https://library.elementor.com/wp-content/uploads/2022/05/Dot-250_280.jpg\";s:12:\"tmpl_created\";i:1651525117;s:6:\"author\";s:9:\"Elementor\";s:3:\"url\";s:109:\"https://library.elementor.com/lp/dot-nft/?utm_source=template-library&utm_medium=wp-dash&utm_campaign=preview\";s:4:\"type\";s:2:\"lp\";s:11:\"access_tier\";s:9:\"essential\";s:7:\"subtype\";s:3:\"NFT\";s:4:\"tags\";s:100:\"[\"Art\",\"Author\",\"Business\",\"Creative\",\"Design\",\"Gallery\",\"Landing Pages\",\"NFT\",\"Products\",\"Virtual\"]\";s:10:\"menu_order\";i:0;s:16:\"popularity_index\";i:-1;s:11:\"trend_index\";i:-1;s:18:\"editor_layout_type\";s:0:\"\";s:15:\"minimum_version\";s:5:\"0.0.0\";s:17:\"has_page_settings\";s:1:\"1\";s:6:\"is_pro\";s:1:\"1\";s:12:\"access_level\";i:1;}i:116;a:19:{s:4:\"tmpl\";i:1423;s:2:\"id\";i:24191;s:5:\"title\";s:28:\"Cosmic Neighbors &#8211; NFT\";s:9:\"thumbnail\";s:85:\"https://library.elementor.com/wp-content/uploads/2022/05/Cosmic_Neighbors-250_280.jpg\";s:12:\"tmpl_created\";i:1651525124;s:6:\"author\";s:9:\"Elementor\";s:3:\"url\";s:122:\"https://library.elementor.com/lp/cosmic-neighbors-nft/?utm_source=template-library&utm_medium=wp-dash&utm_campaign=preview\";s:4:\"type\";s:2:\"lp\";s:11:\"access_tier\";s:9:\"essential\";s:7:\"subtype\";s:3:\"NFT\";s:4:\"tags\";s:100:\"[\"Art\",\"Author\",\"Business\",\"Creative\",\"Design\",\"Gallery\",\"Landing Pages\",\"NFT\",\"Products\",\"Virtual\"]\";s:10:\"menu_order\";i:0;s:16:\"popularity_index\";i:-1;s:11:\"trend_index\";i:-1;s:18:\"editor_layout_type\";s:0:\"\";s:15:\"minimum_version\";s:5:\"0.0.0\";s:17:\"has_page_settings\";s:1:\"1\";s:6:\"is_pro\";s:1:\"1\";s:12:\"access_level\";i:1;}i:117;a:19:{s:4:\"tmpl\";i:1424;s:2:\"id\";i:24255;s:5:\"title\";s:30:\"Happy Food Friends &#8211; NFT\";s:9:\"thumbnail\";s:75:\"https://library.elementor.com/wp-content/uploads/2022/05/Featured_Image.jpg\";s:12:\"tmpl_created\";i:1651525475;s:6:\"author\";s:9:\"Elementor\";s:3:\"url\";s:124:\"https://library.elementor.com/lp/happy-food-friends-nft/?utm_source=template-library&utm_medium=wp-dash&utm_campaign=preview\";s:4:\"type\";s:2:\"lp\";s:11:\"access_tier\";s:9:\"essential\";s:7:\"subtype\";s:3:\"NFT\";s:4:\"tags\";s:100:\"[\"Art\",\"Author\",\"Business\",\"Creative\",\"Design\",\"Gallery\",\"Landing Pages\",\"NFT\",\"Products\",\"Virtual\"]\";s:10:\"menu_order\";i:0;s:16:\"popularity_index\";i:-1;s:11:\"trend_index\";i:-1;s:18:\"editor_layout_type\";s:0:\"\";s:15:\"minimum_version\";s:5:\"0.0.0\";s:17:\"has_page_settings\";s:1:\"1\";s:6:\"is_pro\";s:1:\"1\";s:12:\"access_level\";i:1;}i:118;a:19:{s:4:\"tmpl\";i:1443;s:2:\"id\";i:24599;s:5:\"title\";s:27:\"Wireframe &#8211; Courses 1\";s:9:\"thumbnail\";s:84:\"https://library.elementor.com/wp-content/uploads/2022/05/Wireframe-—-Courses-1.jpg\";s:12:\"tmpl_created\";i:1653989626;s:6:\"author\";s:9:\"Elementor\";s:3:\"url\";s:121:\"https://library.elementor.com/lp/wireframe-courses-1/?utm_source=template-library&utm_medium=wp-dash&utm_campaign=preview\";s:4:\"type\";s:2:\"lp\";s:11:\"access_tier\";s:4:\"free\";s:7:\"subtype\";s:9:\"Wireframe\";s:4:\"tags\";s:180:\"[\"About\",\"Academy\",\"Booking\",\"Business\",\"Course Online\",\"Features\",\"Footer\",\"Landing Pages\",\"Online Service\",\"Professional\",\"School\",\"Services\",\"Subscribe\",\"Teacher\",\"Testimonial\"]\";s:10:\"menu_order\";i:0;s:16:\"popularity_index\";i:-1;s:11:\"trend_index\";i:-1;s:18:\"editor_layout_type\";s:0:\"\";s:15:\"minimum_version\";s:5:\"0.0.0\";s:17:\"has_page_settings\";s:1:\"1\";s:6:\"is_pro\";s:1:\"0\";s:12:\"access_level\";i:0;}i:119;a:19:{s:4:\"tmpl\";i:1444;s:2:\"id\";i:24614;s:5:\"title\";s:28:\"Wireframe &#8211; Services 1\";s:9:\"thumbnail\";s:87:\"https://library.elementor.com/wp-content/uploads/2022/05/Wireframe-—-Services-1-2.jpg\";s:12:\"tmpl_created\";i:1653990084;s:6:\"author\";s:9:\"Elementor\";s:3:\"url\";s:122:\"https://library.elementor.com/lp/wireframe-services-1/?utm_source=template-library&utm_medium=wp-dash&utm_campaign=preview\";s:4:\"type\";s:2:\"lp\";s:11:\"access_tier\";s:9:\"essential\";s:7:\"subtype\";s:9:\"Wireframe\";s:4:\"tags\";s:139:\"[\"About\",\"Business\",\"Contact\",\"Features\",\"Footer\",\"Form\",\"Header\",\"Landing Pages\",\"Online Service\",\"Professional\",\"Services\",\"Testimonial\"]\";s:10:\"menu_order\";i:0;s:16:\"popularity_index\";i:-1;s:11:\"trend_index\";i:-1;s:18:\"editor_layout_type\";s:0:\"\";s:15:\"minimum_version\";s:5:\"0.0.0\";s:17:\"has_page_settings\";s:1:\"1\";s:6:\"is_pro\";s:1:\"1\";s:12:\"access_level\";i:1;}i:120;a:19:{s:4:\"tmpl\";i:1445;s:2:\"id\";i:24629;s:5:\"title\";s:28:\"Wireframe &#8211; Services 2\";s:9:\"thumbnail\";s:87:\"https://library.elementor.com/wp-content/uploads/2022/05/Wireframe-—-Services-2-2.jpg\";s:12:\"tmpl_created\";i:1653990132;s:6:\"author\";s:9:\"Elementor\";s:3:\"url\";s:122:\"https://library.elementor.com/lp/wireframe-services-2/?utm_source=template-library&utm_medium=wp-dash&utm_campaign=preview\";s:4:\"type\";s:2:\"lp\";s:11:\"access_tier\";s:9:\"essential\";s:7:\"subtype\";s:9:\"Wireframe\";s:4:\"tags\";s:123:\"[\"About\",\"Business\",\"Contact\",\"Features\",\"Footer\",\"Form\",\"Gallery\",\"Landing Pages\",\"Professional\",\"Services\",\"Testimonial\"]\";s:10:\"menu_order\";i:0;s:16:\"popularity_index\";i:-1;s:11:\"trend_index\";i:-1;s:18:\"editor_layout_type\";s:0:\"\";s:15:\"minimum_version\";s:5:\"0.0.0\";s:17:\"has_page_settings\";s:1:\"1\";s:6:\"is_pro\";s:1:\"1\";s:12:\"access_level\";i:1;}i:121;a:19:{s:4:\"tmpl\";i:1446;s:2:\"id\";i:24644;s:5:\"title\";s:27:\"Wireframe &#8211; Webinar 1\";s:9:\"thumbnail\";s:84:\"https://library.elementor.com/wp-content/uploads/2022/05/Wireframe-—-Webinar-1.jpg\";s:12:\"tmpl_created\";i:1653990164;s:6:\"author\";s:9:\"Elementor\";s:3:\"url\";s:121:\"https://library.elementor.com/lp/wireframe-webinar-1/?utm_source=template-library&utm_medium=wp-dash&utm_campaign=preview\";s:4:\"type\";s:2:\"lp\";s:11:\"access_tier\";s:9:\"essential\";s:7:\"subtype\";s:9:\"Wireframe\";s:4:\"tags\";s:177:\"[\"About\",\"Academy\",\"Booking\",\"Conference\",\"Course Online\",\"Education\",\"Features\",\"Footer\",\"Form\",\"Landing Pages\",\"Online Event\",\"Online Service\",\"Subscribe\",\"Virtual\",\"Webinar\"]\";s:10:\"menu_order\";i:0;s:16:\"popularity_index\";i:-1;s:11:\"trend_index\";i:-1;s:18:\"editor_layout_type\";s:0:\"\";s:15:\"minimum_version\";s:5:\"0.0.0\";s:17:\"has_page_settings\";s:1:\"1\";s:6:\"is_pro\";s:1:\"1\";s:12:\"access_level\";i:1;}i:122;a:19:{s:4:\"tmpl\";i:1447;s:2:\"id\";i:24655;s:5:\"title\";s:28:\"Wireframe &#8211; Services 3\";s:9:\"thumbnail\";s:87:\"https://library.elementor.com/wp-content/uploads/2022/05/Wireframe-—-Services-3-2.jpg\";s:12:\"tmpl_created\";i:1653990198;s:6:\"author\";s:9:\"Elementor\";s:3:\"url\";s:122:\"https://library.elementor.com/lp/wireframe-services-3/?utm_source=template-library&utm_medium=wp-dash&utm_campaign=preview\";s:4:\"type\";s:2:\"lp\";s:11:\"access_tier\";s:9:\"essential\";s:7:\"subtype\";s:9:\"Wireframe\";s:4:\"tags\";s:143:\"[\"About\",\"Agency\",\"Business\",\"Contact\",\"Footer\",\"Form\",\"Gallery\",\"Landing Pages\",\"Portfolio\",\"Professional\",\"Project\",\"Services\",\"Testimonial\"]\";s:10:\"menu_order\";i:0;s:16:\"popularity_index\";i:-1;s:11:\"trend_index\";i:-1;s:18:\"editor_layout_type\";s:0:\"\";s:15:\"minimum_version\";s:5:\"0.0.0\";s:17:\"has_page_settings\";s:1:\"1\";s:6:\"is_pro\";s:1:\"1\";s:12:\"access_level\";i:1;}i:123;a:19:{s:4:\"tmpl\";i:1448;s:2:\"id\";i:24677;s:5:\"title\";s:28:\"Wireframe &#8211; Services 4\";s:9:\"thumbnail\";s:85:\"https://library.elementor.com/wp-content/uploads/2022/05/Wireframe-—-Services-4.jpg\";s:12:\"tmpl_created\";i:1653990233;s:6:\"author\";s:9:\"Elementor\";s:3:\"url\";s:122:\"https://library.elementor.com/lp/wireframe-services-4/?utm_source=template-library&utm_medium=wp-dash&utm_campaign=preview\";s:4:\"type\";s:2:\"lp\";s:11:\"access_tier\";s:9:\"essential\";s:7:\"subtype\";s:9:\"Wireframe\";s:4:\"tags\";s:102:\"[\"About\",\"Business\",\"Contact\",\"Footer\",\"Form\",\"Landing Pages\",\"Professional\",\"Services\",\"Testimonial\"]\";s:10:\"menu_order\";i:0;s:16:\"popularity_index\";i:-1;s:11:\"trend_index\";i:-1;s:18:\"editor_layout_type\";s:0:\"\";s:15:\"minimum_version\";s:5:\"0.0.0\";s:17:\"has_page_settings\";s:1:\"1\";s:6:\"is_pro\";s:1:\"1\";s:12:\"access_level\";i:1;}i:124;a:19:{s:4:\"tmpl\";i:1449;s:2:\"id\";i:24687;s:5:\"title\";s:28:\"Wireframe &#8211; Products 1\";s:9:\"thumbnail\";s:85:\"https://library.elementor.com/wp-content/uploads/2022/05/Wireframe-—-Products-1.jpg\";s:12:\"tmpl_created\";i:1653990273;s:6:\"author\";s:9:\"Elementor\";s:3:\"url\";s:122:\"https://library.elementor.com/lp/wireframe-products-1/?utm_source=template-library&utm_medium=wp-dash&utm_campaign=preview\";s:4:\"type\";s:2:\"lp\";s:11:\"access_tier\";s:4:\"free\";s:7:\"subtype\";s:9:\"Wireframe\";s:4:\"tags\";s:128:\"[\"About\",\"Booking\",\"Business\",\"Clients\",\"Ecommerce\",\"Features\",\"Footer\",\"Landing Pages\",\"Products\",\"Sales\",\"Shop\",\"Testimonial\"]\";s:10:\"menu_order\";i:0;s:16:\"popularity_index\";i:-1;s:11:\"trend_index\";i:-1;s:18:\"editor_layout_type\";s:0:\"\";s:15:\"minimum_version\";s:5:\"0.0.0\";s:17:\"has_page_settings\";s:1:\"1\";s:6:\"is_pro\";s:1:\"0\";s:12:\"access_level\";i:0;}i:125;a:19:{s:4:\"tmpl\";i:1450;s:2:\"id\";i:24706;s:5:\"title\";s:28:\"Wireframe &#8211; Services 5\";s:9:\"thumbnail\";s:85:\"https://library.elementor.com/wp-content/uploads/2022/05/Wireframe-—-Services-5.jpg\";s:12:\"tmpl_created\";i:1653990322;s:6:\"author\";s:9:\"Elementor\";s:3:\"url\";s:122:\"https://library.elementor.com/lp/wireframe-services-5/?utm_source=template-library&utm_medium=wp-dash&utm_campaign=preview\";s:4:\"type\";s:2:\"lp\";s:11:\"access_tier\";s:9:\"essential\";s:7:\"subtype\";s:9:\"Wireframe\";s:4:\"tags\";s:149:\"[\"About\",\"Booking\",\"Consulting\",\"Contact\",\"Doctor\",\"Footer\",\"Form\",\"Header\",\"Landing Pages\",\"Online Service\",\"Professional\",\"Services\",\"Testimonial\"]\";s:10:\"menu_order\";i:0;s:16:\"popularity_index\";i:-1;s:11:\"trend_index\";i:-1;s:18:\"editor_layout_type\";s:0:\"\";s:15:\"minimum_version\";s:5:\"0.0.0\";s:17:\"has_page_settings\";s:1:\"1\";s:6:\"is_pro\";s:1:\"1\";s:12:\"access_level\";i:1;}i:126;a:19:{s:4:\"tmpl\";i:1451;s:2:\"id\";i:23604;s:5:\"title\";s:38:\"Classic | Subscribe | Nail Polish Shop\";s:9:\"thumbnail\";s:96:\"https://library.elementor.com/wp-content/uploads/2022/03/38-Subscribe-Nail-Polish-Shop-Small.jpg\";s:12:\"tmpl_created\";i:1660205114;s:6:\"author\";s:9:\"Elementor\";s:3:\"url\";s:140:\"https://library.elementor.com/popups/classic-subscribe-nail-polish-shop/?utm_source=template-library&utm_medium=wp-dash&utm_campaign=preview\";s:4:\"type\";s:5:\"popup\";s:11:\"access_tier\";s:9:\"essential\";s:7:\"subtype\";s:7:\"classic\";s:4:\"tags\";s:20:\"[\"Blog\",\"Subscribe\"]\";s:10:\"menu_order\";i:0;s:16:\"popularity_index\";i:-1;s:11:\"trend_index\";i:-1;s:18:\"editor_layout_type\";s:0:\"\";s:15:\"minimum_version\";s:5:\"0.0.0\";s:17:\"has_page_settings\";s:1:\"1\";s:6:\"is_pro\";s:1:\"1\";s:12:\"access_level\";i:1;}i:127;a:19:{s:4:\"tmpl\";i:1452;s:2:\"id\";i:23047;s:5:\"title\";s:46:\"Fly-In | Contact | Health &#038; Fitness eBook\";s:9:\"thumbnail\";s:80:\"https://library.elementor.com/wp-content/uploads/2022/03/fitness-ebook-small.jpg\";s:12:\"tmpl_created\";i:1660205149;s:6:\"author\";s:9:\"Elementor\";s:3:\"url\";s:141:\"https://library.elementor.com/popups/fly-in-contact-health-fitness-ebook/?utm_source=template-library&utm_medium=wp-dash&utm_campaign=preview\";s:4:\"type\";s:5:\"popup\";s:11:\"access_tier\";s:9:\"essential\";s:7:\"subtype\";s:6:\"fly-in\";s:4:\"tags\";s:28:\"[\"Contact\",\"Ebook\",\"Health\"]\";s:10:\"menu_order\";i:0;s:16:\"popularity_index\";i:-1;s:11:\"trend_index\";i:-1;s:18:\"editor_layout_type\";s:0:\"\";s:15:\"minimum_version\";s:5:\"0.0.0\";s:17:\"has_page_settings\";s:1:\"1\";s:6:\"is_pro\";s:1:\"1\";s:12:\"access_level\";i:1;}i:128;a:19:{s:4:\"tmpl\";i:1199;s:2:\"id\";i:18839;s:5:\"title\";s:27:\"Hello Bar | CTA | eCommerce\";s:9:\"thumbnail\";s:68:\"https://library.elementor.com/wp-content/uploads/2021/05/350x250.png\";s:12:\"tmpl_created\";i:1621870603;s:6:\"author\";s:9:\"Elementor\";s:3:\"url\";s:129:\"https://library.elementor.com/popups/hello-bar-cta-ecommerce/?utm_source=template-library&utm_medium=wp-dash&utm_campaign=preview\";s:4:\"type\";s:5:\"popup\";s:11:\"access_tier\";s:9:\"essential\";s:7:\"subtype\";s:9:\"hello bar\";s:4:\"tags\";s:41:\"[\"Ecommerce\",\"Online Shop\",\"Sale\",\"Shop\"]\";s:10:\"menu_order\";i:0;s:16:\"popularity_index\";i:-1;s:11:\"trend_index\";i:-1;s:18:\"editor_layout_type\";s:0:\"\";s:15:\"minimum_version\";s:5:\"0.0.0\";s:17:\"has_page_settings\";s:1:\"1\";s:6:\"is_pro\";s:1:\"1\";s:12:\"access_level\";i:1;}i:129;a:19:{s:4:\"tmpl\";i:1247;s:2:\"id\";i:21907;s:5:\"title\";s:50:\"Fly-In | Team Details  | Electronic Music Festival\";s:9:\"thumbnail\";s:104:\"https://library.elementor.com/wp-content/uploads/2022/03/Kit-8-electronic-music-festival-CTA-image-1.jpg\";s:12:\"tmpl_created\";i:1646660881;s:6:\"author\";s:9:\"Elementor\";s:3:\"url\";s:157:\"https://library.elementor.com/popups/fly-in-team-details-popup-electronic-music-festival/?utm_source=template-library&utm_medium=wp-dash&utm_campaign=preview\";s:4:\"type\";s:5:\"popup\";s:11:\"access_tier\";s:9:\"essential\";s:7:\"subtype\";s:6:\"fly-in\";s:4:\"tags\";s:8:\"[\"Team\"]\";s:10:\"menu_order\";i:0;s:16:\"popularity_index\";i:-1;s:11:\"trend_index\";i:-1;s:18:\"editor_layout_type\";s:0:\"\";s:15:\"minimum_version\";s:5:\"0.0.0\";s:17:\"has_page_settings\";s:1:\"1\";s:6:\"is_pro\";s:1:\"1\";s:12:\"access_level\";i:1;}i:130;a:19:{s:4:\"tmpl\";i:1253;s:2:\"id\";i:22162;s:5:\"title\";s:46:\"Full Screen | Menu | Electronic Music Festival\";s:9:\"thumbnail\";s:90:\"https://library.elementor.com/wp-content/uploads/2022/03/8-music-festival-Team-Details.jpg\";s:12:\"tmpl_created\";i:1647272934;s:6:\"author\";s:9:\"Elementor\";s:3:\"url\";s:154:\"https://library.elementor.com/popups/full-screen-menu-popup-electronic-music-festival/?utm_source=template-library&utm_medium=wp-dash&utm_campaign=preview\";s:4:\"type\";s:5:\"popup\";s:11:\"access_tier\";s:9:\"essential\";s:7:\"subtype\";s:11:\"full screen\";s:4:\"tags\";s:21:\"[\"Fullscreen\",\"menu\"]\";s:10:\"menu_order\";i:0;s:16:\"popularity_index\";i:-1;s:11:\"trend_index\";i:-1;s:18:\"editor_layout_type\";s:0:\"\";s:15:\"minimum_version\";s:5:\"0.0.0\";s:17:\"has_page_settings\";s:1:\"1\";s:6:\"is_pro\";s:1:\"1\";s:12:\"access_level\";i:1;}i:131;a:19:{s:4:\"tmpl\";i:1254;s:2:\"id\";i:22172;s:5:\"title\";s:45:\"Classic | Discount | Health &#038; Beauty Spa\";s:9:\"thumbnail\";s:84:\"https://library.elementor.com/wp-content/uploads/2022/03/health-beauty-spa-small.jpg\";s:12:\"tmpl_created\";i:1647273547;s:6:\"author\";s:9:\"Elementor\";s:3:\"url\";s:146:\"https://library.elementor.com/popups/classic-discount-popup-health-beauty-spa/?utm_source=template-library&utm_medium=wp-dash&utm_campaign=preview\";s:4:\"type\";s:5:\"popup\";s:11:\"access_tier\";s:9:\"essential\";s:7:\"subtype\";s:7:\"classic\";s:4:\"tags\";s:36:\"[\"Hair\",\"Health\",\"Sales\",\"Services\"]\";s:10:\"menu_order\";i:0;s:16:\"popularity_index\";i:-1;s:11:\"trend_index\";i:-1;s:18:\"editor_layout_type\";s:0:\"\";s:15:\"minimum_version\";s:5:\"0.0.0\";s:17:\"has_page_settings\";s:1:\"1\";s:6:\"is_pro\";s:1:\"1\";s:12:\"access_level\";i:1;}i:132;a:19:{s:4:\"tmpl\";i:1255;s:2:\"id\";i:22183;s:5:\"title\";s:44:\"Hello Bar | CTA | Environmental Organization\";s:9:\"thumbnail\";s:104:\"https://library.elementor.com/wp-content/uploads/2022/03/11-Environmental-Organization-Click-Through.jpg\";s:12:\"tmpl_created\";i:1647274384;s:6:\"author\";s:9:\"Elementor\";s:3:\"url\";s:152:\"https://library.elementor.com/popups/hello-bar-cta-popup-environmental-organization/?utm_source=template-library&utm_medium=wp-dash&utm_campaign=preview\";s:4:\"type\";s:5:\"popup\";s:11:\"access_tier\";s:9:\"essential\";s:7:\"subtype\";s:9:\"hello bar\";s:4:\"tags\";s:7:\"[\"cta\"]\";s:10:\"menu_order\";i:0;s:16:\"popularity_index\";i:-1;s:11:\"trend_index\";i:-1;s:18:\"editor_layout_type\";s:0:\"\";s:15:\"minimum_version\";s:5:\"0.0.0\";s:17:\"has_page_settings\";s:1:\"1\";s:6:\"is_pro\";s:1:\"1\";s:12:\"access_level\";i:1;}i:133;a:19:{s:4:\"tmpl\";i:1256;s:2:\"id\";i:22195;s:5:\"title\";s:39:\"Classic | Discount | Italian Restaurant\";s:9:\"thumbnail\";s:77:\"https://library.elementor.com/wp-content/uploads/2022/03/restaurant-small.jpg\";s:12:\"tmpl_created\";i:1647329432;s:6:\"author\";s:9:\"Elementor\";s:3:\"url\";s:147:\"https://library.elementor.com/popups/classic-discount-popup-italian-restaurant/?utm_source=template-library&utm_medium=wp-dash&utm_campaign=preview\";s:4:\"type\";s:5:\"popup\";s:11:\"access_tier\";s:9:\"essential\";s:7:\"subtype\";s:7:\"classic\";s:4:\"tags\";s:22:\"[\"Restaurant\",\"Sales\"]\";s:10:\"menu_order\";i:0;s:16:\"popularity_index\";i:-1;s:11:\"trend_index\";i:-1;s:18:\"editor_layout_type\";s:0:\"\";s:15:\"minimum_version\";s:5:\"0.0.0\";s:17:\"has_page_settings\";s:1:\"1\";s:6:\"is_pro\";s:1:\"1\";s:12:\"access_level\";i:1;}i:134;a:19:{s:4:\"tmpl\";i:1257;s:2:\"id\";i:22210;s:5:\"title\";s:45:\"Bottom Bar | Discount | Technology Conference\";s:9:\"thumbnail\";s:82:\"https://library.elementor.com/wp-content/uploads/2022/03/tech-conference-small.jpg\";s:12:\"tmpl_created\";i:1647330423;s:6:\"author\";s:9:\"Elementor\";s:3:\"url\";s:153:\"https://library.elementor.com/popups/bottom-bar-discount-popup-technology-conference/?utm_source=template-library&utm_medium=wp-dash&utm_campaign=preview\";s:4:\"type\";s:5:\"popup\";s:11:\"access_tier\";s:9:\"essential\";s:7:\"subtype\";s:10:\"bottom bar\";s:4:\"tags\";s:38:\"[\"Conference\",\"Sales\",\"Save the Date\"]\";s:10:\"menu_order\";i:0;s:16:\"popularity_index\";i:-1;s:11:\"trend_index\";i:-1;s:18:\"editor_layout_type\";s:0:\"\";s:15:\"minimum_version\";s:5:\"0.0.0\";s:17:\"has_page_settings\";s:1:\"1\";s:6:\"is_pro\";s:1:\"1\";s:12:\"access_level\";i:1;}i:135;a:19:{s:4:\"tmpl\";i:1258;s:2:\"id\";i:22221;s:5:\"title\";s:32:\"Hello Bar | Menu | Tattoo Studio\";s:9:\"thumbnail\";s:82:\"https://library.elementor.com/wp-content/uploads/2022/03/tattoo-studio-small-1.jpg\";s:12:\"tmpl_created\";i:1647330705;s:6:\"author\";s:9:\"Elementor\";s:3:\"url\";s:140:\"https://library.elementor.com/popups/hello-bar-menu-popup-tattoo-studio/?utm_source=template-library&utm_medium=wp-dash&utm_campaign=preview\";s:4:\"type\";s:5:\"popup\";s:11:\"access_tier\";s:9:\"essential\";s:7:\"subtype\";s:9:\"hello bar\";s:4:\"tags\";s:17:\"[\"Header\",\"menu\"]\";s:10:\"menu_order\";i:0;s:16:\"popularity_index\";i:-1;s:11:\"trend_index\";i:-1;s:18:\"editor_layout_type\";s:0:\"\";s:15:\"minimum_version\";s:5:\"0.0.0\";s:17:\"has_page_settings\";s:1:\"1\";s:6:\"is_pro\";s:1:\"1\";s:12:\"access_level\";i:1;}i:136;a:19:{s:4:\"tmpl\";i:1259;s:2:\"id\";i:22231;s:5:\"title\";s:37:\"Full Screen | Booking | Tattoo Studio\";s:9:\"thumbnail\";s:80:\"https://library.elementor.com/wp-content/uploads/2022/03/tattoo-studio-small.jpg\";s:12:\"tmpl_created\";i:1647331823;s:6:\"author\";s:9:\"Elementor\";s:3:\"url\";s:145:\"https://library.elementor.com/popups/full-screen-booking-popup-tattoo-studio/?utm_source=template-library&utm_medium=wp-dash&utm_campaign=preview\";s:4:\"type\";s:5:\"popup\";s:11:\"access_tier\";s:9:\"essential\";s:7:\"subtype\";s:11:\"full screen\";s:4:\"tags\";s:32:\"[\"Booking\",\"Contact\",\"Services\"]\";s:10:\"menu_order\";i:0;s:16:\"popularity_index\";i:-1;s:11:\"trend_index\";i:-1;s:18:\"editor_layout_type\";s:0:\"\";s:15:\"minimum_version\";s:5:\"0.0.0\";s:17:\"has_page_settings\";s:1:\"1\";s:6:\"is_pro\";s:1:\"1\";s:12:\"access_level\";i:1;}i:137;a:19:{s:4:\"tmpl\";i:1260;s:2:\"id\";i:22251;s:5:\"title\";s:34:\"Classic | Discount | Dental Clinic\";s:9:\"thumbnail\";s:80:\"https://library.elementor.com/wp-content/uploads/2022/03/dental-clinic-small.jpg\";s:12:\"tmpl_created\";i:1647332171;s:6:\"author\";s:9:\"Elementor\";s:3:\"url\";s:142:\"https://library.elementor.com/popups/classic-discount-popup-dental-clinic/?utm_source=template-library&utm_medium=wp-dash&utm_campaign=preview\";s:4:\"type\";s:5:\"popup\";s:11:\"access_tier\";s:9:\"essential\";s:7:\"subtype\";s:7:\"classic\";s:4:\"tags\";s:30:\"[\"Health\",\"Marketing\",\"Sales\"]\";s:10:\"menu_order\";i:0;s:16:\"popularity_index\";i:-1;s:11:\"trend_index\";i:-1;s:18:\"editor_layout_type\";s:0:\"\";s:15:\"minimum_version\";s:5:\"0.0.0\";s:17:\"has_page_settings\";s:1:\"1\";s:6:\"is_pro\";s:1:\"1\";s:12:\"access_level\";i:1;}i:138;a:19:{s:4:\"tmpl\";i:1261;s:2:\"id\";i:22261;s:5:\"title\";s:34:\"Slide-In | Contact | Makeup Artist\";s:9:\"thumbnail\";s:88:\"https://library.elementor.com/wp-content/uploads/2022/03/20-Makeup-Artist-Contact-Us.jpg\";s:12:\"tmpl_created\";i:1647333946;s:6:\"author\";s:9:\"Elementor\";s:3:\"url\";s:142:\"https://library.elementor.com/popups/slide-in-contact-popup-makeup-artist/?utm_source=template-library&utm_medium=wp-dash&utm_campaign=preview\";s:4:\"type\";s:5:\"popup\";s:11:\"access_tier\";s:9:\"essential\";s:7:\"subtype\";s:8:\"slide-in\";s:4:\"tags\";s:33:\"[\"Business\",\"Contact\",\"Services\"]\";s:10:\"menu_order\";i:0;s:16:\"popularity_index\";i:-1;s:11:\"trend_index\";i:-1;s:18:\"editor_layout_type\";s:0:\"\";s:15:\"minimum_version\";s:5:\"0.0.0\";s:17:\"has_page_settings\";s:1:\"1\";s:6:\"is_pro\";s:1:\"1\";s:12:\"access_level\";i:1;}i:139;a:19:{s:4:\"tmpl\";i:1262;s:2:\"id\";i:22271;s:5:\"title\";s:24:\"Fly-In | CTA | Headphone\";s:9:\"thumbnail\";s:79:\"https://library.elementor.com/wp-content/uploads/2022/03/headphones-1-small.jpg\";s:12:\"tmpl_created\";i:1647334784;s:6:\"author\";s:9:\"Elementor\";s:3:\"url\";s:132:\"https://library.elementor.com/popups/fly-in-cta-popup-headphone/?utm_source=template-library&utm_medium=wp-dash&utm_campaign=preview\";s:4:\"type\";s:5:\"popup\";s:11:\"access_tier\";s:9:\"essential\";s:7:\"subtype\";s:6:\"fly-in\";s:4:\"tags\";s:41:\"[\"cta\",\"Ecommerce\",\"Marketing\",\"Product\"]\";s:10:\"menu_order\";i:0;s:16:\"popularity_index\";i:-1;s:11:\"trend_index\";i:-1;s:18:\"editor_layout_type\";s:0:\"\";s:15:\"minimum_version\";s:5:\"0.0.0\";s:17:\"has_page_settings\";s:1:\"1\";s:6:\"is_pro\";s:1:\"1\";s:12:\"access_level\";i:1;}i:140;a:19:{s:4:\"tmpl\";i:1263;s:2:\"id\";i:22277;s:5:\"title\";s:29:\"Classic | CTA | Online Course\";s:9:\"thumbnail\";s:76:\"https://library.elementor.com/wp-content/uploads/2022/03/online-course-2.jpg\";s:12:\"tmpl_created\";i:1647337110;s:6:\"author\";s:9:\"Elementor\";s:3:\"url\";s:137:\"https://library.elementor.com/popups/classic-cta-popup-online-course/?utm_source=template-library&utm_medium=wp-dash&utm_campaign=preview\";s:4:\"type\";s:5:\"popup\";s:11:\"access_tier\";s:9:\"essential\";s:7:\"subtype\";s:7:\"classic\";s:4:\"tags\";s:35:\"[\"Course Online\",\"cta\",\"Marketing\"]\";s:10:\"menu_order\";i:0;s:16:\"popularity_index\";i:-1;s:11:\"trend_index\";i:-1;s:18:\"editor_layout_type\";s:0:\"\";s:15:\"minimum_version\";s:5:\"0.0.0\";s:17:\"has_page_settings\";s:1:\"1\";s:6:\"is_pro\";s:1:\"1\";s:12:\"access_level\";i:1;}i:141;a:19:{s:4:\"tmpl\";i:1264;s:2:\"id\";i:22283;s:5:\"title\";s:40:\"Bottom Bar | Contact | Virtual Assistant\";s:9:\"thumbnail\";s:80:\"https://library.elementor.com/wp-content/uploads/2022/03/virtual-assistant-3.jpg\";s:12:\"tmpl_created\";i:1647337517;s:6:\"author\";s:9:\"Elementor\";s:3:\"url\";s:148:\"https://library.elementor.com/popups/bottom-bar-contact-popup-virtual-assistant/?utm_source=template-library&utm_medium=wp-dash&utm_campaign=preview\";s:4:\"type\";s:5:\"popup\";s:11:\"access_tier\";s:9:\"essential\";s:7:\"subtype\";s:10:\"bottom bar\";s:4:\"tags\";s:33:\"[\"Business\",\"Contact\",\"Services\"]\";s:10:\"menu_order\";i:0;s:16:\"popularity_index\";i:-1;s:11:\"trend_index\";i:-1;s:18:\"editor_layout_type\";s:0:\"\";s:15:\"minimum_version\";s:5:\"0.0.0\";s:17:\"has_page_settings\";s:1:\"1\";s:6:\"is_pro\";s:1:\"1\";s:12:\"access_level\";i:1;}i:142;a:19:{s:4:\"tmpl\";i:1265;s:2:\"id\";i:22289;s:5:\"title\";s:32:\"Fly-In | Contact | Private Tutor\";s:9:\"thumbnail\";s:76:\"https://library.elementor.com/wp-content/uploads/2022/03/private-tutor-4.jpg\";s:12:\"tmpl_created\";i:1647337676;s:6:\"author\";s:9:\"Elementor\";s:3:\"url\";s:140:\"https://library.elementor.com/popups/fly-in-contact-popup-private-tutor/?utm_source=template-library&utm_medium=wp-dash&utm_campaign=preview\";s:4:\"type\";s:5:\"popup\";s:11:\"access_tier\";s:4:\"free\";s:7:\"subtype\";s:6:\"fly-in\";s:4:\"tags\";s:27:\"[\"Contact\",\"Course Online\"]\";s:10:\"menu_order\";i:0;s:16:\"popularity_index\";i:-1;s:11:\"trend_index\";i:-1;s:18:\"editor_layout_type\";s:0:\"\";s:15:\"minimum_version\";s:5:\"0.0.0\";s:17:\"has_page_settings\";s:1:\"1\";s:6:\"is_pro\";s:1:\"0\";s:12:\"access_level\";i:0;}i:143;a:19:{s:4:\"tmpl\";i:1266;s:2:\"id\";i:22295;s:5:\"title\";s:31:\"Classic |  Login | Login Travel\";s:9:\"thumbnail\";s:75:\"https://library.elementor.com/wp-content/uploads/2022/03/login-travel-6.jpg\";s:12:\"tmpl_created\";i:1647339467;s:6:\"author\";s:9:\"Elementor\";s:3:\"url\";s:138:\"https://library.elementor.com/popups/classic-login-popup-login-travel/?utm_source=template-library&utm_medium=wp-dash&utm_campaign=preview\";s:4:\"type\";s:5:\"popup\";s:11:\"access_tier\";s:4:\"free\";s:7:\"subtype\";s:7:\"classic\";s:4:\"tags\";s:9:\"[\"Login\"]\";s:10:\"menu_order\";i:0;s:16:\"popularity_index\";i:-1;s:11:\"trend_index\";i:-1;s:18:\"editor_layout_type\";s:0:\"\";s:15:\"minimum_version\";s:5:\"0.0.0\";s:17:\"has_page_settings\";s:1:\"1\";s:6:\"is_pro\";s:1:\"0\";s:12:\"access_level\";i:0;}i:144;a:19:{s:4:\"tmpl\";i:1267;s:2:\"id\";i:22301;s:5:\"title\";s:36:\"Full Screen | Login | Login Business\";s:9:\"thumbnail\";s:77:\"https://library.elementor.com/wp-content/uploads/2022/03/login-business-7.jpg\";s:12:\"tmpl_created\";i:1647339782;s:6:\"author\";s:9:\"Elementor\";s:3:\"url\";s:144:\"https://library.elementor.com/popups/full-screen-login-popup-login-business/?utm_source=template-library&utm_medium=wp-dash&utm_campaign=preview\";s:4:\"type\";s:5:\"popup\";s:11:\"access_tier\";s:9:\"essential\";s:7:\"subtype\";s:11:\"full screen\";s:4:\"tags\";s:16:\"[\"Login\",\"SaaS\"]\";s:10:\"menu_order\";i:0;s:16:\"popularity_index\";i:-1;s:11:\"trend_index\";i:-1;s:18:\"editor_layout_type\";s:0:\"\";s:15:\"minimum_version\";s:5:\"0.0.0\";s:17:\"has_page_settings\";s:1:\"1\";s:6:\"is_pro\";s:1:\"1\";s:12:\"access_level\";i:1;}i:145;a:19:{s:4:\"tmpl\";i:1268;s:2:\"id\";i:22307;s:5:\"title\";s:28:\"Classic | Login | Login Blog\";s:9:\"thumbnail\";s:73:\"https://library.elementor.com/wp-content/uploads/2022/03/login-blog-8.jpg\";s:12:\"tmpl_created\";i:1647339986;s:6:\"author\";s:9:\"Elementor\";s:3:\"url\";s:136:\"https://library.elementor.com/popups/classic-login-popup-login-blog/?utm_source=template-library&utm_medium=wp-dash&utm_campaign=preview\";s:4:\"type\";s:5:\"popup\";s:11:\"access_tier\";s:9:\"essential\";s:7:\"subtype\";s:7:\"classic\";s:4:\"tags\";s:16:\"[\"Blog\",\"Login\"]\";s:10:\"menu_order\";i:0;s:16:\"popularity_index\";i:-1;s:11:\"trend_index\";i:-1;s:18:\"editor_layout_type\";s:0:\"\";s:15:\"minimum_version\";s:5:\"0.0.0\";s:17:\"has_page_settings\";s:1:\"1\";s:6:\"is_pro\";s:1:\"1\";s:12:\"access_level\";i:1;}i:146;a:19:{s:4:\"tmpl\";i:1269;s:2:\"id\";i:22313;s:5:\"title\";s:31:\"Classic | Login | Login Fashion\";s:9:\"thumbnail\";s:76:\"https://library.elementor.com/wp-content/uploads/2022/03/login-fashion-9.jpg\";s:12:\"tmpl_created\";i:1647340204;s:6:\"author\";s:9:\"Elementor\";s:3:\"url\";s:139:\"https://library.elementor.com/popups/classic-login-popup-login-fashion/?utm_source=template-library&utm_medium=wp-dash&utm_campaign=preview\";s:4:\"type\";s:5:\"popup\";s:11:\"access_tier\";s:9:\"essential\";s:7:\"subtype\";s:7:\"classic\";s:4:\"tags\";s:19:\"[\"Fashion\",\"Login\"]\";s:10:\"menu_order\";i:0;s:16:\"popularity_index\";i:-1;s:11:\"trend_index\";i:-1;s:18:\"editor_layout_type\";s:0:\"\";s:15:\"minimum_version\";s:5:\"0.0.0\";s:17:\"has_page_settings\";s:1:\"1\";s:6:\"is_pro\";s:1:\"1\";s:12:\"access_level\";i:1;}i:147;a:19:{s:4:\"tmpl\";i:1270;s:2:\"id\";i:22319;s:5:\"title\";s:40:\"Classic |  Login | Login Design Platform\";s:9:\"thumbnail\";s:85:\"https://library.elementor.com/wp-content/uploads/2022/03/login-design-platform-10.jpg\";s:12:\"tmpl_created\";i:1647340531;s:6:\"author\";s:9:\"Elementor\";s:3:\"url\";s:147:\"https://library.elementor.com/popups/classic-login-popup-login-design-platform/?utm_source=template-library&utm_medium=wp-dash&utm_campaign=preview\";s:4:\"type\";s:5:\"popup\";s:11:\"access_tier\";s:9:\"essential\";s:7:\"subtype\";s:7:\"classic\";s:4:\"tags\";s:25:\"[\"Design\",\"Login\",\"SaaS\"]\";s:10:\"menu_order\";i:0;s:16:\"popularity_index\";i:-1;s:11:\"trend_index\";i:-1;s:18:\"editor_layout_type\";s:0:\"\";s:15:\"minimum_version\";s:5:\"0.0.0\";s:17:\"has_page_settings\";s:1:\"1\";s:6:\"is_pro\";s:1:\"1\";s:12:\"access_level\";i:1;}i:148;a:19:{s:4:\"tmpl\";i:1271;s:2:\"id\";i:22325;s:5:\"title\";s:36:\"Fly-In | Contact | Digital Marketing\";s:9:\"thumbnail\";s:81:\"https://library.elementor.com/wp-content/uploads/2022/03/digital-marketing-11.jpg\";s:12:\"tmpl_created\";i:1647340770;s:6:\"author\";s:9:\"Elementor\";s:3:\"url\";s:144:\"https://library.elementor.com/popups/fly-in-contact-popup-digital-marketing/?utm_source=template-library&utm_medium=wp-dash&utm_campaign=preview\";s:4:\"type\";s:5:\"popup\";s:11:\"access_tier\";s:9:\"essential\";s:7:\"subtype\";s:6:\"fly-in\";s:4:\"tags\";s:51:\"[\"Business\",\"Contact\",\"Digital Agency\",\"Marketing\"]\";s:10:\"menu_order\";i:0;s:16:\"popularity_index\";i:-1;s:11:\"trend_index\";i:-1;s:18:\"editor_layout_type\";s:0:\"\";s:15:\"minimum_version\";s:5:\"0.0.0\";s:17:\"has_page_settings\";s:1:\"1\";s:6:\"is_pro\";s:1:\"1\";s:12:\"access_level\";i:1;}i:149;a:19:{s:4:\"tmpl\";i:1272;s:2:\"id\";i:22331;s:5:\"title\";s:36:\"Fly-In | CTA | Dog Cat Food Delivery\";s:9:\"thumbnail\";s:84:\"https://library.elementor.com/wp-content/uploads/2022/03/dog-cat-food-delivery-5.jpg\";s:12:\"tmpl_created\";i:1647341069;s:6:\"author\";s:9:\"Elementor\";s:3:\"url\";s:144:\"https://library.elementor.com/popups/fly-in-cta-popup-dog-cat-food-delivery/?utm_source=template-library&utm_medium=wp-dash&utm_campaign=preview\";s:4:\"type\";s:5:\"popup\";s:11:\"access_tier\";s:9:\"essential\";s:7:\"subtype\";s:6:\"fly-in\";s:4:\"tags\";s:33:\"[\"cta\",\"Delivery Service\",\"Pets\"]\";s:10:\"menu_order\";i:0;s:16:\"popularity_index\";i:-1;s:11:\"trend_index\";i:-1;s:18:\"editor_layout_type\";s:0:\"\";s:15:\"minimum_version\";s:5:\"0.0.0\";s:17:\"has_page_settings\";s:1:\"1\";s:6:\"is_pro\";s:1:\"1\";s:12:\"access_level\";i:1;}i:150;a:19:{s:4:\"tmpl\";i:1273;s:2:\"id\";i:22337;s:5:\"title\";s:37:\"Full Screen | Contact | Design Studio\";s:9:\"thumbnail\";s:77:\"https://library.elementor.com/wp-content/uploads/2022/03/design-studio-12.jpg\";s:12:\"tmpl_created\";i:1647341370;s:6:\"author\";s:9:\"Elementor\";s:3:\"url\";s:145:\"https://library.elementor.com/popups/full-screen-contact-popup-design-studio/?utm_source=template-library&utm_medium=wp-dash&utm_campaign=preview\";s:4:\"type\";s:5:\"popup\";s:11:\"access_tier\";s:9:\"essential\";s:7:\"subtype\";s:11:\"full screen\";s:4:\"tags\";s:39:\"[\"Business\",\"Contact\",\"Digital Agency\"]\";s:10:\"menu_order\";i:0;s:16:\"popularity_index\";i:-1;s:11:\"trend_index\";i:-1;s:18:\"editor_layout_type\";s:0:\"\";s:15:\"minimum_version\";s:5:\"0.0.0\";s:17:\"has_page_settings\";s:1:\"1\";s:6:\"is_pro\";s:1:\"1\";s:12:\"access_level\";i:1;}i:151;a:19:{s:4:\"tmpl\";i:1274;s:2:\"id\";i:22343;s:5:\"title\";s:44:\"Classic | Contact | Support Product Platform\";s:9:\"thumbnail\";s:71:\"https://library.elementor.com/wp-content/uploads/2022/03/support-13.jpg\";s:12:\"tmpl_created\";i:1647341972;s:6:\"author\";s:9:\"Elementor\";s:3:\"url\";s:146:\"https://library.elementor.com/popups/classic-contact-support-product-platform/?utm_source=template-library&utm_medium=wp-dash&utm_campaign=preview\";s:4:\"type\";s:5:\"popup\";s:11:\"access_tier\";s:9:\"essential\";s:7:\"subtype\";s:7:\"classic\";s:4:\"tags\";s:21:\"[\"Contact\",\"Support\"]\";s:10:\"menu_order\";i:0;s:16:\"popularity_index\";i:-1;s:11:\"trend_index\";i:-1;s:18:\"editor_layout_type\";s:0:\"\";s:15:\"minimum_version\";s:5:\"0.0.0\";s:17:\"has_page_settings\";s:1:\"1\";s:6:\"is_pro\";s:1:\"1\";s:12:\"access_level\";i:1;}i:152;a:19:{s:4:\"tmpl\";i:1275;s:2:\"id\";i:22371;s:5:\"title\";s:38:\"Full Screen | Contact | Small Business\";s:9:\"thumbnail\";s:78:\"https://library.elementor.com/wp-content/uploads/2022/03/small-business-14.jpg\";s:12:\"tmpl_created\";i:1647342508;s:6:\"author\";s:9:\"Elementor\";s:3:\"url\";s:140:\"https://library.elementor.com/popups/full-screen-contact-small-business/?utm_source=template-library&utm_medium=wp-dash&utm_campaign=preview\";s:4:\"type\";s:5:\"popup\";s:11:\"access_tier\";s:9:\"essential\";s:7:\"subtype\";s:11:\"full screen\";s:4:\"tags\";s:40:\"[\"Business\",\"Contact\",\"Interior Design\"]\";s:10:\"menu_order\";i:0;s:16:\"popularity_index\";i:-1;s:11:\"trend_index\";i:-1;s:18:\"editor_layout_type\";s:0:\"\";s:15:\"minimum_version\";s:5:\"0.0.0\";s:17:\"has_page_settings\";s:1:\"1\";s:6:\"is_pro\";s:1:\"1\";s:12:\"access_level\";i:1;}i:153;a:19:{s:4:\"tmpl\";i:1276;s:2:\"id\";i:22377;s:5:\"title\";s:31:\"Classic | Contact | Online Shop\";s:9:\"thumbnail\";s:75:\"https://library.elementor.com/wp-content/uploads/2022/03/online-shop-15.jpg\";s:12:\"tmpl_created\";i:1647352786;s:6:\"author\";s:9:\"Elementor\";s:3:\"url\";s:133:\"https://library.elementor.com/popups/classic-contact-online-shop/?utm_source=template-library&utm_medium=wp-dash&utm_campaign=preview\";s:4:\"type\";s:5:\"popup\";s:11:\"access_tier\";s:9:\"essential\";s:7:\"subtype\";s:7:\"classic\";s:4:\"tags\";s:11:\"[\"Contact\"]\";s:10:\"menu_order\";i:0;s:16:\"popularity_index\";i:-1;s:11:\"trend_index\";i:-1;s:18:\"editor_layout_type\";s:0:\"\";s:15:\"minimum_version\";s:5:\"0.0.0\";s:17:\"has_page_settings\";s:1:\"1\";s:6:\"is_pro\";s:1:\"1\";s:12:\"access_level\";i:1;}i:154;a:19:{s:4:\"tmpl\";i:1277;s:2:\"id\";i:22383;s:5:\"title\";s:40:\"Classic | Booking | Children Optometrist\";s:9:\"thumbnail\";s:84:\"https://library.elementor.com/wp-content/uploads/2022/03/children-optometrist-16.jpg\";s:12:\"tmpl_created\";i:1647352963;s:6:\"author\";s:9:\"Elementor\";s:3:\"url\";s:142:\"https://library.elementor.com/popups/classic-booking-children-optometrist/?utm_source=template-library&utm_medium=wp-dash&utm_campaign=preview\";s:4:\"type\";s:5:\"popup\";s:11:\"access_tier\";s:9:\"essential\";s:7:\"subtype\";s:7:\"classic\";s:4:\"tags\";s:53:\"[\"Booking\",\"Business\",\"Contact\",\"Education\",\"Health\"]\";s:10:\"menu_order\";i:0;s:16:\"popularity_index\";i:-1;s:11:\"trend_index\";i:-1;s:18:\"editor_layout_type\";s:0:\"\";s:15:\"minimum_version\";s:5:\"0.0.0\";s:17:\"has_page_settings\";s:1:\"1\";s:6:\"is_pro\";s:1:\"1\";s:12:\"access_level\";i:1;}i:155;a:19:{s:4:\"tmpl\";i:1278;s:2:\"id\";i:22389;s:5:\"title\";s:28:\"Fly-In | Contact | Open Week\";s:9:\"thumbnail\";s:72:\"https://library.elementor.com/wp-content/uploads/2022/03/open-week17.jpg\";s:12:\"tmpl_created\";i:1647353281;s:6:\"author\";s:9:\"Elementor\";s:3:\"url\";s:130:\"https://library.elementor.com/popups/fly-in-contact-open-week/?utm_source=template-library&utm_medium=wp-dash&utm_campaign=preview\";s:4:\"type\";s:5:\"popup\";s:11:\"access_tier\";s:9:\"essential\";s:7:\"subtype\";s:6:\"fly-in\";s:4:\"tags\";s:34:\"[\"Business\",\"Contact\",\"Marketing\"]\";s:10:\"menu_order\";i:0;s:16:\"popularity_index\";i:-1;s:11:\"trend_index\";i:-1;s:18:\"editor_layout_type\";s:0:\"\";s:15:\"minimum_version\";s:5:\"0.0.0\";s:17:\"has_page_settings\";s:1:\"1\";s:6:\"is_pro\";s:1:\"1\";s:12:\"access_level\";i:1;}i:156;a:19:{s:4:\"tmpl\";i:1279;s:2:\"id\";i:22397;s:5:\"title\";s:43:\"Full Screen | CTA | Plant Pots Online Store\";s:9:\"thumbnail\";s:87:\"https://library.elementor.com/wp-content/uploads/2022/03/plant-pots-online-store-18.jpg\";s:12:\"tmpl_created\";i:1647353429;s:6:\"author\";s:9:\"Elementor\";s:3:\"url\";s:145:\"https://library.elementor.com/popups/full-screen-cta-plant-pots-online-store/?utm_source=template-library&utm_medium=wp-dash&utm_campaign=preview\";s:4:\"type\";s:5:\"popup\";s:11:\"access_tier\";s:9:\"essential\";s:7:\"subtype\";s:11:\"full screen\";s:4:\"tags\";s:33:\"[\"Ecommerce\",\"Marketing\",\"Sales\"]\";s:10:\"menu_order\";i:0;s:16:\"popularity_index\";i:-1;s:11:\"trend_index\";i:-1;s:18:\"editor_layout_type\";s:0:\"\";s:15:\"minimum_version\";s:5:\"0.0.0\";s:17:\"has_page_settings\";s:1:\"1\";s:6:\"is_pro\";s:1:\"1\";s:12:\"access_level\";i:1;}i:157;a:19:{s:4:\"tmpl\";i:1054;s:2:\"id\";i:15414;s:5:\"title\";s:32:\"Classic | Contact | Dance Studio\";s:9:\"thumbnail\";s:66:\"https://library.elementor.com/wp-content/uploads/2020/10/PopUp.jpg\";s:12:\"tmpl_created\";i:1603180596;s:6:\"author\";s:9:\"Elementor\";s:3:\"url\";s:134:\"https://library.elementor.com/popups/classic-contact-dance-studio/?utm_source=template-library&utm_medium=wp-dash&utm_campaign=preview\";s:4:\"type\";s:5:\"popup\";s:11:\"access_tier\";s:9:\"essential\";s:7:\"subtype\";s:7:\"classic\";s:4:\"tags\";s:16:\"[\"Dance Studio\"]\";s:10:\"menu_order\";i:1;s:16:\"popularity_index\";i:762;s:11:\"trend_index\";i:650;s:18:\"editor_layout_type\";s:0:\"\";s:15:\"minimum_version\";s:5:\"0.0.0\";s:17:\"has_page_settings\";s:1:\"1\";s:6:\"is_pro\";s:1:\"1\";s:12:\"access_level\";i:1;}i:158;a:19:{s:4:\"tmpl\";i:1398;s:2:\"id\";i:23687;s:5:\"title\";s:32:\"Pizza Promotion &#8211; Business\";s:9:\"thumbnail\";s:79:\"https://library.elementor.com/wp-content/uploads/2022/04/48-Pizza-Promotion.jpg\";s:12:\"tmpl_created\";i:1649670575;s:6:\"author\";s:9:\"Elementor\";s:3:\"url\";s:126:\"https://library.elementor.com/lp/pizza-promotion-business/?utm_source=template-library&utm_medium=wp-dash&utm_campaign=preview\";s:4:\"type\";s:2:\"lp\";s:11:\"access_tier\";s:4:\"free\";s:7:\"subtype\";s:8:\"Business\";s:4:\"tags\";s:92:\"[\"Business\",\"Cooking\",\"Delivery\",\"Discount\",\"Fast Food\",\"Food\",\"Landing Pages\",\"Restaurant\"]\";s:10:\"menu_order\";i:1;s:16:\"popularity_index\";i:-1;s:11:\"trend_index\";i:-1;s:18:\"editor_layout_type\";s:0:\"\";s:15:\"minimum_version\";s:5:\"0.0.0\";s:17:\"has_page_settings\";s:1:\"1\";s:6:\"is_pro\";s:1:\"0\";s:12:\"access_level\";i:0;}i:159;a:19:{s:4:\"tmpl\";i:1400;s:2:\"id\";i:23751;s:5:\"title\";s:33:\"Baby Sleep Webinar &#8211; Events\";s:9:\"thumbnail\";s:82:\"https://library.elementor.com/wp-content/uploads/2022/04/63-Baby-Sleep-Webinar.jpg\";s:12:\"tmpl_created\";i:1649676065;s:6:\"author\";s:9:\"Elementor\";s:3:\"url\";s:127:\"https://library.elementor.com/lp/baby-sleep-webinar-events/?utm_source=template-library&utm_medium=wp-dash&utm_campaign=preview\";s:4:\"type\";s:2:\"lp\";s:11:\"access_tier\";s:9:\"essential\";s:7:\"subtype\";s:6:\"Events\";s:4:\"tags\";s:227:\"[\"Baby\",\"Booking\",\"Business\",\"Children\",\"Course Online\",\"Education\",\"Events\",\"Health\",\"Landing Pages\",\"Life Coach\",\"Lifestyle\",\"Online Event\",\"Online Service\",\"Parenting\",\"Professional\",\"Remote\",\"Services\",\"Training\",\"Webinar\"]\";s:10:\"menu_order\";i:1;s:16:\"popularity_index\";i:-1;s:11:\"trend_index\";i:-1;s:18:\"editor_layout_type\";s:0:\"\";s:15:\"minimum_version\";s:5:\"0.0.0\";s:17:\"has_page_settings\";s:1:\"1\";s:6:\"is_pro\";s:1:\"1\";s:12:\"access_level\";i:1;}i:160;a:19:{s:4:\"tmpl\";i:1401;s:2:\"id\";i:23776;s:5:\"title\";s:34:\"Ski Hotel Promotion &#8211; Travel\";s:9:\"thumbnail\";s:83:\"https://library.elementor.com/wp-content/uploads/2022/04/64-Ski-Hotel-Promotion.jpg\";s:12:\"tmpl_created\";i:1649691720;s:6:\"author\";s:9:\"Elementor\";s:3:\"url\";s:128:\"https://library.elementor.com/lp/ski-hotel-promotion-travel/?utm_source=template-library&utm_medium=wp-dash&utm_campaign=preview\";s:4:\"type\";s:2:\"lp\";s:11:\"access_tier\";s:9:\"essential\";s:7:\"subtype\";s:6:\"Travel\";s:4:\"tags\";s:118:\"[\"Accommodation\",\"Booking\",\"Discount. Landing Pages\",\"Lifestyle\",\"Luxury\",\"Services\",\"Spa\",\"Travel\",\"Trip\",\"Vacation\"]\";s:10:\"menu_order\";i:1;s:16:\"popularity_index\";i:-1;s:11:\"trend_index\";i:-1;s:18:\"editor_layout_type\";s:0:\"\";s:15:\"minimum_version\";s:5:\"0.0.0\";s:17:\"has_page_settings\";s:1:\"1\";s:6:\"is_pro\";s:1:\"1\";s:12:\"access_level\";i:1;}i:161;a:19:{s:4:\"tmpl\";i:1402;s:2:\"id\";i:23804;s:5:\"title\";s:30:\"Cake Delivery &#8211; Business\";s:9:\"thumbnail\";s:77:\"https://library.elementor.com/wp-content/uploads/2022/04/67-Cake-Delivery.jpg\";s:12:\"tmpl_created\";i:1649692909;s:6:\"author\";s:9:\"Elementor\";s:3:\"url\";s:124:\"https://library.elementor.com/lp/cake-delivery-business/?utm_source=template-library&utm_medium=wp-dash&utm_campaign=preview\";s:4:\"type\";s:2:\"lp\";s:11:\"access_tier\";s:9:\"essential\";s:7:\"subtype\";s:8:\"Business\";s:4:\"tags\";s:101:\"[\"Bakery\",\"Business\",\"Cake\",\"Cooking\",\"Delivery\",\"Discount\",\"Food\",\"Landing Pages\",\"Products\",\"Shop\"]\";s:10:\"menu_order\";i:1;s:16:\"popularity_index\";i:-1;s:11:\"trend_index\";i:-1;s:18:\"editor_layout_type\";s:0:\"\";s:15:\"minimum_version\";s:5:\"0.0.0\";s:17:\"has_page_settings\";s:1:\"1\";s:6:\"is_pro\";s:1:\"1\";s:12:\"access_level\";i:1;}i:162;a:19:{s:4:\"tmpl\";i:1403;s:2:\"id\";i:23832;s:5:\"title\";s:32:\"Furniture Store &#8211; Business\";s:9:\"thumbnail\";s:79:\"https://library.elementor.com/wp-content/uploads/2022/04/87-Furniture-Store.jpg\";s:12:\"tmpl_created\";i:1649694812;s:6:\"author\";s:9:\"Elementor\";s:3:\"url\";s:126:\"https://library.elementor.com/lp/furniture-store-business/?utm_source=template-library&utm_medium=wp-dash&utm_campaign=preview\";s:4:\"type\";s:2:\"lp\";s:11:\"access_tier\";s:4:\"free\";s:7:\"subtype\";s:8:\"Business\";s:4:\"tags\";s:232:\"[\"Architecture\",\"Art\",\"Business\",\"Construction\",\"Coupon\",\"Creative\",\"Decor\",\"Designer\",\"Discount\",\"Fashion\",\"Furniture Design\",\"Home\",\"House\",\"Interior Design\",\"Landing Pages\",\"Lifestyle\",\"Products\",\"Professional\",\"Services\",\"Shop\"]\";s:10:\"menu_order\";i:1;s:16:\"popularity_index\";i:-1;s:11:\"trend_index\";i:-1;s:18:\"editor_layout_type\";s:0:\"\";s:15:\"minimum_version\";s:5:\"0.0.0\";s:17:\"has_page_settings\";s:1:\"0\";s:6:\"is_pro\";s:1:\"0\";s:12:\"access_level\";i:0;}i:163;a:19:{s:4:\"tmpl\";i:1404;s:2:\"id\";i:23746;s:5:\"title\";s:22:\"Nails &#8211; Business\";s:9:\"thumbnail\";s:71:\"https://library.elementor.com/wp-content/uploads/2022/04/62-Nails-1.jpg\";s:12:\"tmpl_created\";i:1649704635;s:6:\"author\";s:9:\"Elementor\";s:3:\"url\";s:116:\"https://library.elementor.com/lp/nails-business/?utm_source=template-library&utm_medium=wp-dash&utm_campaign=preview\";s:4:\"type\";s:2:\"lp\";s:11:\"access_tier\";s:9:\"essential\";s:7:\"subtype\";s:8:\"Business\";s:4:\"tags\";s:173:\"[\"Art\",\"Beauty\",\"Business\",\"Colorful\",\"Cosmetics\",\"Creative\",\"Design\",\"Discount\",\"Fashion\",\"Girly\",\"Landing Pages\",\"Lifestyle\",\"Manicure\",\"Modern\",\"Professional\",\"Services\"]\";s:10:\"menu_order\";i:1;s:16:\"popularity_index\";i:-1;s:11:\"trend_index\";i:-1;s:18:\"editor_layout_type\";s:0:\"\";s:15:\"minimum_version\";s:5:\"0.0.0\";s:17:\"has_page_settings\";s:1:\"1\";s:6:\"is_pro\";s:1:\"1\";s:12:\"access_level\";i:1;}i:164;a:19:{s:4:\"tmpl\";i:1405;s:2:\"id\";i:23846;s:5:\"title\";s:29:\"Music Festival &#8211; Events\";s:9:\"thumbnail\";s:78:\"https://library.elementor.com/wp-content/uploads/2022/04/88-Music-Festival.jpg\";s:12:\"tmpl_created\";i:1649707763;s:6:\"author\";s:9:\"Elementor\";s:3:\"url\";s:123:\"https://library.elementor.com/lp/music-festival-events/?utm_source=template-library&utm_medium=wp-dash&utm_campaign=preview\";s:4:\"type\";s:2:\"lp\";s:11:\"access_tier\";s:4:\"free\";s:7:\"subtype\";s:6:\"Events\";s:4:\"tags\";s:128:\"[\"Author\",\"Booking\",\"Business\",\"Creative\",\"Discount\",\"Events\",\"Landing Pages\",\"Music\",\"Online\",\"Online Event\",\"Party\",\"Virtual\"]\";s:10:\"menu_order\";i:1;s:16:\"popularity_index\";i:-1;s:11:\"trend_index\";i:-1;s:18:\"editor_layout_type\";s:0:\"\";s:15:\"minimum_version\";s:5:\"0.0.0\";s:17:\"has_page_settings\";s:1:\"1\";s:6:\"is_pro\";s:1:\"0\";s:12:\"access_level\";i:0;}i:165;a:19:{s:4:\"tmpl\";i:1406;s:2:\"id\";i:23872;s:5:\"title\";s:40:\"Fashion Styling Course &#8211; Education\";s:9:\"thumbnail\";s:86:\"https://library.elementor.com/wp-content/uploads/2022/04/89-Fashion-Styling-Course.jpg\";s:12:\"tmpl_created\";i:1649708569;s:6:\"author\";s:9:\"Elementor\";s:3:\"url\";s:134:\"https://library.elementor.com/lp/fashion-styling-course-education/?utm_source=template-library&utm_medium=wp-dash&utm_campaign=preview\";s:4:\"type\";s:2:\"lp\";s:11:\"access_tier\";s:9:\"essential\";s:7:\"subtype\";s:9:\"Education\";s:4:\"tags\";s:173:\"[\"Aesthetic\",\"Art\",\"Beauty\",\"Business\",\"Course Online\",\"Creative\",\"Discount\",\"Education\",\"Fashion\",\"Landing Pages\",\"Lifestyle\",\"Online\",\"Online Service\",\"Stylist\",\"Virtual\"]\";s:10:\"menu_order\";i:1;s:16:\"popularity_index\";i:-1;s:11:\"trend_index\";i:-1;s:18:\"editor_layout_type\";s:0:\"\";s:15:\"minimum_version\";s:5:\"0.0.0\";s:17:\"has_page_settings\";s:1:\"1\";s:6:\"is_pro\";s:1:\"1\";s:12:\"access_level\";i:1;}i:166;a:19:{s:4:\"tmpl\";i:1407;s:2:\"id\";i:23897;s:5:\"title\";s:33:\"Bags Online Shop &#8211; Business\";s:9:\"thumbnail\";s:80:\"https://library.elementor.com/wp-content/uploads/2022/04/90-Bags-Online-Shop.jpg\";s:12:\"tmpl_created\";i:1649709513;s:6:\"author\";s:9:\"Elementor\";s:3:\"url\";s:127:\"https://library.elementor.com/lp/bags-online-shop-business/?utm_source=template-library&utm_medium=wp-dash&utm_campaign=preview\";s:4:\"type\";s:2:\"lp\";s:11:\"access_tier\";s:9:\"essential\";s:7:\"subtype\";s:8:\"Business\";s:4:\"tags\";s:170:\"[\"Art\",\"Bag\",\"Business\",\"Creative\",\"Design\",\"Discount\",\"Fashion\",\"Landing Pages\",\"Lifestyle\",\"Luxury\",\"Modern\",\"Online\",\"Online Shop\",\"Products\",\"Sales\",\"Shop\",\"Stylist\"]\";s:10:\"menu_order\";i:1;s:16:\"popularity_index\";i:-1;s:11:\"trend_index\";i:-1;s:18:\"editor_layout_type\";s:0:\"\";s:15:\"minimum_version\";s:5:\"0.0.0\";s:17:\"has_page_settings\";s:1:\"1\";s:6:\"is_pro\";s:1:\"1\";s:12:\"access_level\";i:1;}i:167;a:19:{s:4:\"tmpl\";i:1408;s:2:\"id\";i:23932;s:5:\"title\";s:32:\"Cooking Academy &#8211; Business\";s:9:\"thumbnail\";s:79:\"https://library.elementor.com/wp-content/uploads/2022/04/91-Cooking-Academy.jpg\";s:12:\"tmpl_created\";i:1649710216;s:6:\"author\";s:9:\"Elementor\";s:3:\"url\";s:126:\"https://library.elementor.com/lp/cooking-academy-business/?utm_source=template-library&utm_medium=wp-dash&utm_campaign=preview\";s:4:\"type\";s:2:\"lp\";s:11:\"access_tier\";s:9:\"essential\";s:7:\"subtype\";s:8:\"Business\";s:4:\"tags\";s:145:\"[\"Academy\",\"Booking\",\"Business\",\"Chef\",\"Cooking\",\"Education\",\"Food\",\"Free Trial\",\"Landing Pages\",\"Professional\",\"School\",\"Teacher\",\"Testimonial\"]\";s:10:\"menu_order\";i:1;s:16:\"popularity_index\";i:-1;s:11:\"trend_index\";i:-1;s:18:\"editor_layout_type\";s:0:\"\";s:15:\"minimum_version\";s:5:\"0.0.0\";s:17:\"has_page_settings\";s:1:\"1\";s:6:\"is_pro\";s:1:\"1\";s:12:\"access_level\";i:1;}i:168;a:19:{s:4:\"tmpl\";i:1409;s:2:\"id\";i:23970;s:5:\"title\";s:45:\"Ophthalmology Medical Clinic &#8211; Business\";s:9:\"thumbnail\";s:92:\"https://library.elementor.com/wp-content/uploads/2022/04/92-Ophthalmology-Medical-Clinic.jpg\";s:12:\"tmpl_created\";i:1649711096;s:6:\"author\";s:9:\"Elementor\";s:3:\"url\";s:139:\"https://library.elementor.com/lp/ophthalmology-medical-clinic-business/?utm_source=template-library&utm_medium=wp-dash&utm_campaign=preview\";s:4:\"type\";s:2:\"lp\";s:11:\"access_tier\";s:9:\"essential\";s:7:\"subtype\";s:8:\"Business\";s:4:\"tags\";s:165:\"[\"About\",\"Business\",\"Care\",\"Consulting\",\"Eye\",\"Free Trial\",\"Glasses\",\"Health\",\"Landing Pages\",\"Lifestyle\",\"Medical\",\"Modern\",\"Optometrist\",\"Professional\",\"Services\"]\";s:10:\"menu_order\";i:1;s:16:\"popularity_index\";i:-1;s:11:\"trend_index\";i:-1;s:18:\"editor_layout_type\";s:0:\"\";s:15:\"minimum_version\";s:5:\"0.0.0\";s:17:\"has_page_settings\";s:1:\"1\";s:6:\"is_pro\";s:1:\"1\";s:12:\"access_level\";i:1;}i:169;a:19:{s:4:\"tmpl\";i:1425;s:2:\"id\";i:24331;s:5:\"title\";s:24:\"Wireframe &#8211; Home 1\";s:9:\"thumbnail\";s:81:\"https://library.elementor.com/wp-content/uploads/2022/05/Wireframe-—-Home-1.jpg\";s:12:\"tmpl_created\";i:1653988363;s:6:\"author\";s:9:\"Elementor\";s:3:\"url\";s:115:\"https://library.elementor.com/wireframe-home-1/?utm_source=template-library&utm_medium=wp-dash&utm_campaign=preview\";s:4:\"type\";s:4:\"page\";s:11:\"access_tier\";s:4:\"free\";s:7:\"subtype\";s:4:\"page\";s:4:\"tags\";s:102:\"[\"Business\",\"Contact\",\"Features\",\"Footer\",\"Header\",\"Homepage\",\"Professional\",\"Services\",\"Testimonial\"]\";s:10:\"menu_order\";i:1;s:16:\"popularity_index\";i:-1;s:11:\"trend_index\";i:-1;s:18:\"editor_layout_type\";s:0:\"\";s:15:\"minimum_version\";s:5:\"0.0.0\";s:17:\"has_page_settings\";s:1:\"1\";s:6:\"is_pro\";s:1:\"0\";s:12:\"access_level\";i:0;}i:170;a:19:{s:4:\"tmpl\";i:1218;s:2:\"id\";i:20792;s:5:\"title\";s:26:\"Luxury Car &#8211; Product\";s:9:\"thumbnail\";s:70:\"https://library.elementor.com/wp-content/uploads/2021/11/250x280-1.jpg\";s:12:\"tmpl_created\";i:1636903770;s:6:\"author\";s:9:\"Elementor\";s:3:\"url\";s:120:\"https://library.elementor.com/lp/luxury-car-product/?utm_source=template-library&utm_medium=wp-dash&utm_campaign=preview\";s:4:\"type\";s:2:\"lp\";s:11:\"access_tier\";s:9:\"essential\";s:7:\"subtype\";s:7:\"Product\";s:4:\"tags\";s:54:\"[\"car\",\"Ecommerce\",\"Landing Pages\",\"Luxury\",\"Product\"]\";s:10:\"menu_order\";i:1;s:16:\"popularity_index\";i:-1;s:11:\"trend_index\";i:-1;s:18:\"editor_layout_type\";s:0:\"\";s:15:\"minimum_version\";s:5:\"0.0.0\";s:17:\"has_page_settings\";s:1:\"1\";s:6:\"is_pro\";s:1:\"1\";s:12:\"access_level\";i:1;}i:171;a:19:{s:4:\"tmpl\";i:1428;s:2:\"id\";i:24398;s:5:\"title\";s:25:\"Wireframe &#8211; About 1\";s:9:\"thumbnail\";s:82:\"https://library.elementor.com/wp-content/uploads/2022/05/Wireframe-—-About-1.jpg\";s:12:\"tmpl_created\";i:1653988534;s:6:\"author\";s:9:\"Elementor\";s:3:\"url\";s:116:\"https://library.elementor.com/wireframe-about-1/?utm_source=template-library&utm_medium=wp-dash&utm_campaign=preview\";s:4:\"type\";s:4:\"page\";s:11:\"access_tier\";s:4:\"free\";s:7:\"subtype\";s:4:\"page\";s:4:\"tags\";s:83:\"[\"About\",\"Business\",\"Contact\",\"Features\",\"Footer\",\"Professional\",\"Services\",\"Team\"]\";s:10:\"menu_order\";i:2;s:16:\"popularity_index\";i:-1;s:11:\"trend_index\";i:-1;s:18:\"editor_layout_type\";s:0:\"\";s:15:\"minimum_version\";s:5:\"0.0.0\";s:17:\"has_page_settings\";s:1:\"1\";s:6:\"is_pro\";s:1:\"0\";s:12:\"access_level\";i:0;}i:172;a:19:{s:4:\"tmpl\";i:991;s:2:\"id\";i:13413;s:5:\"title\";s:33:\"Classic | Contact | Online Course\";s:9:\"thumbnail\";s:71:\"https://library.elementor.com/wp-content/uploads/2020/04/PopUp-Help.jpg\";s:12:\"tmpl_created\";i:1587474761;s:6:\"author\";s:9:\"Elementor\";s:3:\"url\";s:135:\"https://library.elementor.com/popups/classic-contact-online-course/?utm_source=template-library&utm_medium=wp-dash&utm_campaign=preview\";s:4:\"type\";s:5:\"popup\";s:11:\"access_tier\";s:9:\"essential\";s:7:\"subtype\";s:7:\"classic\";s:4:\"tags\";s:29:\"[\"Course Online\",\"Education\"]\";s:10:\"menu_order\";i:2;s:16:\"popularity_index\";i:530;s:11:\"trend_index\";i:369;s:18:\"editor_layout_type\";s:0:\"\";s:15:\"minimum_version\";s:5:\"0.0.0\";s:17:\"has_page_settings\";s:1:\"1\";s:6:\"is_pro\";s:1:\"1\";s:12:\"access_level\";i:1;}i:173;a:19:{s:4:\"tmpl\";i:1053;s:2:\"id\";i:15272;s:5:\"title\";s:32:\"Classic | Contact | Psychologist\";s:9:\"thumbnail\";s:66:\"https://library.elementor.com/wp-content/uploads/2020/09/PopUp.png\";s:12:\"tmpl_created\";i:1600170487;s:6:\"author\";s:9:\"Elementor\";s:3:\"url\";s:134:\"https://library.elementor.com/popups/classic-contact-psychologist/?utm_source=template-library&utm_medium=wp-dash&utm_campaign=preview\";s:4:\"type\";s:5:\"popup\";s:11:\"access_tier\";s:9:\"essential\";s:7:\"subtype\";s:7:\"classic\";s:4:\"tags\";s:34:\"[\"Psychologist\",\"Psychotherapist\"]\";s:10:\"menu_order\";i:3;s:16:\"popularity_index\";i:578;s:11:\"trend_index\";i:312;s:18:\"editor_layout_type\";s:0:\"\";s:15:\"minimum_version\";s:5:\"0.0.0\";s:17:\"has_page_settings\";s:1:\"1\";s:6:\"is_pro\";s:1:\"1\";s:12:\"access_level\";i:1;}i:174;a:19:{s:4:\"tmpl\";i:899;s:2:\"id\";i:11839;s:5:\"title\";s:9:\"Portfolio\";s:9:\"thumbnail\";s:73:\"https://library.elementor.com/wp-content/uploads/2019/09/Header_small.png\";s:12:\"tmpl_created\";i:1569430015;s:6:\"author\";s:9:\"Elementor\";s:3:\"url\";s:108:\"https://library.elementor.com/blocks/portfolio-9/?utm_source=library&utm_medium=wp-dash&utm_campaign=preview\";s:4:\"type\";s:5:\"block\";s:11:\"access_tier\";s:9:\"essential\";s:7:\"subtype\";s:6:\"header\";s:4:\"tags\";s:43:\"[\"creative portfolio\",\"header\",\"portfolio\"]\";s:10:\"menu_order\";i:3;s:16:\"popularity_index\";i:189;s:11:\"trend_index\";i:20;s:18:\"editor_layout_type\";s:0:\"\";s:15:\"minimum_version\";s:5:\"0.0.0\";s:17:\"has_page_settings\";s:1:\"0\";s:6:\"is_pro\";s:1:\"1\";s:12:\"access_level\";i:1;}i:175;a:19:{s:4:\"tmpl\";i:1433;s:2:\"id\";i:24477;s:5:\"title\";s:27:\"Wireframe &#8211; Gallery 2\";s:9:\"thumbnail\";s:84:\"https://library.elementor.com/wp-content/uploads/2022/05/Wireframe-—-Gallery-2.jpg\";s:12:\"tmpl_created\";i:1653988835;s:6:\"author\";s:9:\"Elementor\";s:3:\"url\";s:118:\"https://library.elementor.com/wireframe-gallery-2/?utm_source=template-library&utm_medium=wp-dash&utm_campaign=preview\";s:4:\"type\";s:4:\"page\";s:11:\"access_tier\";s:4:\"free\";s:7:\"subtype\";s:4:\"page\";s:4:\"tags\";s:82:\"[\"Business\",\"Contact\",\"Design\",\"Footer\",\"Gallery\",\"Header\",\"Portfolio\",\"Services\"]\";s:10:\"menu_order\";i:3;s:16:\"popularity_index\";i:-1;s:11:\"trend_index\";i:-1;s:18:\"editor_layout_type\";s:0:\"\";s:15:\"minimum_version\";s:5:\"0.0.0\";s:17:\"has_page_settings\";s:1:\"1\";s:6:\"is_pro\";s:1:\"0\";s:12:\"access_level\";i:0;}i:176;a:19:{s:4:\"tmpl\";i:1205;s:2:\"id\";i:20233;s:5:\"title\";s:32:\"Art Magazine &#8211; Coming Soon\";s:9:\"thumbnail\";s:95:\"https://library.elementor.com/wp-content/uploads/2021/10/Art-Magazine-Coming-Soon-250x280-1.jpg\";s:12:\"tmpl_created\";i:1633881371;s:6:\"author\";s:9:\"Elementor\";s:3:\"url\";s:126:\"https://library.elementor.com/lp/art-magazine-coming-soon/?utm_source=template-library&utm_medium=wp-dash&utm_campaign=preview\";s:4:\"type\";s:2:\"lp\";s:11:\"access_tier\";s:9:\"essential\";s:7:\"subtype\";s:16:\"Coming Soon Page\";s:4:\"tags\";s:48:\"[\"Art\",\"Coming Soon\",\"Landing Pages\",\"Magazine\"]\";s:10:\"menu_order\";i:3;s:16:\"popularity_index\";i:-1;s:11:\"trend_index\";i:-1;s:18:\"editor_layout_type\";s:0:\"\";s:15:\"minimum_version\";s:5:\"0.0.0\";s:17:\"has_page_settings\";s:1:\"1\";s:6:\"is_pro\";s:1:\"1\";s:12:\"access_level\";i:1;}i:177;a:19:{s:4:\"tmpl\";i:1214;s:2:\"id\";i:20539;s:5:\"title\";s:31:\"Design Blog &#8211; Coming Soon\";s:9:\"thumbnail\";s:94:\"https://library.elementor.com/wp-content/uploads/2021/10/Design-Blog-Coming-Soon-250x280-1.jpg\";s:12:\"tmpl_created\";i:1634022706;s:6:\"author\";s:9:\"Elementor\";s:3:\"url\";s:125:\"https://library.elementor.com/lp/design-blog-coming-soon/?utm_source=template-library&utm_medium=wp-dash&utm_campaign=preview\";s:4:\"type\";s:2:\"lp\";s:11:\"access_tier\";s:9:\"essential\";s:7:\"subtype\";s:16:\"Coming Soon Page\";s:4:\"tags\";s:47:\"[\"Blog\",\"Coming Soon\",\"Design\",\"Landing Pages\"]\";s:10:\"menu_order\";i:4;s:16:\"popularity_index\";i:-1;s:11:\"trend_index\";i:-1;s:18:\"editor_layout_type\";s:0:\"\";s:15:\"minimum_version\";s:5:\"0.0.0\";s:17:\"has_page_settings\";s:1:\"1\";s:6:\"is_pro\";s:1:\"1\";s:12:\"access_level\";i:1;}i:178;a:19:{s:4:\"tmpl\";i:1224;s:2:\"id\";i:21013;s:5:\"title\";s:24:\"Restaurant &#8211; About\";s:9:\"thumbnail\";s:79:\"https://library.elementor.com/wp-content/uploads/2021/12/7-About-Restaurant.jpg\";s:12:\"tmpl_created\";i:1638795588;s:6:\"author\";s:9:\"Elementor\";s:3:\"url\";s:115:\"https://library.elementor.com/restaurant-about/?utm_source=template-library&utm_medium=wp-dash&utm_campaign=preview\";s:4:\"type\";s:4:\"page\";s:11:\"access_tier\";s:4:\"free\";s:7:\"subtype\";s:5:\"about\";s:4:\"tags\";s:36:\"[\"About\",\"Chef\",\"Food\",\"Restaurant\"]\";s:10:\"menu_order\";i:4;s:16:\"popularity_index\";i:-1;s:11:\"trend_index\";i:-1;s:18:\"editor_layout_type\";s:0:\"\";s:15:\"minimum_version\";s:5:\"0.0.0\";s:17:\"has_page_settings\";s:1:\"1\";s:6:\"is_pro\";s:1:\"0\";s:12:\"access_level\";i:0;}i:179;a:19:{s:4:\"tmpl\";i:992;s:2:\"id\";i:13402;s:5:\"title\";s:29:\"Classic | CTA | Online Course\";s:9:\"thumbnail\";s:83:\"https://library.elementor.com/wp-content/uploads/2020/04/Popup-Course-Completed.jpg\";s:12:\"tmpl_created\";i:1587474772;s:6:\"author\";s:9:\"Elementor\";s:3:\"url\";s:131:\"https://library.elementor.com/popups/classic-cta-online-course/?utm_source=template-library&utm_medium=wp-dash&utm_campaign=preview\";s:4:\"type\";s:5:\"popup\";s:11:\"access_tier\";s:9:\"essential\";s:7:\"subtype\";s:7:\"classic\";s:4:\"tags\";s:29:\"[\"Course Online\",\"Education\"]\";s:10:\"menu_order\";i:4;s:16:\"popularity_index\";i:619;s:11:\"trend_index\";i:582;s:18:\"editor_layout_type\";s:0:\"\";s:15:\"minimum_version\";s:5:\"0.0.0\";s:17:\"has_page_settings\";s:1:\"1\";s:6:\"is_pro\";s:1:\"1\";s:12:\"access_level\";i:1;}i:180;a:19:{s:4:\"tmpl\";i:1206;s:2:\"id\";i:20254;s:5:\"title\";s:41:\"Digital Marketing Agency &#8211; Business\";s:9:\"thumbnail\";s:95:\"https://library.elementor.com/wp-content/uploads/2021/10/Digital-Marketing-Agency-250x280-1.jpg\";s:12:\"tmpl_created\";i:1633882427;s:6:\"author\";s:9:\"Elementor\";s:3:\"url\";s:135:\"https://library.elementor.com/lp/digital-marketing-agency-business/?utm_source=template-library&utm_medium=wp-dash&utm_campaign=preview\";s:4:\"type\";s:2:\"lp\";s:11:\"access_tier\";s:9:\"essential\";s:7:\"subtype\";s:8:\"Business\";s:4:\"tags\";s:65:\"[\"Agency\",\"Business\",\"Digital Agency\",\"Landing Pages\",\"Services\"]\";s:10:\"menu_order\";i:5;s:16:\"popularity_index\";i:-1;s:11:\"trend_index\";i:-1;s:18:\"editor_layout_type\";s:0:\"\";s:15:\"minimum_version\";s:5:\"0.0.0\";s:17:\"has_page_settings\";s:1:\"1\";s:6:\"is_pro\";s:1:\"1\";s:12:\"access_level\";i:1;}i:181;a:19:{s:4:\"tmpl\";i:1235;s:2:\"id\";i:21281;s:5:\"title\";s:25:\"Law Firm &#8211; Services\";s:9:\"thumbnail\";s:81:\"https://library.elementor.com/wp-content/uploads/2021/12/16-Services-Law-firm.jpg\";s:12:\"tmpl_created\";i:1638819128;s:6:\"author\";s:9:\"Elementor\";s:3:\"url\";s:118:\"https://library.elementor.com/law-firm-services-2/?utm_source=template-library&utm_medium=wp-dash&utm_campaign=preview\";s:4:\"type\";s:4:\"page\";s:11:\"access_tier\";s:4:\"free\";s:7:\"subtype\";s:4:\"page\";s:4:\"tags\";s:56:\"[\"Consulting\",\"Law\",\"Law Firm\",\"Services\",\"Testimonial\"]\";s:10:\"menu_order\";i:5;s:16:\"popularity_index\";i:-1;s:11:\"trend_index\";i:-1;s:18:\"editor_layout_type\";s:0:\"\";s:15:\"minimum_version\";s:5:\"0.0.0\";s:17:\"has_page_settings\";s:1:\"1\";s:6:\"is_pro\";s:1:\"0\";s:12:\"access_level\";i:0;}i:182;a:19:{s:4:\"tmpl\";i:1017;s:2:\"id\";i:14111;s:5:\"title\";s:36:\"Classic | Japanese restaurant | Sale\";s:9:\"thumbnail\";s:78:\"https://library.elementor.com/wp-content/uploads/2020/06/Pop-Up-Page-Small.jpg\";s:12:\"tmpl_created\";i:1592300400;s:6:\"author\";s:9:\"Elementor\";s:3:\"url\";s:138:\"https://library.elementor.com/popups/classic-japanese-restaurant-sale/?utm_source=template-library&utm_medium=wp-dash&utm_campaign=preview\";s:4:\"type\";s:5:\"popup\";s:11:\"access_tier\";s:9:\"essential\";s:7:\"subtype\";s:7:\"classic\";s:4:\"tags\";s:32:\"[\"Food\",\"Japanese\",\"Restaurant\"]\";s:10:\"menu_order\";i:5;s:16:\"popularity_index\";i:717;s:11:\"trend_index\";i:697;s:18:\"editor_layout_type\";s:0:\"\";s:15:\"minimum_version\";s:5:\"0.0.0\";s:17:\"has_page_settings\";s:1:\"1\";s:6:\"is_pro\";s:1:\"1\";s:12:\"access_level\";i:1;}i:183;a:19:{s:4:\"tmpl\";i:1213;s:2:\"id\";i:20509;s:5:\"title\";s:40:\"Dogs Adoption &#8211; Social Involvement\";s:9:\"thumbnail\";s:83:\"https://library.elementor.com/wp-content/uploads/2021/10/Dog-Adoption-250x280-1.jpg\";s:12:\"tmpl_created\";i:1634022353;s:6:\"author\";s:9:\"Elementor\";s:3:\"url\";s:134:\"https://library.elementor.com/lp/dogs-adoption-social-involvement/?utm_source=template-library&utm_medium=wp-dash&utm_campaign=preview\";s:4:\"type\";s:2:\"lp\";s:11:\"access_tier\";s:9:\"essential\";s:7:\"subtype\";s:18:\"Social Involvement\";s:4:\"tags\";s:49:\"[\"Adoption\",\"Involvement\",\"Landing Pages\",\"Pets\"]\";s:10:\"menu_order\";i:6;s:16:\"popularity_index\";i:-1;s:11:\"trend_index\";i:-1;s:18:\"editor_layout_type\";s:0:\"\";s:15:\"minimum_version\";s:5:\"0.0.0\";s:17:\"has_page_settings\";s:1:\"1\";s:6:\"is_pro\";s:1:\"1\";s:12:\"access_level\";i:1;}i:184;a:19:{s:4:\"tmpl\";i:1233;s:2:\"id\";i:21205;s:5:\"title\";s:29:\"Photographer &#8211; Projects\";s:9:\"thumbnail\";s:85:\"https://library.elementor.com/wp-content/uploads/2021/12/25-Projects-Photographer.jpg\";s:12:\"tmpl_created\";i:1638818372;s:6:\"author\";s:9:\"Elementor\";s:3:\"url\";s:120:\"https://library.elementor.com/photographer-projects/?utm_source=template-library&utm_medium=wp-dash&utm_campaign=preview\";s:4:\"type\";s:4:\"page\";s:11:\"access_tier\";s:4:\"free\";s:7:\"subtype\";s:4:\"page\";s:4:\"tags\";s:43:\"[\"Black and white\",\"Photography\",\"Project\"]\";s:10:\"menu_order\";i:6;s:16:\"popularity_index\";i:-1;s:11:\"trend_index\";i:-1;s:18:\"editor_layout_type\";s:0:\"\";s:15:\"minimum_version\";s:5:\"0.0.0\";s:17:\"has_page_settings\";s:1:\"1\";s:6:\"is_pro\";s:1:\"0\";s:12:\"access_level\";i:0;}i:185;a:19:{s:4:\"tmpl\";i:993;s:2:\"id\";i:13422;s:5:\"title\";s:30:\"Classic | Menu | Online Course\";s:9:\"thumbnail\";s:71:\"https://library.elementor.com/wp-content/uploads/2020/04/PopUp-Menu.jpg\";s:12:\"tmpl_created\";i:1587474782;s:6:\"author\";s:9:\"Elementor\";s:3:\"url\";s:132:\"https://library.elementor.com/popups/classic-menu-online-course/?utm_source=template-library&utm_medium=wp-dash&utm_campaign=preview\";s:4:\"type\";s:5:\"popup\";s:11:\"access_tier\";s:4:\"free\";s:7:\"subtype\";s:7:\"classic\";s:4:\"tags\";s:29:\"[\"Course Online\",\"Education\"]\";s:10:\"menu_order\";i:6;s:16:\"popularity_index\";i:516;s:11:\"trend_index\";i:432;s:18:\"editor_layout_type\";s:0:\"\";s:15:\"minimum_version\";s:5:\"0.0.0\";s:17:\"has_page_settings\";s:1:\"1\";s:6:\"is_pro\";s:1:\"0\";s:12:\"access_level\";i:0;}i:186;a:19:{s:4:\"tmpl\";i:925;s:2:\"id\";i:12540;s:5:\"title\";s:33:\"Classic | Menu | Travel and tours\";s:9:\"thumbnail\";s:73:\"https://library.elementor.com/wp-content/uploads/2019/12/PopUp_Menu_s.png\";s:12:\"tmpl_created\";i:1575960267;s:6:\"author\";s:9:\"Elementor\";s:3:\"url\";s:135:\"https://library.elementor.com/popups/classic-menu-travel-and-tours/?utm_source=template-library&utm_medium=wp-dash&utm_campaign=preview\";s:4:\"type\";s:5:\"popup\";s:11:\"access_tier\";s:9:\"essential\";s:7:\"subtype\";s:7:\"classic\";s:4:\"tags\";s:18:\"[\"Tours\",\"Travel\"]\";s:10:\"menu_order\";i:7;s:16:\"popularity_index\";i:690;s:11:\"trend_index\";i:714;s:18:\"editor_layout_type\";s:0:\"\";s:15:\"minimum_version\";s:5:\"0.0.0\";s:17:\"has_page_settings\";s:1:\"1\";s:6:\"is_pro\";s:1:\"1\";s:12:\"access_level\";i:1;}i:187;a:19:{s:4:\"tmpl\";i:1208;s:2:\"id\";i:20361;s:5:\"title\";s:51:\"Exercise &#038; Fitness Equipment &#8211; eCommerce\";s:9:\"thumbnail\";s:97:\"https://library.elementor.com/wp-content/uploads/2021/10/Exercise-Fitness-Equipment-250x280-1.jpg\";s:12:\"tmpl_created\";i:1633883766;s:6:\"author\";s:9:\"Elementor\";s:3:\"url\";s:138:\"https://library.elementor.com/lp/exercise-fitness-equipment-ecommerce/?utm_source=template-library&utm_medium=wp-dash&utm_campaign=preview\";s:4:\"type\";s:2:\"lp\";s:11:\"access_tier\";s:9:\"essential\";s:7:\"subtype\";s:9:\"eCommerce\";s:4:\"tags\";s:50:\"[\"Fitness\",\"Health\",\"Landing Pages\",\"Online Shop\"]\";s:10:\"menu_order\";i:7;s:16:\"popularity_index\";i:-1;s:11:\"trend_index\";i:-1;s:18:\"editor_layout_type\";s:0:\"\";s:15:\"minimum_version\";s:5:\"0.0.0\";s:17:\"has_page_settings\";s:1:\"1\";s:6:\"is_pro\";s:1:\"1\";s:12:\"access_level\";i:1;}i:188;a:19:{s:4:\"tmpl\";i:1239;s:2:\"id\";i:21373;s:5:\"title\";s:28:\"Photographer &#8211; Gallery\";s:9:\"thumbnail\";s:84:\"https://library.elementor.com/wp-content/uploads/2021/12/18-Gallery-Photographer.jpg\";s:12:\"tmpl_created\";i:1638821177;s:6:\"author\";s:9:\"Elementor\";s:3:\"url\";s:119:\"https://library.elementor.com/photographer-gallery/?utm_source=template-library&utm_medium=wp-dash&utm_campaign=preview\";s:4:\"type\";s:4:\"page\";s:11:\"access_tier\";s:4:\"free\";s:7:\"subtype\";s:4:\"page\";s:4:\"tags\";s:56:\"[\"Gallery\",\"Photography\",\"Portfolio\",\"Project\",\"Travel\"]\";s:10:\"menu_order\";i:7;s:16:\"popularity_index\";i:-1;s:11:\"trend_index\";i:-1;s:18:\"editor_layout_type\";s:0:\"\";s:15:\"minimum_version\";s:5:\"0.0.0\";s:17:\"has_page_settings\";s:1:\"1\";s:6:\"is_pro\";s:1:\"0\";s:12:\"access_level\";i:0;}i:189;a:19:{s:4:\"tmpl\";i:1426;s:2:\"id\";i:24348;s:5:\"title\";s:24:\"Wireframe &#8211; Home 2\";s:9:\"thumbnail\";s:81:\"https://library.elementor.com/wp-content/uploads/2022/05/Wireframe-—-Home-2.jpg\";s:12:\"tmpl_created\";i:1653988444;s:6:\"author\";s:9:\"Elementor\";s:3:\"url\";s:115:\"https://library.elementor.com/wireframe-home-2/?utm_source=template-library&utm_medium=wp-dash&utm_campaign=preview\";s:4:\"type\";s:4:\"page\";s:11:\"access_tier\";s:9:\"essential\";s:7:\"subtype\";s:4:\"page\";s:4:\"tags\";s:102:\"[\"Business\",\"Contact\",\"Features\",\"Footer\",\"Header\",\"Homepage\",\"Professional\",\"Services\",\"Testimonial\"]\";s:10:\"menu_order\";i:8;s:16:\"popularity_index\";i:-1;s:11:\"trend_index\";i:-1;s:18:\"editor_layout_type\";s:0:\"\";s:15:\"minimum_version\";s:5:\"0.0.0\";s:17:\"has_page_settings\";s:1:\"1\";s:6:\"is_pro\";s:1:\"1\";s:12:\"access_level\";i:1;}i:190;a:19:{s:4:\"tmpl\";i:958;s:2:\"id\";i:13129;s:5:\"title\";s:28:\"Classic | Menu | Photography\";s:9:\"thumbnail\";s:68:\"https://library.elementor.com/wp-content/uploads/2020/02/PopUp_s.png\";s:12:\"tmpl_created\";i:1582092645;s:6:\"author\";s:9:\"Elementor\";s:3:\"url\";s:130:\"https://library.elementor.com/popups/classic-menu-photography/?utm_source=template-library&utm_medium=wp-dash&utm_campaign=preview\";s:4:\"type\";s:5:\"popup\";s:11:\"access_tier\";s:9:\"essential\";s:7:\"subtype\";s:7:\"classic\";s:4:\"tags\";s:27:\"[\"Photography\",\"Portfolio\"]\";s:10:\"menu_order\";i:8;s:16:\"popularity_index\";i:646;s:11:\"trend_index\";i:521;s:18:\"editor_layout_type\";s:0:\"\";s:15:\"minimum_version\";s:5:\"0.0.0\";s:17:\"has_page_settings\";s:1:\"1\";s:6:\"is_pro\";s:1:\"1\";s:12:\"access_level\";i:1;}i:191;a:19:{s:4:\"tmpl\";i:1427;s:2:\"id\";i:24366;s:5:\"title\";s:24:\"Wireframe &#8211; Home 3\";s:9:\"thumbnail\";s:81:\"https://library.elementor.com/wp-content/uploads/2022/05/Wireframe-—-Home-3.jpg\";s:12:\"tmpl_created\";i:1653988491;s:6:\"author\";s:9:\"Elementor\";s:3:\"url\";s:115:\"https://library.elementor.com/wireframe-home-3/?utm_source=template-library&utm_medium=wp-dash&utm_campaign=preview\";s:4:\"type\";s:4:\"page\";s:11:\"access_tier\";s:9:\"essential\";s:7:\"subtype\";s:4:\"page\";s:4:\"tags\";s:102:\"[\"Business\",\"Contact\",\"Features\",\"Footer\",\"Header\",\"Homepage\",\"Professional\",\"Services\",\"Testimonial\"]\";s:10:\"menu_order\";i:9;s:16:\"popularity_index\";i:-1;s:11:\"trend_index\";i:-1;s:18:\"editor_layout_type\";s:0:\"\";s:15:\"minimum_version\";s:5:\"0.0.0\";s:17:\"has_page_settings\";s:1:\"1\";s:6:\"is_pro\";s:1:\"1\";s:12:\"access_level\";i:1;}i:192;a:19:{s:4:\"tmpl\";i:1207;s:2:\"id\";i:20299;s:5:\"title\";s:51:\"Interior Design Consultation &#8211; Online Service\";s:9:\"thumbnail\";s:99:\"https://library.elementor.com/wp-content/uploads/2021/10/Interior-Design-Consultation-250x280-1.jpg\";s:12:\"tmpl_created\";i:1633882989;s:6:\"author\";s:9:\"Elementor\";s:3:\"url\";s:145:\"https://library.elementor.com/lp/interior-design-consultation-online-service/?utm_source=template-library&utm_medium=wp-dash&utm_campaign=preview\";s:4:\"type\";s:2:\"lp\";s:11:\"access_tier\";s:9:\"essential\";s:7:\"subtype\";s:14:\"Online Service\";s:4:\"tags\";s:65:\"[\"Consulting\",\"Interior Design\",\"Landing Pages\",\"Online Service\"]\";s:10:\"menu_order\";i:9;s:16:\"popularity_index\";i:-1;s:11:\"trend_index\";i:-1;s:18:\"editor_layout_type\";s:0:\"\";s:15:\"minimum_version\";s:5:\"0.0.0\";s:17:\"has_page_settings\";s:1:\"1\";s:6:\"is_pro\";s:1:\"1\";s:12:\"access_level\";i:1;}i:193;a:19:{s:4:\"tmpl\";i:952;s:2:\"id\";i:12726;s:5:\"title\";s:52:\"Classic | Newsletter | Subscribe | Magazine and Blog\";s:9:\"thumbnail\";s:79:\"https://library.elementor.com/wp-content/uploads/2020/01/PopUp_Newsletter_s.png\";s:12:\"tmpl_created\";i:1579061019;s:6:\"author\";s:9:\"Elementor\";s:3:\"url\";s:152:\"https://library.elementor.com/popups/classic-newsletter-subscribe-magazine-and-blog/?utm_source=template-library&utm_medium=wp-dash&utm_campaign=preview\";s:4:\"type\";s:5:\"popup\";s:11:\"access_tier\";s:9:\"essential\";s:7:\"subtype\";s:7:\"classic\";s:4:\"tags\";s:19:\"[\"Blog\",\"Magazine\"]\";s:10:\"menu_order\";i:9;s:16:\"popularity_index\";i:357;s:11:\"trend_index\";i:281;s:18:\"editor_layout_type\";s:0:\"\";s:15:\"minimum_version\";s:5:\"0.0.0\";s:17:\"has_page_settings\";s:1:\"1\";s:6:\"is_pro\";s:1:\"1\";s:12:\"access_level\";i:1;}i:194;a:19:{s:4:\"tmpl\";i:883;s:2:\"id\";i:11468;s:5:\"title\";s:20:\"Classic | Sale | Gym\";s:9:\"thumbnail\";s:72:\"https://library.elementor.com/wp-content/uploads/2019/08/PopUp_Small.png\";s:12:\"tmpl_created\";i:1567393182;s:6:\"author\";s:9:\"Elementor\";s:3:\"url\";s:122:\"https://library.elementor.com/popups/classic-sale-gym/?utm_source=template-library&utm_medium=wp-dash&utm_campaign=preview\";s:4:\"type\";s:5:\"popup\";s:11:\"access_tier\";s:9:\"essential\";s:7:\"subtype\";s:7:\"classic\";s:4:\"tags\";s:2:\"[]\";s:10:\"menu_order\";i:10;s:16:\"popularity_index\";i:696;s:11:\"trend_index\";i:740;s:18:\"editor_layout_type\";s:0:\"\";s:15:\"minimum_version\";s:5:\"0.0.0\";s:17:\"has_page_settings\";s:1:\"1\";s:6:\"is_pro\";s:1:\"1\";s:12:\"access_level\";i:1;}i:195;a:19:{s:4:\"tmpl\";i:1216;s:2:\"id\";i:20623;s:5:\"title\";s:57:\"Luxurious Camping Accommodation For Events &#8211; Events\";s:9:\"thumbnail\";s:113:\"https://library.elementor.com/wp-content/uploads/2021/10/Luxurious-Camping-Accommodation-For-Events-250x280-2.jpg\";s:12:\"tmpl_created\";i:1634041681;s:6:\"author\";s:9:\"Elementor\";s:3:\"url\";s:151:\"https://library.elementor.com/lp/luxurious-camping-accommodation-for-events-events/?utm_source=template-library&utm_medium=wp-dash&utm_campaign=preview\";s:4:\"type\";s:2:\"lp\";s:11:\"access_tier\";s:9:\"essential\";s:7:\"subtype\";s:6:\"Events\";s:4:\"tags\";s:43:\"[\"Event\",\"Events\",\"Landing Pages\",\"Travel\"]\";s:10:\"menu_order\";i:10;s:16:\"popularity_index\";i:-1;s:11:\"trend_index\";i:-1;s:18:\"editor_layout_type\";s:0:\"\";s:15:\"minimum_version\";s:5:\"0.0.0\";s:17:\"has_page_settings\";s:1:\"1\";s:6:\"is_pro\";s:1:\"1\";s:12:\"access_level\";i:1;}i:196;a:19:{s:4:\"tmpl\";i:1219;s:2:\"id\";i:20886;s:5:\"title\";s:28:\"Online Training &#8211; Home\";s:9:\"thumbnail\";s:83:\"https://library.elementor.com/wp-content/uploads/2021/12/2-Home-Online-Training.jpg\";s:12:\"tmpl_created\";i:1638784769;s:6:\"author\";s:9:\"Elementor\";s:3:\"url\";s:119:\"https://library.elementor.com/online-training-home/?utm_source=template-library&utm_medium=wp-dash&utm_campaign=preview\";s:4:\"type\";s:4:\"page\";s:11:\"access_tier\";s:9:\"essential\";s:7:\"subtype\";s:4:\"page\";s:4:\"tags\";s:39:\"[\"Fitness\",\"Online\",\"Sport\",\"Training\"]\";s:10:\"menu_order\";i:10;s:16:\"popularity_index\";i:-1;s:11:\"trend_index\";i:-1;s:18:\"editor_layout_type\";s:0:\"\";s:15:\"minimum_version\";s:5:\"0.0.0\";s:17:\"has_page_settings\";s:1:\"1\";s:6:\"is_pro\";s:1:\"1\";s:12:\"access_level\";i:1;}i:197;a:19:{s:4:\"tmpl\";i:1065;s:2:\"id\";i:15570;s:5:\"title\";s:33:\"Classic | Subscribe | Travel Blog\";s:9:\"thumbnail\";s:66:\"https://library.elementor.com/wp-content/uploads/2020/11/PopUp.jpg\";s:12:\"tmpl_created\";i:1606215555;s:6:\"author\";s:9:\"Elementor\";s:3:\"url\";s:135:\"https://library.elementor.com/popups/classic-subscribe-travel-blog/?utm_source=template-library&utm_medium=wp-dash&utm_campaign=preview\";s:4:\"type\";s:5:\"popup\";s:11:\"access_tier\";s:9:\"essential\";s:7:\"subtype\";s:7:\"classic\";s:4:\"tags\";s:17:\"[\"Blog\",\"Travel\"]\";s:10:\"menu_order\";i:11;s:16:\"popularity_index\";i:709;s:11:\"trend_index\";i:459;s:18:\"editor_layout_type\";s:0:\"\";s:15:\"minimum_version\";s:5:\"0.0.0\";s:17:\"has_page_settings\";s:1:\"1\";s:6:\"is_pro\";s:1:\"1\";s:12:\"access_level\";i:1;}i:198;a:19:{s:4:\"tmpl\";i:1431;s:2:\"id\";i:24437;s:5:\"title\";s:25:\"Wireframe &#8211; About 4\";s:9:\"thumbnail\";s:82:\"https://library.elementor.com/wp-content/uploads/2022/05/Wireframe-—-About-4.jpg\";s:12:\"tmpl_created\";i:1653988733;s:6:\"author\";s:9:\"Elementor\";s:3:\"url\";s:116:\"https://library.elementor.com/wireframe-about-4/?utm_source=template-library&utm_medium=wp-dash&utm_campaign=preview\";s:4:\"type\";s:4:\"page\";s:11:\"access_tier\";s:9:\"essential\";s:7:\"subtype\";s:4:\"page\";s:4:\"tags\";s:74:\"[\"About\",\"Business\",\"Contact\",\"Features\",\"Footer\",\"Header\",\"Professional\"]\";s:10:\"menu_order\";i:11;s:16:\"popularity_index\";i:-1;s:11:\"trend_index\";i:-1;s:18:\"editor_layout_type\";s:0:\"\";s:15:\"minimum_version\";s:5:\"0.0.0\";s:17:\"has_page_settings\";s:1:\"1\";s:6:\"is_pro\";s:1:\"1\";s:12:\"access_level\";i:1;}i:199;a:19:{s:4:\"tmpl\";i:1210;s:2:\"id\";i:20414;s:5:\"title\";s:45:\"Online English Courses &#8211; Online Service\";s:9:\"thumbnail\";s:93:\"https://library.elementor.com/wp-content/uploads/2021/10/Online-English-Courses-250x280-1.jpg\";s:12:\"tmpl_created\";i:1633884482;s:6:\"author\";s:9:\"Elementor\";s:3:\"url\";s:139:\"https://library.elementor.com/lp/online-english-courses-online-service/?utm_source=template-library&utm_medium=wp-dash&utm_campaign=preview\";s:4:\"type\";s:2:\"lp\";s:11:\"access_tier\";s:9:\"essential\";s:7:\"subtype\";s:14:\"Online Service\";s:4:\"tags\";s:50:\"[\"Course Online\",\"Landing Pages\",\"Online Service\"]\";s:10:\"menu_order\";i:11;s:16:\"popularity_index\";i:-1;s:11:\"trend_index\";i:-1;s:18:\"editor_layout_type\";s:0:\"\";s:15:\"minimum_version\";s:5:\"0.0.0\";s:17:\"has_page_settings\";s:1:\"0\";s:6:\"is_pro\";s:1:\"1\";s:12:\"access_level\";i:1;}i:200;a:19:{s:4:\"tmpl\";i:1132;s:2:\"id\";i:16553;s:5:\"title\";s:31:\"Fly-In | Contact | Beauty Salon\";s:9:\"thumbnail\";s:66:\"https://library.elementor.com/wp-content/uploads/2020/12/PopUp.jpg\";s:12:\"tmpl_created\";i:1608622602;s:6:\"author\";s:9:\"Elementor\";s:3:\"url\";s:133:\"https://library.elementor.com/popups/fly-in-contact-beauty-salon/?utm_source=template-library&utm_medium=wp-dash&utm_campaign=preview\";s:4:\"type\";s:5:\"popup\";s:11:\"access_tier\";s:9:\"essential\";s:7:\"subtype\";s:6:\"fly-in\";s:4:\"tags\";s:23:\"[\"Beauty Salon\",\"Hair\"]\";s:10:\"menu_order\";i:12;s:16:\"popularity_index\";i:691;s:11:\"trend_index\";i:428;s:18:\"editor_layout_type\";s:0:\"\";s:15:\"minimum_version\";s:5:\"0.0.0\";s:17:\"has_page_settings\";s:1:\"1\";s:6:\"is_pro\";s:1:\"1\";s:12:\"access_level\";i:1;}i:201;a:19:{s:4:\"tmpl\";i:1441;s:2:\"id\";i:24574;s:5:\"title\";s:27:\"Wireframe &#8211; Contact 5\";s:9:\"thumbnail\";s:84:\"https://library.elementor.com/wp-content/uploads/2022/05/Wireframe-—-Contact-5.jpg\";s:12:\"tmpl_created\";i:1653989135;s:6:\"author\";s:9:\"Elementor\";s:3:\"url\";s:118:\"https://library.elementor.com/wireframe-contact-5/?utm_source=template-library&utm_medium=wp-dash&utm_campaign=preview\";s:4:\"type\";s:4:\"page\";s:11:\"access_tier\";s:9:\"essential\";s:7:\"subtype\";s:4:\"page\";s:4:\"tags\";s:88:\"[\"Business\",\"Contact\",\"Footer\",\"Form\",\"Google Maps\",\"Header\",\"Professional\",\"Subscribe\"]\";s:10:\"menu_order\";i:12;s:16:\"popularity_index\";i:-1;s:11:\"trend_index\";i:-1;s:18:\"editor_layout_type\";s:0:\"\";s:15:\"minimum_version\";s:5:\"0.0.0\";s:17:\"has_page_settings\";s:1:\"1\";s:6:\"is_pro\";s:1:\"1\";s:12:\"access_level\";i:1;}i:202;a:19:{s:4:\"tmpl\";i:1217;s:2:\"id\";i:20333;s:5:\"title\";s:40:\"Plant Pots Online Shop &#8211; eCommerce\";s:9:\"thumbnail\";s:93:\"https://library.elementor.com/wp-content/uploads/2021/10/Plant-Pots-Online-Shop-250x280-2.jpg\";s:12:\"tmpl_created\";i:1634042184;s:6:\"author\";s:9:\"Elementor\";s:3:\"url\";s:134:\"https://library.elementor.com/lp/plant-pots-online-shop-ecommerce/?utm_source=template-library&utm_medium=wp-dash&utm_campaign=preview\";s:4:\"type\";s:2:\"lp\";s:11:\"access_tier\";s:9:\"essential\";s:7:\"subtype\";s:9:\"eCommerce\";s:4:\"tags\";s:50:\"[\"Ecommerce\",\"Landing Pages\",\"Online Shop\",\"Shop\"]\";s:10:\"menu_order\";i:12;s:16:\"popularity_index\";i:-1;s:11:\"trend_index\";i:-1;s:18:\"editor_layout_type\";s:0:\"\";s:15:\"minimum_version\";s:5:\"0.0.0\";s:17:\"has_page_settings\";s:1:\"1\";s:6:\"is_pro\";s:1:\"1\";s:12:\"access_level\";i:1;}i:203;a:19:{s:4:\"tmpl\";i:1211;s:2:\"id\";i:20447;s:5:\"title\";s:33:\"Shared Workspace &#8211; Business\";s:9:\"thumbnail\";s:85:\"https://library.elementor.com/wp-content/uploads/2021/10/250x280-Shared-Workspace.jpg\";s:12:\"tmpl_created\";i:1633884934;s:6:\"author\";s:9:\"Elementor\";s:3:\"url\";s:127:\"https://library.elementor.com/lp/shared-workspace-business/?utm_source=template-library&utm_medium=wp-dash&utm_campaign=preview\";s:4:\"type\";s:2:\"lp\";s:11:\"access_tier\";s:9:\"essential\";s:7:\"subtype\";s:8:\"Business\";s:4:\"tags\";s:28:\"[\"Business\",\"Landing Pages\"]\";s:10:\"menu_order\";i:13;s:16:\"popularity_index\";i:-1;s:11:\"trend_index\";i:-1;s:18:\"editor_layout_type\";s:0:\"\";s:15:\"minimum_version\";s:5:\"0.0.0\";s:17:\"has_page_settings\";s:1:\"1\";s:6:\"is_pro\";s:1:\"1\";s:12:\"access_level\";i:1;}i:204;a:19:{s:4:\"tmpl\";i:1237;s:2:\"id\";i:21313;s:5:\"title\";s:34:\"Spa &#038; Beauty &#8211; Services\";s:9:\"thumbnail\";s:89:\"https://library.elementor.com/wp-content/uploads/2021/12/Spa-Beauty-Treatments-page-1.jpg\";s:12:\"tmpl_created\";i:1638819709;s:6:\"author\";s:9:\"Elementor\";s:3:\"url\";s:118:\"https://library.elementor.com/spa-beauty-services/?utm_source=template-library&utm_medium=wp-dash&utm_campaign=preview\";s:4:\"type\";s:4:\"page\";s:11:\"access_tier\";s:9:\"essential\";s:7:\"subtype\";s:4:\"page\";s:4:\"tags\";s:55:\"[\"Beauty\",\"Hair\",\"Health\",\"Services\",\"Spa\",\"Treatment\"]\";s:10:\"menu_order\";i:13;s:16:\"popularity_index\";i:-1;s:11:\"trend_index\";i:-1;s:18:\"editor_layout_type\";s:0:\"\";s:15:\"minimum_version\";s:5:\"0.0.0\";s:17:\"has_page_settings\";s:1:\"1\";s:6:\"is_pro\";s:1:\"1\";s:12:\"access_level\";i:1;}i:205;a:19:{s:4:\"tmpl\";i:1004;s:2:\"id\";i:13538;s:5:\"title\";s:32:\"Fly-In | Newsletter | Barbershop\";s:9:\"thumbnail\";s:78:\"https://library.elementor.com/wp-content/uploads/2020/05/Pop-Up-Page-Small.jpg\";s:12:\"tmpl_created\";i:1589893364;s:6:\"author\";s:9:\"Elementor\";s:3:\"url\";s:134:\"https://library.elementor.com/popups/fly-in-newsletter-barbershop/?utm_source=template-library&utm_medium=wp-dash&utm_campaign=preview\";s:4:\"type\";s:5:\"popup\";s:11:\"access_tier\";s:9:\"essential\";s:7:\"subtype\";s:6:\"fly-in\";s:4:\"tags\";s:28:\"[\"Barber Shop\",\"Barbershop\"]\";s:10:\"menu_order\";i:13;s:16:\"popularity_index\";i:710;s:11:\"trend_index\";i:667;s:18:\"editor_layout_type\";s:0:\"\";s:15:\"minimum_version\";s:5:\"0.0.0\";s:17:\"has_page_settings\";s:1:\"1\";s:6:\"is_pro\";s:1:\"1\";s:12:\"access_level\";i:1;}i:206;a:19:{s:4:\"tmpl\";i:924;s:2:\"id\";i:12550;s:5:\"title\";s:32:\"Fly-in | Sale | Travel and Tours\";s:9:\"thumbnail\";s:68:\"https://library.elementor.com/wp-content/uploads/2019/12/PopUp_s.png\";s:12:\"tmpl_created\";i:1575960263;s:6:\"author\";s:9:\"Elementor\";s:3:\"url\";s:133:\"https://library.elementor.com/popups/flyin-sale-travel-and-tours/?utm_source=template-library&utm_medium=wp-dash&utm_campaign=preview\";s:4:\"type\";s:5:\"popup\";s:11:\"access_tier\";s:9:\"essential\";s:7:\"subtype\";s:6:\"fly-in\";s:4:\"tags\";s:18:\"[\"Tours\",\"Travel\"]\";s:10:\"menu_order\";i:14;s:16:\"popularity_index\";i:754;s:11:\"trend_index\";i:791;s:18:\"editor_layout_type\";s:0:\"\";s:15:\"minimum_version\";s:5:\"0.0.0\";s:17:\"has_page_settings\";s:1:\"1\";s:6:\"is_pro\";s:1:\"1\";s:12:\"access_level\";i:1;}i:207;a:19:{s:4:\"tmpl\";i:1212;s:2:\"id\";i:20479;s:5:\"title\";s:49:\"Teeth Straightening &#8211; Health &#038; Fitness\";s:9:\"thumbnail\";s:84:\"https://library.elementor.com/wp-content/uploads/2021/10/250x280-Teeth-Whitening.jpg\";s:12:\"tmpl_created\";i:1633886115;s:6:\"author\";s:9:\"Elementor\";s:3:\"url\";s:136:\"https://library.elementor.com/lp/teeth-straightening-health-fitness/?utm_source=template-library&utm_medium=wp-dash&utm_campaign=preview\";s:4:\"type\";s:2:\"lp\";s:11:\"access_tier\";s:9:\"essential\";s:7:\"subtype\";s:18:\"Health and Fitness\";s:4:\"tags\";s:46:\"[\"Business\",\"Dental\",\"Health\",\"Landing Pages\"]\";s:10:\"menu_order\";i:14;s:16:\"popularity_index\";i:-1;s:11:\"trend_index\";i:-1;s:18:\"editor_layout_type\";s:0:\"\";s:15:\"minimum_version\";s:5:\"0.0.0\";s:17:\"has_page_settings\";s:1:\"1\";s:6:\"is_pro\";s:1:\"1\";s:12:\"access_level\";i:1;}i:208;a:19:{s:4:\"tmpl\";i:1234;s:2:\"id\";i:21234;s:5:\"title\";s:34:\"Insurance Company &#8211; Services\";s:9:\"thumbnail\";s:90:\"https://library.elementor.com/wp-content/uploads/2021/12/15-Services-Insurance-Company.jpg\";s:12:\"tmpl_created\";i:1638818688;s:6:\"author\";s:9:\"Elementor\";s:3:\"url\";s:125:\"https://library.elementor.com/insurance-company-services/?utm_source=template-library&utm_medium=wp-dash&utm_campaign=preview\";s:4:\"type\";s:4:\"page\";s:11:\"access_tier\";s:9:\"essential\";s:7:\"subtype\";s:4:\"page\";s:4:\"tags\";s:51:\"[\"Faq\",\"Form\",\"Insurance\",\"Services\",\"Testimonial\"]\";s:10:\"menu_order\";i:14;s:16:\"popularity_index\";i:-1;s:11:\"trend_index\";i:-1;s:18:\"editor_layout_type\";s:0:\"\";s:15:\"minimum_version\";s:5:\"0.0.0\";s:17:\"has_page_settings\";s:1:\"1\";s:6:\"is_pro\";s:1:\"1\";s:12:\"access_level\";i:1;}i:209;a:19:{s:4:\"tmpl\";i:1035;s:2:\"id\";i:15062;s:5:\"title\";s:35:\"Fly-In | Sign up | Flooring Company\";s:9:\"thumbnail\";s:66:\"https://library.elementor.com/wp-content/uploads/2020/08/PopUp.png\";s:12:\"tmpl_created\";i:1597739629;s:6:\"author\";s:9:\"Elementor\";s:3:\"url\";s:137:\"https://library.elementor.com/popups/fly-in-sign-up-flooring-company/?utm_source=template-library&utm_medium=wp-dash&utm_campaign=preview\";s:4:\"type\";s:5:\"popup\";s:11:\"access_tier\";s:9:\"essential\";s:7:\"subtype\";s:6:\"fly-in\";s:4:\"tags\";s:39:\"[\"Flooring company\",\"Flooring website\"]\";s:10:\"menu_order\";i:15;s:16:\"popularity_index\";i:625;s:11:\"trend_index\";i:309;s:18:\"editor_layout_type\";s:0:\"\";s:15:\"minimum_version\";s:5:\"0.0.0\";s:17:\"has_page_settings\";s:1:\"1\";s:6:\"is_pro\";s:1:\"1\";s:12:\"access_level\";i:1;}i:210;a:19:{s:4:\"tmpl\";i:1209;s:2:\"id\";i:20394;s:5:\"title\";s:30:\"Time Management &#8211; Events\";s:9:\"thumbnail\";s:86:\"https://library.elementor.com/wp-content/uploads/2021/10/Time-Management-250x280-1.jpg\";s:12:\"tmpl_created\";i:1633884077;s:6:\"author\";s:9:\"Elementor\";s:3:\"url\";s:124:\"https://library.elementor.com/lp/time-management-events/?utm_source=template-library&utm_medium=wp-dash&utm_campaign=preview\";s:4:\"type\";s:2:\"lp\";s:11:\"access_tier\";s:9:\"essential\";s:7:\"subtype\";s:6:\"Events\";s:4:\"tags\";s:17:\"[\"Landing Pages\"]\";s:10:\"menu_order\";i:15;s:16:\"popularity_index\";i:-1;s:11:\"trend_index\";i:-1;s:18:\"editor_layout_type\";s:0:\"\";s:15:\"minimum_version\";s:5:\"0.0.0\";s:17:\"has_page_settings\";s:1:\"1\";s:6:\"is_pro\";s:1:\"1\";s:12:\"access_level\";i:1;}i:211;a:19:{s:4:\"tmpl\";i:1229;s:2:\"id\";i:21118;s:5:\"title\";s:28:\"Contact &#8211; Plants Store\";s:9:\"thumbnail\";s:84:\"https://library.elementor.com/wp-content/uploads/2021/12/12-Contact-Plants-Store.jpg\";s:12:\"tmpl_created\";i:1638802472;s:6:\"author\";s:9:\"Elementor\";s:3:\"url\";s:119:\"https://library.elementor.com/contact-plants-store/?utm_source=template-library&utm_medium=wp-dash&utm_campaign=preview\";s:4:\"type\";s:4:\"page\";s:11:\"access_tier\";s:9:\"essential\";s:7:\"subtype\";s:4:\"page\";s:4:\"tags\";s:40:\"[\"Contact\",\"Info\",\"Plant\",\"Testimonial\"]\";s:10:\"menu_order\";i:15;s:16:\"popularity_index\";i:-1;s:11:\"trend_index\";i:-1;s:18:\"editor_layout_type\";s:0:\"\";s:15:\"minimum_version\";s:5:\"0.0.0\";s:17:\"has_page_settings\";s:1:\"1\";s:6:\"is_pro\";s:1:\"1\";s:12:\"access_level\";i:1;}i:212;a:19:{s:4:\"tmpl\";i:893;s:2:\"id\";i:11822;s:5:\"title\";s:30:\"Full Screen | Menu | Portfolio\";s:9:\"thumbnail\";s:72:\"https://library.elementor.com/wp-content/uploads/2019/09/PopUp_small.png\";s:12:\"tmpl_created\";i:1569429896;s:6:\"author\";s:9:\"Elementor\";s:3:\"url\";s:132:\"https://library.elementor.com/popups/full-screen-menu-portfolio/?utm_source=template-library&utm_medium=wp-dash&utm_campaign=preview\";s:4:\"type\";s:5:\"popup\";s:11:\"access_tier\";s:9:\"essential\";s:7:\"subtype\";s:11:\"full screen\";s:4:\"tags\";s:2:\"[]\";s:10:\"menu_order\";i:16;s:16:\"popularity_index\";i:654;s:11:\"trend_index\";i:626;s:18:\"editor_layout_type\";s:0:\"\";s:15:\"minimum_version\";s:5:\"0.0.0\";s:17:\"has_page_settings\";s:1:\"1\";s:6:\"is_pro\";s:1:\"1\";s:12:\"access_level\";i:1;}i:213;a:19:{s:4:\"tmpl\";i:1203;s:2:\"id\";i:18591;s:5:\"title\";s:28:\"Coffee Sale &#8211; Business\";s:9:\"thumbnail\";s:70:\"https://library.elementor.com/wp-content/uploads/2021/04/250x280-7.png\";s:12:\"tmpl_created\";i:1633877319;s:6:\"author\";s:9:\"Elementor\";s:3:\"url\";s:122:\"https://library.elementor.com/lp/coffee-sale-business/?utm_source=template-library&utm_medium=wp-dash&utm_campaign=preview\";s:4:\"type\";s:2:\"lp\";s:11:\"access_tier\";s:9:\"essential\";s:7:\"subtype\";s:8:\"Business\";s:4:\"tags\";s:33:\"[\"Coffee\",\"Landing Pages\",\"Sale\"]\";s:10:\"menu_order\";i:16;s:16:\"popularity_index\";i:-1;s:11:\"trend_index\";i:-1;s:18:\"editor_layout_type\";s:0:\"\";s:15:\"minimum_version\";s:5:\"0.0.0\";s:17:\"has_page_settings\";s:1:\"1\";s:6:\"is_pro\";s:1:\"1\";s:12:\"access_level\";i:1;}i:214;a:19:{s:4:\"tmpl\";i:1231;s:2:\"id\";i:21184;s:5:\"title\";s:28:\"Dental Care &#8211; Services\";s:9:\"thumbnail\";s:84:\"https://library.elementor.com/wp-content/uploads/2021/12/14-Services-Dental-Care.jpg\";s:12:\"tmpl_created\";i:1638807148;s:6:\"author\";s:9:\"Elementor\";s:3:\"url\";s:119:\"https://library.elementor.com/dental-care-services/?utm_source=template-library&utm_medium=wp-dash&utm_campaign=preview\";s:4:\"type\";s:4:\"page\";s:11:\"access_tier\";s:9:\"essential\";s:7:\"subtype\";s:4:\"page\";s:4:\"tags\";s:45:\"[\"Dental\",\"Medical\",\"Services\",\"Testimonial\"]\";s:10:\"menu_order\";i:16;s:16:\"popularity_index\";i:-1;s:11:\"trend_index\";i:-1;s:18:\"editor_layout_type\";s:0:\"\";s:15:\"minimum_version\";s:5:\"0.0.0\";s:17:\"has_page_settings\";s:1:\"1\";s:6:\"is_pro\";s:1:\"1\";s:12:\"access_level\";i:1;}i:215;a:19:{s:4:\"tmpl\";i:1064;s:2:\"id\";i:15580;s:5:\"title\";s:31:\"Fullscreen | Menu | Travel Blog\";s:9:\"thumbnail\";s:71:\"https://library.elementor.com/wp-content/uploads/2020/11/PopUp-Menu.jpg\";s:12:\"tmpl_created\";i:1606215358;s:6:\"author\";s:9:\"Elementor\";s:3:\"url\";s:133:\"https://library.elementor.com/popups/fullscreen-menu-travel-blog/?utm_source=template-library&utm_medium=wp-dash&utm_campaign=preview\";s:4:\"type\";s:5:\"popup\";s:11:\"access_tier\";s:9:\"essential\";s:7:\"subtype\";s:11:\"full screen\";s:4:\"tags\";s:17:\"[\"Blog\",\"Travel\"]\";s:10:\"menu_order\";i:17;s:16:\"popularity_index\";i:673;s:11:\"trend_index\";i:348;s:18:\"editor_layout_type\";s:0:\"\";s:15:\"minimum_version\";s:5:\"0.0.0\";s:17:\"has_page_settings\";s:1:\"1\";s:6:\"is_pro\";s:1:\"1\";s:12:\"access_level\";i:1;}i:216;a:19:{s:4:\"tmpl\";i:1133;s:2:\"id\";i:16645;s:5:\"title\";s:28:\"Headphones &#8211; eCommerce\";s:9:\"thumbnail\";s:74:\"https://library.elementor.com/wp-content/uploads/2021/01/lp_headphones.png\";s:12:\"tmpl_created\";i:1609944115;s:6:\"author\";s:9:\"Elementor\";s:3:\"url\";s:121:\"https://library.elementor.com/lp/commerce-headphones/?utm_source=template-library&utm_medium=wp-dash&utm_campaign=preview\";s:4:\"type\";s:2:\"lp\";s:11:\"access_tier\";s:4:\"free\";s:7:\"subtype\";s:9:\"eCommerce\";s:4:\"tags\";s:39:\"[\"Ecommerce\",\"Landing Pages\",\"Product\"]\";s:10:\"menu_order\";i:17;s:16:\"popularity_index\";i:633;s:11:\"trend_index\";i:87;s:18:\"editor_layout_type\";s:0:\"\";s:15:\"minimum_version\";s:5:\"0.0.0\";s:17:\"has_page_settings\";s:1:\"1\";s:6:\"is_pro\";s:1:\"0\";s:12:\"access_level\";i:0;}i:217;a:19:{s:4:\"tmpl\";i:1442;s:2:\"id\";i:24584;s:5:\"title\";s:27:\"Wireframe &#8211; Pricing 1\";s:9:\"thumbnail\";s:84:\"https://library.elementor.com/wp-content/uploads/2022/05/Wireframe-—-Pricing-1.jpg\";s:12:\"tmpl_created\";i:1653989152;s:6:\"author\";s:9:\"Elementor\";s:3:\"url\";s:118:\"https://library.elementor.com/wireframe-pricing-1/?utm_source=template-library&utm_medium=wp-dash&utm_campaign=preview\";s:4:\"type\";s:4:\"page\";s:11:\"access_tier\";s:9:\"essential\";s:7:\"subtype\";s:4:\"page\";s:4:\"tags\";s:146:\"[\"Booking\",\"Business\",\"Clients\",\"Contact\",\"Faq\",\"Features\",\"Footer\",\"Online Service\",\"Pricing\",\"Products\",\"Professional\",\"Services\",\"Testimonial\"]\";s:10:\"menu_order\";i:17;s:16:\"popularity_index\";i:-1;s:11:\"trend_index\";i:-1;s:18:\"editor_layout_type\";s:0:\"\";s:15:\"minimum_version\";s:5:\"0.0.0\";s:17:\"has_page_settings\";s:1:\"1\";s:6:\"is_pro\";s:1:\"1\";s:12:\"access_level\";i:1;}i:218;a:19:{s:4:\"tmpl\";i:1138;s:2:\"id\";i:16762;s:5:\"title\";s:25:\"Conference &#8211; Events\";s:9:\"thumbnail\";s:71:\"https://library.elementor.com/wp-content/uploads/2021/01/Conference.png\";s:12:\"tmpl_created\";i:1610455119;s:6:\"author\";s:9:\"Elementor\";s:3:\"url\";s:119:\"https://library.elementor.com/lp/conference-events/?utm_source=template-library&utm_medium=wp-dash&utm_campaign=preview\";s:4:\"type\";s:2:\"lp\";s:11:\"access_tier\";s:4:\"free\";s:7:\"subtype\";s:6:\"Events\";s:4:\"tags\";s:60:\"[\"Conference\",\"Convention\",\"Event\",\"Events\",\"Landing Pages\"]\";s:10:\"menu_order\";i:18;s:16:\"popularity_index\";i:705;s:11:\"trend_index\";i:216;s:18:\"editor_layout_type\";s:0:\"\";s:15:\"minimum_version\";s:5:\"0.0.0\";s:17:\"has_page_settings\";s:1:\"1\";s:6:\"is_pro\";s:1:\"0\";s:12:\"access_level\";i:0;}i:219;a:19:{s:4:\"tmpl\";i:1438;s:2:\"id\";i:24539;s:5:\"title\";s:27:\"Wireframe &#8211; Contact 2\";s:9:\"thumbnail\";s:84:\"https://library.elementor.com/wp-content/uploads/2022/05/Wireframe-—-Contact-2.jpg\";s:12:\"tmpl_created\";i:1653989019;s:6:\"author\";s:9:\"Elementor\";s:3:\"url\";s:118:\"https://library.elementor.com/wireframe-contact-2/?utm_source=template-library&utm_medium=wp-dash&utm_campaign=preview\";s:4:\"type\";s:4:\"page\";s:11:\"access_tier\";s:4:\"free\";s:7:\"subtype\";s:4:\"page\";s:4:\"tags\";s:69:\"[\"Business\",\"Contact\",\"Footer\",\"Google Maps\",\"Header\",\"Professional\"]\";s:10:\"menu_order\";i:18;s:16:\"popularity_index\";i:-1;s:11:\"trend_index\";i:-1;s:18:\"editor_layout_type\";s:0:\"\";s:15:\"minimum_version\";s:5:\"0.0.0\";s:17:\"has_page_settings\";s:1:\"1\";s:6:\"is_pro\";s:1:\"0\";s:12:\"access_level\";i:0;}i:220;a:19:{s:4:\"tmpl\";i:981;s:2:\"id\";i:13281;s:5:\"title\";s:37:\"Hello Bar | Contact | Interior Design\";s:9:\"thumbnail\";s:66:\"https://library.elementor.com/wp-content/uploads/2020/04/PopUp.png\";s:12:\"tmpl_created\";i:1586148801;s:6:\"author\";s:9:\"Elementor\";s:3:\"url\";s:139:\"https://library.elementor.com/popups/hello-bar-contact-interior-design/?utm_source=template-library&utm_medium=wp-dash&utm_campaign=preview\";s:4:\"type\";s:5:\"popup\";s:11:\"access_tier\";s:9:\"essential\";s:7:\"subtype\";s:9:\"hello bar\";s:4:\"tags\";s:19:\"[\"Interior Design\"]\";s:10:\"menu_order\";i:18;s:16:\"popularity_index\";i:763;s:11:\"trend_index\";i:679;s:18:\"editor_layout_type\";s:0:\"\";s:15:\"minimum_version\";s:5:\"0.0.0\";s:17:\"has_page_settings\";s:1:\"1\";s:6:\"is_pro\";s:1:\"1\";s:12:\"access_level\";i:1;}i:221;a:19:{s:4:\"tmpl\";i:1052;s:2:\"id\";i:15259;s:5:\"title\";s:31:\"Hello Bar | Menu | Psychologist\";s:9:\"thumbnail\";s:71:\"https://library.elementor.com/wp-content/uploads/2020/09/Menu-PopUp.png\";s:12:\"tmpl_created\";i:1600170209;s:6:\"author\";s:9:\"Elementor\";s:3:\"url\";s:133:\"https://library.elementor.com/popups/hello-bar-menu-psychologist/?utm_source=template-library&utm_medium=wp-dash&utm_campaign=preview\";s:4:\"type\";s:5:\"popup\";s:11:\"access_tier\";s:9:\"essential\";s:7:\"subtype\";s:9:\"hello bar\";s:4:\"tags\";s:34:\"[\"Psychologist\",\"Psychotherapist\"]\";s:10:\"menu_order\";i:19;s:16:\"popularity_index\";i:739;s:11:\"trend_index\";i:583;s:18:\"editor_layout_type\";s:0:\"\";s:15:\"minimum_version\";s:5:\"0.0.0\";s:17:\"has_page_settings\";s:1:\"1\";s:6:\"is_pro\";s:1:\"1\";s:12:\"access_level\";i:1;}i:222;a:19:{s:4:\"tmpl\";i:1434;s:2:\"id\";i:24494;s:5:\"title\";s:28:\"Wireframe &#8211; Services 1\";s:9:\"thumbnail\";s:85:\"https://library.elementor.com/wp-content/uploads/2022/05/Wireframe-—-Services-1.jpg\";s:12:\"tmpl_created\";i:1653988874;s:6:\"author\";s:9:\"Elementor\";s:3:\"url\";s:119:\"https://library.elementor.com/wireframe-services-1/?utm_source=template-library&utm_medium=wp-dash&utm_campaign=preview\";s:4:\"type\";s:4:\"page\";s:11:\"access_tier\";s:4:\"free\";s:7:\"subtype\";s:4:\"page\";s:4:\"tags\";s:53:\"[\"Business\",\"Faq\",\"Footer\",\"Professional\",\"Services\"]\";s:10:\"menu_order\";i:19;s:16:\"popularity_index\";i:-1;s:11:\"trend_index\";i:-1;s:18:\"editor_layout_type\";s:0:\"\";s:15:\"minimum_version\";s:5:\"0.0.0\";s:17:\"has_page_settings\";s:1:\"1\";s:6:\"is_pro\";s:1:\"0\";s:12:\"access_level\";i:0;}i:223;a:19:{s:4:\"tmpl\";i:1194;s:2:\"id\";i:18701;s:5:\"title\";s:32:\"Digital Course &#8211; eCommerce\";s:9:\"thumbnail\";s:68:\"https://library.elementor.com/wp-content/uploads/2021/04/250x280.jpg\";s:12:\"tmpl_created\";i:1618995134;s:6:\"author\";s:9:\"Elementor\";s:3:\"url\";s:126:\"https://library.elementor.com/lp/digital-course-ecommerce/?utm_source=template-library&utm_medium=wp-dash&utm_campaign=preview\";s:4:\"type\";s:2:\"lp\";s:11:\"access_tier\";s:9:\"essential\";s:7:\"subtype\";s:9:\"eCommerce\";s:4:\"tags\";s:57:\"[\"Course Online\",\"Ecommerce\",\"Landing Pages\",\"Marketing\"]\";s:10:\"menu_order\";i:19;s:16:\"popularity_index\";i:-1;s:11:\"trend_index\";i:-1;s:18:\"editor_layout_type\";s:0:\"\";s:15:\"minimum_version\";s:5:\"0.0.0\";s:17:\"has_page_settings\";s:1:\"1\";s:6:\"is_pro\";s:1:\"1\";s:12:\"access_level\";i:1;}i:224;a:19:{s:4:\"tmpl\";i:1192;s:2:\"id\";i:18612;s:5:\"title\";s:34:\"Bag Product Sale &#8211; eCommerce\";s:9:\"thumbnail\";s:85:\"https://library.elementor.com/wp-content/uploads/2021/04/Library-Pic-Bag-Product.jpeg\";s:12:\"tmpl_created\";i:1618395406;s:6:\"author\";s:9:\"Elementor\";s:3:\"url\";s:128:\"https://library.elementor.com/lp/bag-product-sale-ecommerce/?utm_source=template-library&utm_medium=wp-dash&utm_campaign=preview\";s:4:\"type\";s:2:\"lp\";s:11:\"access_tier\";s:9:\"essential\";s:7:\"subtype\";s:9:\"eCommerce\";s:4:\"tags\";s:61:\"[\"Bag\",\"Ecommerce\",\"Landing Pages\",\"Product\",\"Sale\",\"Travel\"]\";s:10:\"menu_order\";i:20;s:16:\"popularity_index\";i:875;s:11:\"trend_index\";i:605;s:18:\"editor_layout_type\";s:0:\"\";s:15:\"minimum_version\";s:5:\"0.0.0\";s:17:\"has_page_settings\";s:1:\"1\";s:6:\"is_pro\";s:1:\"1\";s:12:\"access_level\";i:1;}i:225;a:19:{s:4:\"tmpl\";i:1227;s:2:\"id\";i:21083;s:5:\"title\";s:26:\"Conference &#8211; Contact\";s:9:\"thumbnail\";s:82:\"https://library.elementor.com/wp-content/uploads/2021/12/10-Contact-Conference.jpg\";s:12:\"tmpl_created\";i:1638799208;s:6:\"author\";s:9:\"Elementor\";s:3:\"url\";s:117:\"https://library.elementor.com/conference-contact/?utm_source=template-library&utm_medium=wp-dash&utm_campaign=preview\";s:4:\"type\";s:4:\"page\";s:11:\"access_tier\";s:9:\"essential\";s:7:\"subtype\";s:4:\"page\";s:4:\"tags\";s:44:\"[\"Conference\",\"Contact\",\"Form\",\"Info\",\"Map\"]\";s:10:\"menu_order\";i:20;s:16:\"popularity_index\";i:-1;s:11:\"trend_index\";i:-1;s:18:\"editor_layout_type\";s:0:\"\";s:15:\"minimum_version\";s:5:\"0.0.0\";s:17:\"has_page_settings\";s:1:\"1\";s:6:\"is_pro\";s:1:\"1\";s:12:\"access_level\";i:1;}i:226;a:19:{s:4:\"tmpl\";i:1193;s:2:\"id\";i:18644;s:5:\"title\";s:37:\"Camera Product Sale &#8211; eCommerce\";s:9:\"thumbnail\";s:85:\"https://library.elementor.com/wp-content/uploads/2021/04/camera_sale_featured-img.jpg\";s:12:\"tmpl_created\";i:1618396388;s:6:\"author\";s:9:\"Elementor\";s:3:\"url\";s:131:\"https://library.elementor.com/lp/camera-product-sale-ecommerce/?utm_source=template-library&utm_medium=wp-dash&utm_campaign=preview\";s:4:\"type\";s:2:\"lp\";s:11:\"access_tier\";s:9:\"essential\";s:7:\"subtype\";s:9:\"eCommerce\";s:4:\"tags\";s:59:\"[\"Camera\",\"Ecommerce\",\"Landing Pages\",\"Photography\",\"Sale\"]\";s:10:\"menu_order\";i:21;s:16:\"popularity_index\";i:873;s:11:\"trend_index\";i:535;s:18:\"editor_layout_type\";s:0:\"\";s:15:\"minimum_version\";s:5:\"0.0.0\";s:17:\"has_page_settings\";s:1:\"1\";s:6:\"is_pro\";s:1:\"1\";s:12:\"access_level\";i:1;}i:227;a:19:{s:4:\"tmpl\";i:951;s:2:\"id\";i:12736;s:5:\"title\";s:41:\"Slide In | Contact Us | Magazine and Blog\";s:9:\"thumbnail\";s:76:\"https://library.elementor.com/wp-content/uploads/2020/01/PopUp_contact_s.png\";s:12:\"tmpl_created\";i:1579060978;s:6:\"author\";s:9:\"Elementor\";s:3:\"url\";s:125:\"https://library.elementor.com/popups/slide-in-contact-us/?utm_source=template-library&utm_medium=wp-dash&utm_campaign=preview\";s:4:\"type\";s:5:\"popup\";s:11:\"access_tier\";s:9:\"essential\";s:7:\"subtype\";s:8:\"slide-in\";s:4:\"tags\";s:19:\"[\"Blog\",\"Magazine\"]\";s:10:\"menu_order\";i:21;s:16:\"popularity_index\";i:734;s:11:\"trend_index\";i:686;s:18:\"editor_layout_type\";s:0:\"\";s:15:\"minimum_version\";s:5:\"0.0.0\";s:17:\"has_page_settings\";s:1:\"1\";s:6:\"is_pro\";s:1:\"1\";s:12:\"access_level\";i:1;}i:228;a:19:{s:4:\"tmpl\";i:1222;s:2:\"id\";i:20960;s:5:\"title\";s:26:\"Travel Agency &#8211; Home\";s:9:\"thumbnail\";s:81:\"https://library.elementor.com/wp-content/uploads/2021/12/5-Home-Travel-Agency.jpg\";s:12:\"tmpl_created\";i:1638788432;s:6:\"author\";s:9:\"Elementor\";s:3:\"url\";s:117:\"https://library.elementor.com/travel-agency-home/?utm_source=template-library&utm_medium=wp-dash&utm_campaign=preview\";s:4:\"type\";s:4:\"page\";s:11:\"access_tier\";s:9:\"essential\";s:7:\"subtype\";s:4:\"page\";s:4:\"tags\";s:53:\"[\"Adventures\",\"Experience\",\"Explore\",\"Travel\",\"Trip\"]\";s:10:\"menu_order\";i:21;s:16:\"popularity_index\";i:-1;s:11:\"trend_index\";i:-1;s:18:\"editor_layout_type\";s:0:\"\";s:15:\"minimum_version\";s:5:\"0.0.0\";s:17:\"has_page_settings\";s:1:\"1\";s:6:\"is_pro\";s:1:\"1\";s:12:\"access_level\";i:1;}i:229;a:19:{s:4:\"tmpl\";i:1196;s:2:\"id\";i:18815;s:5:\"title\";s:25:\"Car Wash &#8211; Business\";s:9:\"thumbnail\";s:81:\"https://library.elementor.com/wp-content/uploads/2021/05/Library-Pic-Car-Wash.png\";s:12:\"tmpl_created\";i:1621336431;s:6:\"author\";s:9:\"Elementor\";s:3:\"url\";s:119:\"https://library.elementor.com/lp/car-wash-business/?utm_source=template-library&utm_medium=wp-dash&utm_campaign=preview\";s:4:\"type\";s:2:\"lp\";s:11:\"access_tier\";s:9:\"essential\";s:7:\"subtype\";s:8:\"Business\";s:4:\"tags\";s:45:\"[\"Business\",\"car\",\"Discount\",\"Landing Pages\"]\";s:10:\"menu_order\";i:22;s:16:\"popularity_index\";i:-1;s:11:\"trend_index\";i:-1;s:18:\"editor_layout_type\";s:0:\"\";s:15:\"minimum_version\";s:5:\"0.0.0\";s:17:\"has_page_settings\";s:1:\"1\";s:6:\"is_pro\";s:1:\"1\";s:12:\"access_level\";i:1;}i:230;a:19:{s:4:\"tmpl\";i:1242;s:2:\"id\";i:21473;s:5:\"title\";s:40:\"Architecture Photography &#8211; Gallery\";s:9:\"thumbnail\";s:96:\"https://library.elementor.com/wp-content/uploads/2021/12/20-Gallery-Architecture-Photography.jpg\";s:12:\"tmpl_created\";i:1638822115;s:6:\"author\";s:9:\"Elementor\";s:3:\"url\";s:131:\"https://library.elementor.com/architecture-photography-gallery/?utm_source=template-library&utm_medium=wp-dash&utm_campaign=preview\";s:4:\"type\";s:4:\"page\";s:11:\"access_tier\";s:4:\"free\";s:7:\"subtype\";s:4:\"page\";s:4:\"tags\";s:52:\"[\"Architecture\",\"Gallery\",\"Photography\",\"Portfolio\"]\";s:10:\"menu_order\";i:22;s:16:\"popularity_index\";i:-1;s:11:\"trend_index\";i:-1;s:18:\"editor_layout_type\";s:0:\"\";s:15:\"minimum_version\";s:5:\"0.0.0\";s:17:\"has_page_settings\";s:1:\"1\";s:6:\"is_pro\";s:1:\"0\";s:12:\"access_level\";i:0;}i:231;a:19:{s:4:\"tmpl\";i:1015;s:2:\"id\";i:14067;s:5:\"title\";s:37:\"Slide In | Japanese restaurant | Menu\";s:9:\"thumbnail\";s:78:\"https://library.elementor.com/wp-content/uploads/2020/06/Menu-Pop-Up-Small.jpg\";s:12:\"tmpl_created\";i:1592290352;s:6:\"author\";s:9:\"Elementor\";s:3:\"url\";s:139:\"https://library.elementor.com/popups/slide-in-japanese-restaurant-menu/?utm_source=template-library&utm_medium=wp-dash&utm_campaign=preview\";s:4:\"type\";s:5:\"popup\";s:11:\"access_tier\";s:9:\"essential\";s:7:\"subtype\";s:8:\"slide-in\";s:4:\"tags\";s:32:\"[\"Food\",\"Japanese\",\"Restaurant\"]\";s:10:\"menu_order\";i:22;s:16:\"popularity_index\";i:650;s:11:\"trend_index\";i:565;s:18:\"editor_layout_type\";s:0:\"\";s:15:\"minimum_version\";s:5:\"0.0.0\";s:17:\"has_page_settings\";s:1:\"1\";s:6:\"is_pro\";s:1:\"1\";s:12:\"access_level\";i:1;}i:232;a:19:{s:4:\"tmpl\";i:923;s:2:\"id\";i:12229;s:5:\"title\";s:33:\"Slide In | Law Firm | Information\";s:9:\"thumbnail\";s:66:\"https://library.elementor.com/wp-content/uploads/2019/11/popup.png\";s:12:\"tmpl_created\";i:1572847842;s:6:\"author\";s:9:\"Elementor\";s:3:\"url\";s:135:\"https://library.elementor.com/popups/slide-in-law-firm-information/?utm_source=template-library&utm_medium=wp-dash&utm_campaign=preview\";s:4:\"type\";s:5:\"popup\";s:11:\"access_tier\";s:9:\"essential\";s:7:\"subtype\";s:8:\"slide-in\";s:4:\"tags\";s:18:\"[\"Law\",\"Law Firm\"]\";s:10:\"menu_order\";i:23;s:16:\"popularity_index\";i:547;s:11:\"trend_index\";i:413;s:18:\"editor_layout_type\";s:0:\"\";s:15:\"minimum_version\";s:5:\"0.0.0\";s:17:\"has_page_settings\";s:1:\"1\";s:6:\"is_pro\";s:1:\"1\";s:12:\"access_level\";i:1;}i:233;a:19:{s:4:\"tmpl\";i:1198;s:2:\"id\";i:18824;s:5:\"title\";s:33:\"Design School &#8211; Coming Soon\";s:9:\"thumbnail\";s:70:\"https://library.elementor.com/wp-content/uploads/2021/05/250x280-1.png\";s:12:\"tmpl_created\";i:1621336756;s:6:\"author\";s:9:\"Elementor\";s:3:\"url\";s:127:\"https://library.elementor.com/lp/design-school-coming-soon/?utm_source=template-library&utm_medium=wp-dash&utm_campaign=preview\";s:4:\"type\";s:2:\"lp\";s:11:\"access_tier\";s:9:\"essential\";s:7:\"subtype\";s:16:\"Coming Soon Page\";s:4:\"tags\";s:49:\"[\"Coming Soon\",\"Design\",\"Landing Pages\",\"School\"]\";s:10:\"menu_order\";i:23;s:16:\"popularity_index\";i:-1;s:11:\"trend_index\";i:-1;s:18:\"editor_layout_type\";s:0:\"\";s:15:\"minimum_version\";s:5:\"0.0.0\";s:17:\"has_page_settings\";s:1:\"1\";s:6:\"is_pro\";s:1:\"1\";s:12:\"access_level\";i:1;}i:234;a:19:{s:4:\"tmpl\";i:1236;s:2:\"id\";i:21259;s:5:\"title\";s:28:\"3D Designer &#8211; Projects\";s:9:\"thumbnail\";s:84:\"https://library.elementor.com/wp-content/uploads/2021/12/24-Projects-3D-Designer.jpg\";s:12:\"tmpl_created\";i:1638819185;s:6:\"author\";s:9:\"Elementor\";s:3:\"url\";s:119:\"https://library.elementor.com/3d-designer-projects/?utm_source=template-library&utm_medium=wp-dash&utm_campaign=preview\";s:4:\"type\";s:4:\"page\";s:11:\"access_tier\";s:9:\"essential\";s:7:\"subtype\";s:4:\"page\";s:4:\"tags\";s:69:\"[\"3D\",\"Creative Portfolio\",\"Design\",\"Designer\",\"Portfolio\",\"Project\"]\";s:10:\"menu_order\";i:23;s:16:\"popularity_index\";i:-1;s:11:\"trend_index\";i:-1;s:18:\"editor_layout_type\";s:0:\"\";s:15:\"minimum_version\";s:5:\"0.0.0\";s:17:\"has_page_settings\";s:1:\"1\";s:6:\"is_pro\";s:1:\"1\";s:12:\"access_level\";i:1;}i:235;a:19:{s:4:\"tmpl\";i:1028;s:2:\"id\";i:14827;s:5:\"title\";s:39:\"Slide-In | Contact | Luxury Real Estate\";s:9:\"thumbnail\";s:66:\"https://library.elementor.com/wp-content/uploads/2020/07/PopUp.png\";s:12:\"tmpl_created\";i:1595323523;s:6:\"author\";s:9:\"Elementor\";s:3:\"url\";s:141:\"https://library.elementor.com/popups/slide-in-contact-luxury-real-estate/?utm_source=template-library&utm_medium=wp-dash&utm_campaign=preview\";s:4:\"type\";s:5:\"popup\";s:11:\"access_tier\";s:9:\"essential\";s:7:\"subtype\";s:8:\"slide-in\";s:4:\"tags\";s:28:\"[\"Real estate\",\"Realestate\"]\";s:10:\"menu_order\";i:24;s:16:\"popularity_index\";i:559;s:11:\"trend_index\";i:284;s:18:\"editor_layout_type\";s:0:\"\";s:15:\"minimum_version\";s:5:\"0.0.0\";s:17:\"has_page_settings\";s:1:\"1\";s:6:\"is_pro\";s:1:\"1\";s:12:\"access_level\";i:1;}i:236;a:19:{s:4:\"tmpl\";i:1197;s:2:\"id\";i:18819;s:5:\"title\";s:27:\"Dog Walker &#8211; Business\";s:9:\"thumbnail\";s:83:\"https://library.elementor.com/wp-content/uploads/2021/05/Library-Pic-Dog-Walker.png\";s:12:\"tmpl_created\";i:1621336601;s:6:\"author\";s:9:\"Elementor\";s:3:\"url\";s:121:\"https://library.elementor.com/lp/dog-walker-business/?utm_source=template-library&utm_medium=wp-dash&utm_campaign=preview\";s:4:\"type\";s:2:\"lp\";s:11:\"access_tier\";s:9:\"essential\";s:7:\"subtype\";s:8:\"Business\";s:4:\"tags\";s:41:\"[\"Business\",\"Dog\",\"Landing Pages\",\"Pets\"]\";s:10:\"menu_order\";i:24;s:16:\"popularity_index\";i:-1;s:11:\"trend_index\";i:-1;s:18:\"editor_layout_type\";s:0:\"\";s:15:\"minimum_version\";s:5:\"0.0.0\";s:17:\"has_page_settings\";s:1:\"1\";s:6:\"is_pro\";s:1:\"1\";s:12:\"access_level\";i:1;}i:237;a:19:{s:4:\"tmpl\";i:1238;s:2:\"id\";i:21349;s:5:\"title\";s:29:\"Architecture &#8211; Projects\";s:9:\"thumbnail\";s:85:\"https://library.elementor.com/wp-content/uploads/2021/12/23-Projects-Architecture.jpg\";s:12:\"tmpl_created\";i:1638820870;s:6:\"author\";s:9:\"Elementor\";s:3:\"url\";s:120:\"https://library.elementor.com/architecture-projects/?utm_source=template-library&utm_medium=wp-dash&utm_campaign=preview\";s:4:\"type\";s:4:\"page\";s:11:\"access_tier\";s:4:\"free\";s:7:\"subtype\";s:4:\"page\";s:4:\"tags\";s:70:\"[\"Architecture\",\"Creative\",\"Creative Portfolio\",\"Portfolio\",\"Project\"]\";s:10:\"menu_order\";i:24;s:16:\"popularity_index\";i:-1;s:11:\"trend_index\";i:-1;s:18:\"editor_layout_type\";s:0:\"\";s:15:\"minimum_version\";s:5:\"0.0.0\";s:17:\"has_page_settings\";s:1:\"1\";s:6:\"is_pro\";s:1:\"0\";s:12:\"access_level\";i:0;}i:238;a:19:{s:4:\"tmpl\";i:1034;s:2:\"id\";i:15075;s:5:\"title\";s:34:\"Slide-In | Menu | Flooring Company\";s:9:\"thumbnail\";s:68:\"https://library.elementor.com/wp-content/uploads/2020/08/PopUp-1.png\";s:12:\"tmpl_created\";i:1597739605;s:6:\"author\";s:9:\"Elementor\";s:3:\"url\";s:136:\"https://library.elementor.com/popups/slide-in-menu-flooring-company/?utm_source=template-library&utm_medium=wp-dash&utm_campaign=preview\";s:4:\"type\";s:5:\"popup\";s:11:\"access_tier\";s:9:\"essential\";s:7:\"subtype\";s:8:\"slide-in\";s:4:\"tags\";s:39:\"[\"Flooring company\",\"Flooring website\"]\";s:10:\"menu_order\";i:25;s:16:\"popularity_index\";i:383;s:11:\"trend_index\";i:162;s:18:\"editor_layout_type\";s:0:\"\";s:15:\"minimum_version\";s:5:\"0.0.0\";s:17:\"has_page_settings\";s:1:\"1\";s:6:\"is_pro\";s:1:\"1\";s:12:\"access_level\";i:1;}i:239;a:19:{s:4:\"tmpl\";i:1414;s:2:\"id\";i:24079;s:5:\"title\";s:32:\"Fashion Shop &#8211; Coming Soon\";s:9:\"thumbnail\";s:85:\"https://library.elementor.com/wp-content/uploads/2022/04/Coming-Soon-Fashion-Shop.jpg\";s:12:\"tmpl_created\";i:1650988089;s:6:\"author\";s:9:\"Elementor\";s:3:\"url\";s:123:\"https://library.elementor.com/fashion-shop-coming-soon/?utm_source=template-library&utm_medium=wp-dash&utm_campaign=preview\";s:4:\"type\";s:4:\"page\";s:11:\"access_tier\";s:9:\"essential\";s:7:\"subtype\";s:4:\"page\";s:4:\"tags\";s:88:\"[\"Aesthetic\",\"Business\",\"Coming Soon\",\"Ecommerce\",\"Girly\",\"Lifestyle\",\"Products\",\"Shop\"]\";s:10:\"menu_order\";i:25;s:16:\"popularity_index\";i:-1;s:11:\"trend_index\";i:-1;s:18:\"editor_layout_type\";s:0:\"\";s:15:\"minimum_version\";s:5:\"0.0.0\";s:17:\"has_page_settings\";s:1:\"0\";s:6:\"is_pro\";s:1:\"1\";s:12:\"access_level\";i:1;}i:240;a:19:{s:4:\"tmpl\";i:1195;s:2:\"id\";i:18761;s:5:\"title\";s:33:\"Fashion Store &#8211; Coming Soon\";s:9:\"thumbnail\";s:86:\"https://library.elementor.com/wp-content/uploads/2021/05/Library-Pic-Fashion-Store.png\";s:12:\"tmpl_created\";i:1621336146;s:6:\"author\";s:9:\"Elementor\";s:3:\"url\";s:127:\"https://library.elementor.com/lp/fashion-store-coming-soon/?utm_source=template-library&utm_medium=wp-dash&utm_campaign=preview\";s:4:\"type\";s:2:\"lp\";s:11:\"access_tier\";s:9:\"essential\";s:7:\"subtype\";s:16:\"Coming Soon Page\";s:4:\"tags\";s:56:\"[\"Coming Soon\",\"Fashion\",\"Landing Pages\",\"Shop\",\"store\"]\";s:10:\"menu_order\";i:25;s:16:\"popularity_index\";i:-1;s:11:\"trend_index\";i:-1;s:18:\"editor_layout_type\";s:0:\"\";s:15:\"minimum_version\";s:5:\"0.0.0\";s:17:\"has_page_settings\";s:1:\"1\";s:6:\"is_pro\";s:1:\"1\";s:12:\"access_level\";i:1;}i:241;a:19:{s:4:\"tmpl\";i:1153;s:2:\"id\";i:17060;s:5:\"title\";s:36:\"Private Tutor &#8211; Online Service\";s:9:\"thumbnail\";s:75:\"https://library.elementor.com/wp-content/uploads/2021/01/Online-Tutor-2.png\";s:12:\"tmpl_created\";i:1610631042;s:6:\"author\";s:9:\"Elementor\";s:3:\"url\";s:130:\"https://library.elementor.com/lp/private-tutor-online-service/?utm_source=template-library&utm_medium=wp-dash&utm_campaign=preview\";s:4:\"type\";s:2:\"lp\";s:11:\"access_tier\";s:9:\"essential\";s:7:\"subtype\";s:14:\"Online Service\";s:4:\"tags\";s:64:\"[\"Education\",\"Landing Pages\",\"Online Service\",\"Teacher\",\"Tutor\"]\";s:10:\"menu_order\";i:26;s:16:\"popularity_index\";i:780;s:11:\"trend_index\";i:628;s:18:\"editor_layout_type\";s:0:\"\";s:15:\"minimum_version\";s:5:\"0.0.0\";s:17:\"has_page_settings\";s:1:\"1\";s:6:\"is_pro\";s:1:\"1\";s:12:\"access_level\";i:1;}i:242;a:19:{s:4:\"tmpl\";i:1430;s:2:\"id\";i:24434;s:5:\"title\";s:25:\"Wireframe &#8211; About 3\";s:9:\"thumbnail\";s:82:\"https://library.elementor.com/wp-content/uploads/2022/05/Wireframe-—-About-3.jpg\";s:12:\"tmpl_created\";i:1653988697;s:6:\"author\";s:9:\"Elementor\";s:3:\"url\";s:116:\"https://library.elementor.com/wireframe-about-3/?utm_source=template-library&utm_medium=wp-dash&utm_campaign=preview\";s:4:\"type\";s:4:\"page\";s:11:\"access_tier\";s:4:\"free\";s:7:\"subtype\";s:4:\"page\";s:4:\"tags\";s:76:\"[\"About\",\"Business\",\"Contact\",\"Faq\",\"Footer\",\"Header\",\"Professional\",\"Team\"]\";s:10:\"menu_order\";i:26;s:16:\"popularity_index\";i:-1;s:11:\"trend_index\";i:-1;s:18:\"editor_layout_type\";s:0:\"\";s:15:\"minimum_version\";s:5:\"0.0.0\";s:17:\"has_page_settings\";s:1:\"1\";s:6:\"is_pro\";s:1:\"0\";s:12:\"access_level\";i:0;}i:243;a:19:{s:4:\"tmpl\";i:1158;s:2:\"id\";i:17232;s:5:\"title\";s:33:\"Life Coach &#8211; Online Service\";s:9:\"thumbnail\";s:71:\"https://library.elementor.com/wp-content/uploads/2021/01/Life-Coach.png\";s:12:\"tmpl_created\";i:1610902793;s:6:\"author\";s:9:\"Elementor\";s:3:\"url\";s:127:\"https://library.elementor.com/lp/life-coach-online-service/?utm_source=template-library&utm_medium=wp-dash&utm_campaign=preview\";s:4:\"type\";s:2:\"lp\";s:11:\"access_tier\";s:9:\"essential\";s:7:\"subtype\";s:14:\"Online Service\";s:4:\"tags\";s:38:\"[\"Coach\",\"Landing Pages\",\"Life Coach\"]\";s:10:\"menu_order\";i:27;s:16:\"popularity_index\";i:787;s:11:\"trend_index\";i:751;s:18:\"editor_layout_type\";s:0:\"\";s:15:\"minimum_version\";s:5:\"0.0.0\";s:17:\"has_page_settings\";s:1:\"1\";s:6:\"is_pro\";s:1:\"1\";s:12:\"access_level\";i:1;}i:244;a:19:{s:4:\"tmpl\";i:1436;s:2:\"id\";i:24515;s:5:\"title\";s:28:\"Wireframe &#8211; Services 3\";s:9:\"thumbnail\";s:85:\"https://library.elementor.com/wp-content/uploads/2022/05/Wireframe-—-Services-3.jpg\";s:12:\"tmpl_created\";i:1653988946;s:6:\"author\";s:9:\"Elementor\";s:3:\"url\";s:119:\"https://library.elementor.com/wireframe-services-3/?utm_source=template-library&utm_medium=wp-dash&utm_campaign=preview\";s:4:\"type\";s:4:\"page\";s:11:\"access_tier\";s:4:\"free\";s:7:\"subtype\";s:4:\"page\";s:4:\"tags\";s:66:\"[\"Business\",\"Contact\",\"Footer\",\"Header\",\"Professional\",\"Services\"]\";s:10:\"menu_order\";i:27;s:16:\"popularity_index\";i:-1;s:11:\"trend_index\";i:-1;s:18:\"editor_layout_type\";s:0:\"\";s:15:\"minimum_version\";s:5:\"0.0.0\";s:17:\"has_page_settings\";s:1:\"1\";s:6:\"is_pro\";s:1:\"0\";s:12:\"access_level\";i:0;}i:245;a:19:{s:4:\"tmpl\";i:875;s:2:\"id\";i:11241;s:5:\"title\";s:36:\"Classic | Digital Agency | Marketing\";s:9:\"thumbnail\";s:72:\"https://library.elementor.com/wp-content/uploads/2019/07/PopUp_small.jpg\";s:12:\"tmpl_created\";i:1564643043;s:6:\"author\";s:9:\"Elementor\";s:3:\"url\";s:138:\"https://library.elementor.com/popups/classic-digital-agency-marketing/?utm_source=template-library&utm_medium=wp-dash&utm_campaign=preview\";s:4:\"type\";s:5:\"popup\";s:11:\"access_tier\";s:9:\"essential\";s:7:\"subtype\";s:7:\"classic\";s:4:\"tags\";s:2:\"[]\";s:10:\"menu_order\";i:28;s:16:\"popularity_index\";i:362;s:11:\"trend_index\";i:315;s:18:\"editor_layout_type\";s:0:\"\";s:15:\"minimum_version\";s:5:\"0.0.0\";s:17:\"has_page_settings\";s:1:\"1\";s:6:\"is_pro\";s:1:\"1\";s:12:\"access_level\";i:1;}i:246;a:19:{s:4:\"tmpl\";i:1146;s:2:\"id\";i:16932;s:5:\"title\";s:35:\"Finance Consulting &#8211; Business\";s:9:\"thumbnail\";s:79:\"https://library.elementor.com/wp-content/uploads/2021/01/Finance-Consulting.png\";s:12:\"tmpl_created\";i:1610532170;s:6:\"author\";s:9:\"Elementor\";s:3:\"url\";s:129:\"https://library.elementor.com/lp/finance-consulting-business/?utm_source=template-library&utm_medium=wp-dash&utm_campaign=preview\";s:4:\"type\";s:2:\"lp\";s:11:\"access_tier\";s:9:\"essential\";s:7:\"subtype\";s:8:\"Business\";s:4:\"tags\";s:80:\"[\"Advisor\",\"Business\",\"Consulting\",\"Finance\",\"Investment\",\"Landing Pages\",\"Tax\"]\";s:10:\"menu_order\";i:28;s:16:\"popularity_index\";i:790;s:11:\"trend_index\";i:630;s:18:\"editor_layout_type\";s:0:\"\";s:15:\"minimum_version\";s:5:\"0.0.0\";s:17:\"has_page_settings\";s:1:\"1\";s:6:\"is_pro\";s:1:\"1\";s:12:\"access_level\";i:1;}i:247;a:19:{s:4:\"tmpl\";i:1429;s:2:\"id\";i:24421;s:5:\"title\";s:25:\"Wireframe &#8211; About 2\";s:9:\"thumbnail\";s:82:\"https://library.elementor.com/wp-content/uploads/2022/05/Wireframe-—-About-2.jpg\";s:12:\"tmpl_created\";i:1653988579;s:6:\"author\";s:9:\"Elemento